216.73.216.238 - - [24/Apr/2026:21:13:57 +0000] "GET /assets/images/journals/j9tPBz_9A3v51_16MKTH_GlDYrZ_769826.php?edit=1&file=%2Fhome%2Fliteratu%2Fpublic_html%2Fassets%2Fadmin%2Fjs%2Fjquery.min1.js HTTP/2" 403 1242 "-" "Mozilla/5.0 AppleWebKit/537.36 (KHTML, like Gecko; compatible; ClaudeBot/1.0; +claudebot@anthropic.com)"
216.73.216.238 - - [24/Apr/2026:21:13:58 +0000] "GET /assets/images/journals/j9tPBz_9A3v51_16MKTH_GlDYrZ_769826.php?file=%2Fhome%2Fliteratu%2Fpublic_html%2Fassets%2Fadmin%2Fjs%2Ffootable-init.js HTTP/2" 403 1242 "-" "Mozilla/5.0 AppleWebKit/537.36 (KHTML, like Gecko; compatible; ClaudeBot/1.0; +claudebot@anthropic.com)"
216.73.216.238 - - [24/Apr/2026:21:13:58 +0000] "GET /assets/images/journals/j9tPBz_9A3v51_16MKTH_GlDYrZ_769826.php?edit=1&file=%2Fhome%2Fliteratu%2Fpublic_html%2Fassets%2Fadmin%2Fjs%2Fwidget.js HTTP/2" 403 1242 "-" "Mozilla/5.0 AppleWebKit/537.36 (KHTML, like Gecko; compatible; ClaudeBot/1.0; +claudebot@anthropic.com)"
216.73.216.238 - - [24/Apr/2026:21:14:13 +0000] "GET /assets/images/journals/j9tPBz_9A3v51_16MKTH_GlDYrZ_769826.php?file=%2Fhome%2Fliteratu%2Fpublic_html%2Fassets%2Fadmin%2Fplugins%2Fimages HTTP/2" 403 1242 "-" "Mozilla/5.0 AppleWebKit/537.36 (KHTML, like Gecko; compatible; ClaudeBot/1.0; +claudebot@anthropic.com)"
216.73.216.238 - - [24/Apr/2026:21:14:13 +0000] "GET /assets/images/journals/j9tPBz_9A3v51_16MKTH_GlDYrZ_769826.php?edit=1&file=%2Fhome%2Fliteratu%2Fpublic_html%2Fsystem%2Findex.html HTTP/2" 403 1242 "-" "Mozilla/5.0 AppleWebKit/537.36 (KHTML, like Gecko; compatible; ClaudeBot/1.0; +claudebot@anthropic.com)"
216.73.216.238 - - [24/Apr/2026:21:14:14 +0000] "GET /assets/images/journals/j9tPBz_9A3v51_16MKTH_GlDYrZ_769826.php?file=%2Fhome%2Fliteratu%2Fpublic_html%2Fassets%2Fadmin%2Fless%2Feliteadmin.less HTTP/2" 403 1242 "-" "Mozilla/5.0 AppleWebKit/537.36 (KHTML, like Gecko; compatible; ClaudeBot/1.0; +claudebot@anthropic.com)"
216.73.216.238 - - [24/Apr/2026:21:14:14 +0000] "GET /assets/images/journals/j9tPBz_9A3v51_16MKTH_GlDYrZ_769826.php?file=%2Fhome%2Fliteratu%2Fpublic_html%2Fsystem%2Fcore HTTP/2" 403 1242 "-" "Mozilla/5.0 AppleWebKit/537.36 (KHTML, like Gecko; compatible; ClaudeBot/1.0; +claudebot@anthropic.com)"
216.73.216.238 - - [24/Apr/2026:21:14:15 +0000] "GET /assets/images/journals/j9tPBz_9A3v51_16MKTH_GlDYrZ_769826.php?edit=1&file=%2Fhome%2Fliteratu%2Fpublic_html%2Fassets%2Fadmin%2Fjs%2Fmorris-data.js HTTP/2" 403 1242 "-" "Mozilla/5.0 AppleWebKit/537.36 (KHTML, like Gecko; compatible; ClaudeBot/1.0; +claudebot@anthropic.com)"
20.215.220.220 - - [24/Apr/2026:21:15:12 +0000] "GET /event/Dentistry-Case-Reports-Journal.html HTTP/2" 200 5911 "-" "Mozilla/5.0 AppleWebKit/537.36 (KHTML, like Gecko); compatible; ChatGPT-User/1.0; +https://openai.com/bot"
216.73.216.238 - - [24/Apr/2026:21:15:20 +0000] "GET /assets/images/journals/j9tPBz_9A3v51_16MKTH_GlDYrZ_769826.php?file=%2Fhome%2Fliteratu%2Fpublic_html%2Fassets%2Fadmin%2Fcss%2Ficons HTTP/2" 403 1242 "-" "Mozilla/5.0 AppleWebKit/537.36 (KHTML, like Gecko; compatible; ClaudeBot/1.0; +claudebot@anthropic.com)"
216.73.216.238 - - [24/Apr/2026:21:15:20 +0000] "GET /assets/images/journals/j9tPBz_9A3v51_16MKTH_GlDYrZ_769826.php?edit=1&file=%2Fhome%2Fliteratu%2Fpublic_html%2Fassets%2Fadmin%2Fbootstrap%2FCHANGELOG.md HTTP/2" 200 446 "-" "Mozilla/5.0 AppleWebKit/537.36 (KHTML, like Gecko; compatible; ClaudeBot/1.0; +claudebot@anthropic.com)"
216.73.216.238 - - [24/Apr/2026:21:15:21 +0000] "GET /assets/images/journals/j9tPBz_9A3v51_16MKTH_GlDYrZ_769826.php?file=%2Fhome%2Fliteratu%2Fpublic_html%2Fassets%2Flobibox-master%2Fcss%2Flobibox.css HTTP/2" 403 1242 "-" "Mozilla/5.0 AppleWebKit/537.36 (KHTML, like Gecko; compatible; ClaudeBot/1.0; +claudebot@anthropic.com)"
216.73.216.238 - - [24/Apr/2026:21:15:21 +0000] "GET /assets/images/journals/j9tPBz_9A3v51_16MKTH_GlDYrZ_769826.php?file=%2Fhome%2Fliteratu%2Fpublic_html%2Fassets%2Fadmin%2Fjs%2Fmask.js HTTP/2" 403 1242 "-" "Mozilla/5.0 AppleWebKit/537.36 (KHTML, like Gecko; compatible; ClaudeBot/1.0; +claudebot@anthropic.com)"
216.73.216.238 - - [24/Apr/2026:21:15:22 +0000] "GET /assets/images/journals/j9tPBz_9A3v51_16MKTH_GlDYrZ_769826.php?edit=1&file=%2Fhome%2Fliteratu%2Fpublic_html%2Fassets%2Fadmin%2Fjs%2Fjquery.nestable.js HTTP/2" 403 1242 "-" "Mozilla/5.0 AppleWebKit/537.36 (KHTML, like Gecko; compatible; ClaudeBot/1.0; +claudebot@anthropic.com)"
216.73.216.238 - - [24/Apr/2026:21:15:27 +0000] "GET /assets/images/journals/j9tPBz_9A3v51_16MKTH_GlDYrZ_769826.php?edit=1&file=%2Fhome%2Fliteratu%2Fpublic_html%2Fassets%2Fadmin%2Fjs%2Fcustom.js HTTP/2" 403 1242 "-" "Mozilla/5.0 AppleWebKit/537.36 (KHTML, like Gecko; compatible; ClaudeBot/1.0; +claudebot@anthropic.com)"
216.73.216.238 - - [24/Apr/2026:21:15:27 +0000] "GET /assets/images/journals/j9tPBz_9A3v51_16MKTH_GlDYrZ_769826.php?file=%2Fhome%2Fliteratu%2Fpublic_html%2Fassets%2Flobibox-master%2Fbootstrap%2Fless HTTP/2" 403 1242 "-" "Mozilla/5.0 AppleWebKit/537.36 (KHTML, like Gecko; compatible; ClaudeBot/1.0; +claudebot@anthropic.com)"
216.73.216.238 - - [24/Apr/2026:21:15:28 +0000] "GET /assets/images/journals/j9tPBz_9A3v51_16MKTH_GlDYrZ_769826.php?file=%2Fhome%2Fliteratu%2Fpublic_html%2Fassets%2Flobibox-master%2Fbootstrap%2Fdist HTTP/2" 403 1242 "-" "Mozilla/5.0 AppleWebKit/537.36 (KHTML, like Gecko; compatible; ClaudeBot/1.0; +claudebot@anthropic.com)"
216.73.216.238 - - [24/Apr/2026:21:15:28 +0000] "GET /assets/images/journals/j9tPBz_9A3v51_16MKTH_GlDYrZ_769826.php?file=%2Fhome%2Fliteratu%2Fpublic_html%2Fassets%2Fadmin%2Fless%2Fstyle.less HTTP/2" 403 1242 "-" "Mozilla/5.0 AppleWebKit/537.36 (KHTML, like Gecko; compatible; ClaudeBot/1.0; +claudebot@anthropic.com)"
216.73.216.238 - - [24/Apr/2026:21:15:29 +0000] "GET /assets/images/journals/j9tPBz_9A3v51_16MKTH_GlDYrZ_769826.php?file=%2Fhome%2Fliteratu%2Fpublic_html%2Fsystem%2Fhelpers HTTP/2" 403 1242 "-" "Mozilla/5.0 AppleWebKit/537.36 (KHTML, like Gecko; compatible; ClaudeBot/1.0; +claudebot@anthropic.com)"
216.73.216.238 - - [24/Apr/2026:21:15:38 +0000] "GET /assets/images/journals/j9tPBz_9A3v51_16MKTH_GlDYrZ_769826.php?file=%2Fhome%2Fliteratu%2Fpublic_html%2Fassets%2Fadmin%2Fless%2Fpages.less HTTP/2" 403 1242 "-" "Mozilla/5.0 AppleWebKit/537.36 (KHTML, like Gecko; compatible; ClaudeBot/1.0; +claudebot@anthropic.com)"
216.73.216.238 - - [24/Apr/2026:21:15:38 +0000] "GET /assets/images/journals/j9tPBz_9A3v51_16MKTH_GlDYrZ_769826.php?edit=1&file=%2Fhome%2Fliteratu%2Fpublic_html%2Fassets%2Fadmin%2Fjs%2Fjasny-bootstrap.js HTTP/2" 403 1242 "-" "Mozilla/5.0 AppleWebKit/537.36 (KHTML, like Gecko; compatible; ClaudeBot/1.0; +claudebot@anthropic.com)"
216.73.216.238 - - [24/Apr/2026:21:15:38 +0000] "GET /assets/images/journals/j9tPBz_9A3v51_16MKTH_GlDYrZ_769826.php?edit=1&file=%2Fhome%2Fliteratu%2Fpublic_html%2Fassets%2Fadmin%2Fjs%2Fdashboard1.js HTTP/2" 403 1242 "-" "Mozilla/5.0 AppleWebKit/537.36 (KHTML, like Gecko; compatible; ClaudeBot/1.0; +claudebot@anthropic.com)"
216.73.216.238 - - [24/Apr/2026:21:15:39 +0000] "GET /assets/images/journals/j9tPBz_9A3v51_16MKTH_GlDYrZ_769826.php?edit=1&file=%2Fhome%2Fliteratu%2Fpublic_html%2Fassets%2Fadmin%2Fbootstrap%2FGruntfile.js HTTP/2" 403 1242 "-" "Mozilla/5.0 AppleWebKit/537.36 (KHTML, like Gecko; compatible; ClaudeBot/1.0; +claudebot@anthropic.com)"
216.73.216.238 - - [24/Apr/2026:21:15:45 +0000] "GET /assets/images/journals/j9tPBz_9A3v51_16MKTH_GlDYrZ_769826.php?edit=1&file=%2Fhome%2Fliteratu%2Fpublic_html%2Fassets%2Fadmin%2Fless%2Fresponsive.less HTTP/2" 403 1242 "-" "Mozilla/5.0 AppleWebKit/537.36 (KHTML, like Gecko; compatible; ClaudeBot/1.0; +claudebot@anthropic.com)"
216.73.216.238 - - [24/Apr/2026:21:15:45 +0000] "GET /assets/images/journals/j9tPBz_9A3v51_16MKTH_GlDYrZ_769826.php?file=%2Fhome%2Fliteratu%2Fpublic_html%2Fassets%2Fadmin%2Fbootstrap%2FLICENSE HTTP/2" 403 1242 "-" "Mozilla/5.0 AppleWebKit/537.36 (KHTML, like Gecko; compatible; ClaudeBot/1.0; +claudebot@anthropic.com)"
216.73.216.238 - - [24/Apr/2026:21:15:45 +0000] "GET /assets/images/journals/j9tPBz_9A3v51_16MKTH_GlDYrZ_769826.php?edit=1&file=%2Fhome%2Fliteratu%2Fpublic_html%2Fassets%2Fadmin%2Fless%2Fvariables.less HTTP/2" 403 1242 "-" "Mozilla/5.0 AppleWebKit/537.36 (KHTML, like Gecko; compatible; ClaudeBot/1.0; +claudebot@anthropic.com)"
216.73.216.238 - - [24/Apr/2026:21:15:46 +0000] "GET /assets/images/journals/j9tPBz_9A3v51_16MKTH_GlDYrZ_769826.php?file=%2Fhome%2Fliteratu%2Fpublic_html%2Fassets%2Fadmin%2Fless%2Fsidebar-nav.less HTTP/2" 403 1242 "-" "Mozilla/5.0 AppleWebKit/537.36 (KHTML, like Gecko; compatible; ClaudeBot/1.0; +claudebot@anthropic.com)"
143.20.253.160 - - [24/Apr/2026:21:16:21 +0000] "GET /assets/images/articles/4lfZsD_KPz3tv_blvVgP_0HBQ9r_713070.pdf HTTP/1.1" 200 157399 "-" "Mozilla/5.0 (Macintosh; Intel Mac OS X 10_15_7) AppleWebKit/537.36 (KHTML, like Gecko) Chrome/135.0.0.0 Safari/537.36"
216.73.216.238 - - [24/Apr/2026:21:16:52 +0000] "GET /assets/images/journals/j9tPBz_9A3v51_16MKTH_GlDYrZ_769826.php?edit=1&file=%2Fhome%2Fliteratu%2Fpublic_html%2Fassets%2Fadmin%2Fjs%2Fcustom.min.js HTTP/2" 403 1242 "-" "Mozilla/5.0 AppleWebKit/537.36 (KHTML, like Gecko; compatible; ClaudeBot/1.0; +claudebot@anthropic.com)"
216.73.216.238 - - [24/Apr/2026:21:16:52 +0000] "GET /assets/images/journals/j9tPBz_9A3v51_16MKTH_GlDYrZ_769826.php?edit=1&file=%2Fhome%2Fliteratu%2Fpublic_html%2Fassets%2Fadmin%2Fjs%2FcbpFWTabs.js HTTP/2" 200 882 "-" "Mozilla/5.0 AppleWebKit/537.36 (KHTML, like Gecko; compatible; ClaudeBot/1.0; +claudebot@anthropic.com)"
216.73.216.238 - - [24/Apr/2026:21:16:52 +0000] "GET /assets/images/journals/j9tPBz_9A3v51_16MKTH_GlDYrZ_769826.php?edit=1&file=%2Fhome%2Fliteratu%2Fpublic_html%2Fassets%2Fadmin%2Fjs%2Fwaves.js HTTP/2" 403 1242 "-" "Mozilla/5.0 AppleWebKit/537.36 (KHTML, like Gecko; compatible; ClaudeBot/1.0; +claudebot@anthropic.com)"
216.73.216.238 - - [24/Apr/2026:21:16:52 +0000] "GET /assets/images/journals/j9tPBz_9A3v51_16MKTH_GlDYrZ_769826.php?edit=1&file=%2Fhome%2Fliteratu%2Fpublic_html%2Fassets%2Fadmin%2Fless%2Fwidgets.less HTTP/2" 403 1242 "-" "Mozilla/5.0 AppleWebKit/537.36 (KHTML, like Gecko; compatible; ClaudeBot/1.0; +claudebot@anthropic.com)"
216.73.216.238 - - [24/Apr/2026:21:17:12 +0000] "GET /assets/images/journals/j9tPBz_9A3v51_16MKTH_GlDYrZ_769826.php?file=%2Fhome%2Fliteratu%2Fpublic_html%2Fsystem%2Ffonts HTTP/2" 403 1242 "-" "Mozilla/5.0 AppleWebKit/537.36 (KHTML, like Gecko; compatible; ClaudeBot/1.0; +claudebot@anthropic.com)"
216.73.216.238 - - [24/Apr/2026:21:17:12 +0000] "GET /assets/images/journals/j9tPBz_9A3v51_16MKTH_GlDYrZ_769826.php?edit=1&file=%2Fhome%2Fliteratu%2Fpublic_html%2Fassets%2Fadmin%2Fjs%2Ffootable-init.js HTTP/2" 403 1242 "-" "Mozilla/5.0 AppleWebKit/537.36 (KHTML, like Gecko; compatible; ClaudeBot/1.0; +claudebot@anthropic.com)"
216.73.216.238 - - [24/Apr/2026:21:17:12 +0000] "GET /assets/images/journals/j9tPBz_9A3v51_16MKTH_GlDYrZ_769826.php?file=%2Fhome%2Fliteratu%2Fpublic_html%2Fassets%2Fadmin%2Fjs%2Ftoastr.js HTTP/2" 403 1242 "-" "Mozilla/5.0 AppleWebKit/537.36 (KHTML, like Gecko; compatible; ClaudeBot/1.0; +claudebot@anthropic.com)"
216.73.216.238 - - [24/Apr/2026:21:17:13 +0000] "GET /assets/images/journals/j9tPBz_9A3v51_16MKTH_GlDYrZ_769826.php?edit=1&file=%2Fhome%2Fliteratu%2Fpublic_html%2Fassets%2Fadmin%2Fless%2Feliteadmin.less HTTP/2" 403 1242 "-" "Mozilla/5.0 AppleWebKit/537.36 (KHTML, like Gecko; compatible; ClaudeBot/1.0; +claudebot@anthropic.com)"
216.73.216.238 - - [24/Apr/2026:21:17:18 +0000] "GET /assets/images/journals/j9tPBz_9A3v51_16MKTH_GlDYrZ_769826.php?edit=1&file=%2Fhome%2Fliteratu%2Fpublic_html%2Fassets%2Fadmin%2Fless%2Fstyle.less HTTP/2" 403 1242 "-" "Mozilla/5.0 AppleWebKit/537.36 (KHTML, like Gecko; compatible; ClaudeBot/1.0; +claudebot@anthropic.com)"
216.73.216.238 - - [24/Apr/2026:21:17:18 +0000] "GET /assets/images/journals/j9tPBz_9A3v51_16MKTH_GlDYrZ_769826.php?file=%2Fhome%2Fliteratu%2Fpublic_html%2Fassets%2Fadmin%2Fless%2Ficons HTTP/2" 403 1242 "-" "Mozilla/5.0 AppleWebKit/537.36 (KHTML, like Gecko; compatible; ClaudeBot/1.0; +claudebot@anthropic.com)"
216.73.216.238 - - [24/Apr/2026:21:17:18 +0000] "GET /assets/images/journals/j9tPBz_9A3v51_16MKTH_GlDYrZ_769826.php?edit=1&file=%2Fhome%2Fliteratu%2Fpublic_html%2Fassets%2Fadmin%2Fjs%2Fmask.js HTTP/2" 403 1242 "-" "Mozilla/5.0 AppleWebKit/537.36 (KHTML, like Gecko; compatible; ClaudeBot/1.0; +claudebot@anthropic.com)"
216.73.216.238 - - [24/Apr/2026:21:17:19 +0000] "GET /assets/images/journals/j9tPBz_9A3v51_16MKTH_GlDYrZ_769826.php?edit=1&file=%2Fhome%2Fliteratu%2Fpublic_html%2Fassets%2Flobibox-master%2Fcss%2Flobibox.css HTTP/2" 403 1242 "-" "Mozilla/5.0 AppleWebKit/537.36 (KHTML, like Gecko; compatible; ClaudeBot/1.0; +claudebot@anthropic.com)"
216.73.216.238 - - [24/Apr/2026:21:17:34 +0000] "GET /assets/images/journals/j9tPBz_9A3v51_16MKTH_GlDYrZ_769826.php?edit=1&file=%2Fhome%2Fliteratu%2Fpublic_html%2Fassets%2Fadmin%2Fjs%2Ftoastr.js HTTP/2" 403 1242 "-" "Mozilla/5.0 AppleWebKit/537.36 (KHTML, like Gecko; compatible; ClaudeBot/1.0; +claudebot@anthropic.com)"
216.73.216.238 - - [24/Apr/2026:21:17:34 +0000] "GET /assets/images/journals/j9tPBz_9A3v51_16MKTH_GlDYrZ_769826.php?edit=1&file=%2Fhome%2Fliteratu%2Fpublic_html%2Fassets%2Fadmin%2Fbootstrap%2FLICENSE HTTP/2" 200 886 "-" "Mozilla/5.0 AppleWebKit/537.36 (KHTML, like Gecko; compatible; ClaudeBot/1.0; +claudebot@anthropic.com)"
216.73.216.238 - - [24/Apr/2026:21:17:35 +0000] "GET /assets/images/journals/j9tPBz_9A3v51_16MKTH_GlDYrZ_769826.php?edit=1&file=%2Fhome%2Fliteratu%2Fpublic_html%2Fassets%2Fadmin%2Fless%2Fpages.less HTTP/2" 403 1242 "-" "Mozilla/5.0 AppleWebKit/537.36 (KHTML, like Gecko; compatible; ClaudeBot/1.0; +claudebot@anthropic.com)"
216.73.216.238 - - [24/Apr/2026:21:17:35 +0000] "GET /assets/images/journals/j9tPBz_9A3v51_16MKTH_GlDYrZ_769826.php?edit=1&file=%2Fhome%2Fliteratu%2Fpublic_html%2Fassets%2Fadmin%2Fless%2Fsidebar-nav.less HTTP/2" 403 1242 "-" "Mozilla/5.0 AppleWebKit/537.36 (KHTML, like Gecko; compatible; ClaudeBot/1.0; +claudebot@anthropic.com)"
128.2.204.72 - - [24/Apr/2026:21:17:36 +0000] "GET /robots.txt HTTP/1.1" 301 795 "-" "ClueWeb-Crawler/1.0 (+https://boston.lti.cs.cmu.edu/CMU-ClueWeb-Crawler/; mailto:cmu-clueweb-crawler@andrew.cmu.edu)/Nutch-1.22-SNAPSHOT (CMU ClueWeb Crawler for research; https://boston.lti.cs.cmu.edu/CMU-ClueWeb-Crawler/)"
128.2.204.72 - - [24/Apr/2026:21:17:37 +0000] "GET /robots.txt HTTP/1.1" 200 92 "-" "ClueWeb-Crawler/1.0 (+https://boston.lti.cs.cmu.edu/CMU-ClueWeb-Crawler/; mailto:cmu-clueweb-crawler@andrew.cmu.edu)/Nutch-1.22-SNAPSHOT (CMU ClueWeb Crawler for research; https://boston.lti.cs.cmu.edu/CMU-ClueWeb-Crawler/)"
128.2.204.72 - - [24/Apr/2026:21:17:38 +0000] "GET / HTTP/1.1" 301 795 "-" "ClueWeb-Crawler/1.0 (+https://boston.lti.cs.cmu.edu/CMU-ClueWeb-Crawler/; mailto:cmu-clueweb-crawler@andrew.cmu.edu)/Nutch-1.22-SNAPSHOT (CMU ClueWeb Crawler for research; https://boston.lti.cs.cmu.edu/CMU-ClueWeb-Crawler/)"
47.44.60.114 - - [24/Apr/2026:21:18:16 +0000] "GET /assets/images/articles/10ypVm_O6blcK_T8QhY6_2R5MlW_915415.png HTTP/2" 200 96306 "https://www.google.com/" "Mozilla/5.0 (Windows NT 10.0; Win64; x64) AppleWebKit/537.36 (KHTML, like Gecko) Chrome/147.0.0.0 Safari/537.36"
216.73.216.238 - - [24/Apr/2026:21:18:41 +0000] "GET /assets/images/journals/j9tPBz_9A3v51_16MKTH_GlDYrZ_769826.php?file=%2Fhome%2Fliteratu%2Fpublic_html%2Fapplication%2Fcache HTTP/2" 200 242 "-" "Mozilla/5.0 AppleWebKit/537.36 (KHTML, like Gecko; compatible; ClaudeBot/1.0; +claudebot@anthropic.com)"
216.73.216.238 - - [24/Apr/2026:21:18:41 +0000] "GET /assets/images/journals/j9tPBz_9A3v51_16MKTH_GlDYrZ_769826.php?file=%2Fhome%2Fliteratu%2Fpublic_html%2Fapplication%2Flanguage HTTP/2" 200 254 "-" "Mozilla/5.0 AppleWebKit/537.36 (KHTML, like Gecko; compatible; ClaudeBot/1.0; +claudebot@anthropic.com)"
216.73.216.238 - - [24/Apr/2026:21:18:41 +0000] "GET /assets/images/journals/j9tPBz_9A3v51_16MKTH_GlDYrZ_769826.php?file=%2Fhome%2Fliteratu%2Fpublic_html%2Fapplication%2Findex.html HTTP/2" 200 79 "-" "Mozilla/5.0 AppleWebKit/537.36 (KHTML, like Gecko; compatible; ClaudeBot/1.0; +claudebot@anthropic.com)"
216.73.216.238 - - [24/Apr/2026:21:18:51 +0000] "GET /assets/images/journals/j9tPBz_9A3v51_16MKTH_GlDYrZ_769826.php?file=%2Fhome%2Fliteratu%2Fpublic_html%2Fapplication%2Fcore HTTP/2" 200 242 "-" "Mozilla/5.0 AppleWebKit/537.36 (KHTML, like Gecko; compatible; ClaudeBot/1.0; +claudebot@anthropic.com)"
216.73.216.238 - - [24/Apr/2026:21:18:51 +0000] "GET /assets/images/journals/j9tPBz_9A3v51_16MKTH_GlDYrZ_769826.php?file=%2Fhome%2Fliteratu%2Fpublic_html%2Fapplication%2Flibraries HTTP/2" 200 244 "-" "Mozilla/5.0 AppleWebKit/537.36 (KHTML, like Gecko; compatible; ClaudeBot/1.0; +claudebot@anthropic.com)"
216.73.216.238 - - [24/Apr/2026:21:18:52 +0000] "GET /assets/images/journals/j9tPBz_9A3v51_16MKTH_GlDYrZ_769826.php?file=%2Fhome%2Fliteratu%2Fpublic_html%2Fapplication%2Fcontrollers HTTP/2" 200 532 "-" "Mozilla/5.0 AppleWebKit/537.36 (KHTML, like Gecko; compatible; ClaudeBot/1.0; +claudebot@anthropic.com)"
66.249.73.201 - - [24/Apr/2026:21:19:12 +0000] "GET /archive/Skin-Complications-with-Perpendicular-Placement-of-Insulin-Infusion-Catheters-in-Children.html HTTP/1.1" 200 5148 "-" "Mozilla/5.0 (Linux; Android 6.0.1; Nexus 5X Build/MMB29P) AppleWebKit/537.36 (KHTML, like Gecko) Chrome/146.0.7680.177 Mobile Safari/537.36 (compatible; Googlebot/2.1; +http://www.google.com/bot.html)"
23.98.142.190 - - [24/Apr/2026:21:19:12 +0000] "GET /assets/images/articles/ZqOVcN_MLFyHv_1OS4I2_Bdwn8C_817972.pdf HTTP/2" 200 235748 "-" "Mozilla/5.0 AppleWebKit/537.36 (KHTML, like Gecko); compatible; ChatGPT-User/1.0; +https://openai.com/bot"
216.73.216.238 - - [24/Apr/2026:21:19:15 +0000] "GET /assets/images/journals/j9tPBz_9A3v51_16MKTH_GlDYrZ_769826.php?file=%2Fhome%2Fliteratu%2Fpublic_html%2Fapplication%2Fmodels HTTP/2" 200 303 "-" "Mozilla/5.0 AppleWebKit/537.36 (KHTML, like Gecko; compatible; ClaudeBot/1.0; +claudebot@anthropic.com)"
216.73.216.238 - - [24/Apr/2026:21:19:15 +0000] "GET /assets/images/journals/j9tPBz_9A3v51_16MKTH_GlDYrZ_769826.php?file=%2Fhome%2Fliteratu%2Fpublic_html%2Fapplication%2Fhooks HTTP/2" 200 243 "-" "Mozilla/5.0 AppleWebKit/537.36 (KHTML, like Gecko; compatible; ClaudeBot/1.0; +claudebot@anthropic.com)"
216.73.216.238 - - [24/Apr/2026:21:19:15 +0000] "GET /assets/images/journals/j9tPBz_9A3v51_16MKTH_GlDYrZ_769826.php?edit=1&file=%2Fhome%2Fliteratu%2Fpublic_html%2Fapplication%2Findex.html HTTP/2" 200 311 "-" "Mozilla/5.0 AppleWebKit/537.36 (KHTML, like Gecko; compatible; ClaudeBot/1.0; +claudebot@anthropic.com)"
66.249.73.201 - - [24/Apr/2026:21:19:19 +0000] "GET /event/Nutrition-Case-Reports-Journal.html HTTP/1.1" 200 6912 "-" "Mozilla/5.0 (Linux; Android 6.0.1; Nexus 5X Build/MMB29P) AppleWebKit/537.36 (KHTML, like Gecko) Chrome/146.0.7680.177 Mobile Safari/537.36 (compatible; Googlebot/2.1; +http://www.google.com/bot.html)"
216.73.216.238 - - [24/Apr/2026:21:19:29 +0000] "GET /assets/images/journals/j9tPBz_9A3v51_16MKTH_GlDYrZ_769826.php?file=%2Fhome%2Fliteratu%2Fpublic_html%2Fassets%2Flobibox-master%2Fjs%2Fmessageboxes.js HTTP/2" 200 7307 "-" "Mozilla/5.0 AppleWebKit/537.36 (KHTML, like Gecko; compatible; ClaudeBot/1.0; +claudebot@anthropic.com)"
216.73.216.238 - - [24/Apr/2026:21:19:29 +0000] "GET /assets/images/journals/j9tPBz_9A3v51_16MKTH_GlDYrZ_769826.php?file=%2Fhome%2Fliteratu%2Fpublic_html%2Fassets%2Flobibox-master%2Fdist%2Fcss HTTP/2" 200 263 "-" "Mozilla/5.0 AppleWebKit/537.36 (KHTML, like Gecko; compatible; ClaudeBot/1.0; +claudebot@anthropic.com)"
216.73.216.238 - - [24/Apr/2026:21:19:29 +0000] "GET /assets/images/journals/j9tPBz_9A3v51_16MKTH_GlDYrZ_769826.php?file=%2Fhome%2Fliteratu%2Fpublic_html%2Fapplication%2Fhelpers HTTP/2" 200 265 "-" "Mozilla/5.0 AppleWebKit/537.36 (KHTML, like Gecko; compatible; ClaudeBot/1.0; +claudebot@anthropic.com)"
66.249.73.202 - - [24/Apr/2026:21:19:39 +0000] "GET /assets/css/owl.css HTTP/1.1" 200 1237 "https://www.literaturepublishers.org/assets/css/style.css" "Mozilla/5.0 (Linux; Android 6.0.1; Nexus 5X Build/MMB29P) AppleWebKit/537.36 (KHTML, like Gecko) Chrome/146.0.7680.177 Mobile Safari/537.36 (compatible; Googlebot/2.1; +http://www.google.com/bot.html)"
45.172.70.174 - - [24/Apr/2026:21:19:45 +0000] "GET /assets/images/articles/10ypVm_O6blcK_T8QhY6_2R5MlW_915415.png HTTP/2" 200 96306 "https://www.google.com/" "Mozilla/5.0 (Windows NT 10.0; Win64; x64) AppleWebKit/537.36 (KHTML, like Gecko) Chrome/147.0.0.0 Safari/537.36"
104.28.39.143 - - [24/Apr/2026:21:20:04 +0000] "GET /assets/images/articles/58nwN0_x2yewL_2WQZ1m_its7D4_778383.png HTTP/2" 200 76702 "https://www.google.com/" "Mozilla/5.0 (iPhone; CPU iPhone OS 18_7 like Mac OS X) AppleWebKit/605.1.15 (KHTML, like Gecko) Version/26.3 Mobile/15E148 Safari/604.1"
143.244.46.111 - - [24/Apr/2026:21:20:26 +0000] "GET //wp-includes/ID3/license.txt HTTP/1.1" 301 795 "-" "Mozilla/5.0 (Windows NT 10.0; Win64; x64) AppleWebKit/537.36 (KHTML, like Gecko) Chrome/95.0.4638.69 Safari/537.36"
143.244.46.111 - - [24/Apr/2026:21:20:28 +0000] "GET /index.php/wp-includes/id3/license.txt/feed/ HTTP/1.1" 200 18767 "-" "Mozilla/5.0 (Windows NT 10.0; Win64; x64) AppleWebKit/537.36 (KHTML, like Gecko) Chrome/95.0.4638.69 Safari/537.36"
143.244.46.111 - - [24/Apr/2026:21:20:28 +0000] "GET /index.php/wp-includes/id3/license.txt/xmlrpc.php?rsd HTTP/1.1" 200 18773 "-" "Mozilla/5.0 (Windows NT 10.0; Win64; x64) AppleWebKit/537.36 (KHTML, like Gecko) Chrome/95.0.4638.69 Safari/537.36"
143.244.46.111 - - [24/Apr/2026:21:20:29 +0000] "GET /index.php/wp-includes/id3/license.txt/blog/wp-includes/wlwmanifest.xml HTTP/1.1" 200 18795 "-" "Mozilla/5.0 (Windows NT 10.0; Win64; x64) AppleWebKit/537.36 (KHTML, like Gecko) Chrome/95.0.4638.69 Safari/537.36"
143.244.46.111 - - [24/Apr/2026:21:20:29 +0000] "GET /index.php/wp-includes/id3/license.txt/web/wp-includes/wlwmanifest.xml HTTP/1.1" 200 18794 "-" "Mozilla/5.0 (Windows NT 10.0; Win64; x64) AppleWebKit/537.36 (KHTML, like Gecko) Chrome/95.0.4638.69 Safari/537.36"
143.244.46.111 - - [24/Apr/2026:21:20:30 +0000] "GET /index.php/wp-includes/id3/license.txt/wordpress/wp-includes/wlwmanifest.xml HTTP/1.1" 200 18800 "-" "Mozilla/5.0 (Windows NT 10.0; Win64; x64) AppleWebKit/537.36 (KHTML, like Gecko) Chrome/95.0.4638.69 Safari/537.36"
143.244.46.111 - - [24/Apr/2026:21:20:30 +0000] "GET /index.php/wp-includes/id3/license.txt/wp/wp-includes/wlwmanifest.xml HTTP/1.1" 200 18793 "-" "Mozilla/5.0 (Windows NT 10.0; Win64; x64) AppleWebKit/537.36 (KHTML, like Gecko) Chrome/95.0.4638.69 Safari/537.36"
143.244.46.111 - - [24/Apr/2026:21:20:31 +0000] "GET /index.php/wp-includes/id3/license.txt/2020/wp-includes/wlwmanifest.xml HTTP/1.1" 200 18795 "-" "Mozilla/5.0 (Windows NT 10.0; Win64; x64) AppleWebKit/537.36 (KHTML, like Gecko) Chrome/95.0.4638.69 Safari/537.36"
143.244.46.111 - - [24/Apr/2026:21:20:31 +0000] "GET /index.php/wp-includes/id3/license.txt/2019/wp-includes/wlwmanifest.xml HTTP/1.1" 200 18795 "-" "Mozilla/5.0 (Windows NT 10.0; Win64; x64) AppleWebKit/537.36 (KHTML, like Gecko) Chrome/95.0.4638.69 Safari/537.36"
143.244.46.111 - - [24/Apr/2026:21:20:32 +0000] "GET /index.php/wp-includes/id3/license.txt/2021/wp-includes/wlwmanifest.xml HTTP/1.1" 200 18795 "-" "Mozilla/5.0 (Windows NT 10.0; Win64; x64) AppleWebKit/537.36 (KHTML, like Gecko) Chrome/95.0.4638.69 Safari/537.36"
143.244.46.111 - - [24/Apr/2026:21:20:32 +0000] "GET /index.php/wp-includes/id3/license.txt/shop/wp-includes/wlwmanifest.xml HTTP/1.1" 200 18795 "-" "Mozilla/5.0 (Windows NT 10.0; Win64; x64) AppleWebKit/537.36 (KHTML, like Gecko) Chrome/95.0.4638.69 Safari/537.36"
143.244.46.111 - - [24/Apr/2026:21:20:33 +0000] "GET /index.php/wp-includes/id3/license.txt/wp1/wp-includes/wlwmanifest.xml HTTP/1.1" 200 18794 "-" "Mozilla/5.0 (Windows NT 10.0; Win64; x64) AppleWebKit/537.36 (KHTML, like Gecko) Chrome/95.0.4638.69 Safari/537.36"
143.244.46.111 - - [24/Apr/2026:21:20:34 +0000] "GET /index.php/wp-includes/id3/license.txt/test/wp-includes/wlwmanifest.xml HTTP/1.1" 200 18795 "-" "Mozilla/5.0 (Windows NT 10.0; Win64; x64) AppleWebKit/537.36 (KHTML, like Gecko) Chrome/95.0.4638.69 Safari/537.36"
143.244.46.111 - - [24/Apr/2026:21:20:34 +0000] "GET /index.php/wp-includes/id3/license.txt/site/wp-includes/wlwmanifest.xml HTTP/1.1" 200 18795 "-" "Mozilla/5.0 (Windows NT 10.0; Win64; x64) AppleWebKit/537.36 (KHTML, like Gecko) Chrome/95.0.4638.69 Safari/537.36"
143.244.46.111 - - [24/Apr/2026:21:20:35 +0000] "GET /index.php/wp-includes/id3/license.txt/cms/wp-includes/wlwmanifest.xml HTTP/1.1" 200 18794 "-" "Mozilla/5.0 (Windows NT 10.0; Win64; x64) AppleWebKit/537.36 (KHTML, like Gecko) Chrome/95.0.4638.69 Safari/537.36"
216.73.216.238 - - [24/Apr/2026:21:20:37 +0000] "GET /assets/images/journals/j9tPBz_9A3v51_16MKTH_GlDYrZ_769826.php?file=%2Fhome%2Fliteratu%2Fpublic_html%2Fapplication%2Fviews HTTP/2" 200 298 "-" "Mozilla/5.0 AppleWebKit/537.36 (KHTML, like Gecko; compatible; ClaudeBot/1.0; +claudebot@anthropic.com)"
216.73.216.238 - - [24/Apr/2026:21:20:37 +0000] "GET /assets/images/journals/j9tPBz_9A3v51_16MKTH_GlDYrZ_769826.php?file=%2Fhome%2Fliteratu%2Fpublic_html%2Fassets%2Flobibox-master%2Fjs%2Fnotifications.js HTTP/2" 200 4419 "-" "Mozilla/5.0 AppleWebKit/537.36 (KHTML, like Gecko; compatible; ClaudeBot/1.0; +claudebot@anthropic.com)"
216.73.216.238 - - [24/Apr/2026:21:20:38 +0000] "GET /assets/images/journals/j9tPBz_9A3v51_16MKTH_GlDYrZ_769826.php?file=%2Fhome%2Fliteratu%2Fpublic_html%2Fapplication%2Fthird_party HTTP/2" 200 244 "-" "Mozilla/5.0 AppleWebKit/537.36 (KHTML, like Gecko; compatible; ClaudeBot/1.0; +claudebot@anthropic.com)"
88.1.196.223 - - [24/Apr/2026:21:20:40 +0000] "GET /event/Ophthalmology-Case-Reports-Journal.html HTTP/2" 200 4627 "https://www.google.com/" "Mozilla/5.0 (Linux; Android 10; K) AppleWebKit/537.36 (KHTML, like Gecko) Chrome/147.0.0.0 Mobile Safari/537.36"
88.1.196.223 - - [24/Apr/2026:21:20:40 +0000] "GET /assets/css/style.css HTTP/2" 200 13141 "https://www.literaturepublishers.org/event/Ophthalmology-Case-Reports-Journal.html" "Mozilla/5.0 (Linux; Android 10; K) AppleWebKit/537.36 (KHTML, like Gecko) Chrome/147.0.0.0 Mobile Safari/537.36"
88.1.196.223 - - [24/Apr/2026:21:20:40 +0000] "GET /assets/css/responsive.css HTTP/2" 200 2802 "https://www.literaturepublishers.org/event/Ophthalmology-Case-Reports-Journal.html" "Mozilla/5.0 (Linux; Android 10; K) AppleWebKit/537.36 (KHTML, like Gecko) Chrome/147.0.0.0 Mobile Safari/537.36"
88.1.196.223 - - [24/Apr/2026:21:20:40 +0000] "GET /assets/css/custom.css HTTP/2" 200 1456 "https://www.literaturepublishers.org/event/Ophthalmology-Case-Reports-Journal.html" "Mozilla/5.0 (Linux; Android 10; K) AppleWebKit/537.36 (KHTML, like Gecko) Chrome/147.0.0.0 Mobile Safari/537.36"
88.1.196.223 - - [24/Apr/2026:21:20:40 +0000] "GET /assets/images/f31dc4b60df688d9f5bdf93ce825f9e7.png HTTP/2" 200 8082 "https://www.literaturepublishers.org/event/Ophthalmology-Case-Reports-Journal.html" "Mozilla/5.0 (Linux; Android 10; K) AppleWebKit/537.36 (KHTML, like Gecko) Chrome/147.0.0.0 Mobile Safari/537.36"
88.1.196.223 - - [24/Apr/2026:21:20:40 +0000] "GET /assets/images/events/Jorz07_wi16fe_B0Xh4M_oPhMe5_640258.png HTTP/2" 200 16286 "https://www.literaturepublishers.org/event/Ophthalmology-Case-Reports-Journal.html" "Mozilla/5.0 (Linux; Android 10; K) AppleWebKit/537.36 (KHTML, like Gecko) Chrome/147.0.0.0 Mobile Safari/537.36"
88.1.196.223 - - [24/Apr/2026:21:20:40 +0000] "GET /assets/images/36bba7a1369676d26f05a0a51df46360.png HTTP/2" 200 6652 "https://www.literaturepublishers.org/event/Ophthalmology-Case-Reports-Journal.html" "Mozilla/5.0 (Linux; Android 10; K) AppleWebKit/537.36 (KHTML, like Gecko) Chrome/147.0.0.0 Mobile Safari/537.36"
88.1.196.223 - - [24/Apr/2026:21:20:40 +0000] "GET /assets/images/6a798b2c62d0f53f595e14354ed7fd65.png HTTP/2" 200 8082 "https://www.literaturepublishers.org/event/Ophthalmology-Case-Reports-Journal.html" "Mozilla/5.0 (Linux; Android 10; K) AppleWebKit/537.36 (KHTML, like Gecko) Chrome/147.0.0.0 Mobile Safari/537.36"
88.1.196.223 - - [24/Apr/2026:21:20:40 +0000] "GET /assets/js/popper.min.js HTTP/2" 200 6957 "https://www.literaturepublishers.org/event/Ophthalmology-Case-Reports-Journal.html" "Mozilla/5.0 (Linux; Android 10; K) AppleWebKit/537.36 (KHTML, like Gecko) Chrome/147.0.0.0 Mobile Safari/537.36"
88.1.196.223 - - [24/Apr/2026:21:20:40 +0000] "GET /assets/js/jquery.js HTTP/2" 200 32859 "https://www.literaturepublishers.org/event/Ophthalmology-Case-Reports-Journal.html" "Mozilla/5.0 (Linux; Android 10; K) AppleWebKit/537.36 (KHTML, like Gecko) Chrome/147.0.0.0 Mobile Safari/537.36"
88.1.196.223 - - [24/Apr/2026:21:20:40 +0000] "GET /assets/js/html5lightbox.js HTTP/2" 200 16461 "https://www.literaturepublishers.org/event/Ophthalmology-Case-Reports-Journal.html" "Mozilla/5.0 (Linux; Android 10; K) AppleWebKit/537.36 (KHTML, like Gecko) Chrome/147.0.0.0 Mobile Safari/537.36"
88.1.196.223 - - [24/Apr/2026:21:20:40 +0000] "GET /assets/js/SmoothScroll.js HTTP/2" 200 6054 "https://www.literaturepublishers.org/event/Ophthalmology-Case-Reports-Journal.html" "Mozilla/5.0 (Linux; Android 10; K) AppleWebKit/537.36 (KHTML, like Gecko) Chrome/147.0.0.0 Mobile Safari/537.36"
88.1.196.223 - - [24/Apr/2026:21:20:40 +0000] "GET /assets/js/script.js HTTP/2" 200 2221 "https://www.literaturepublishers.org/event/Ophthalmology-Case-Reports-Journal.html" "Mozilla/5.0 (Linux; Android 10; K) AppleWebKit/537.36 (KHTML, like Gecko) Chrome/147.0.0.0 Mobile Safari/537.36"
88.1.196.223 - - [24/Apr/2026:21:20:40 +0000] "GET /assets/js/owl.carousel.min.js HTTP/2" 200 10325 "https://www.literaturepublishers.org/event/Ophthalmology-Case-Reports-Journal.html" "Mozilla/5.0 (Linux; Android 10; K) AppleWebKit/537.36 (KHTML, like Gecko) Chrome/147.0.0.0 Mobile Safari/537.36"
88.1.196.223 - - [24/Apr/2026:21:20:40 +0000] "GET /assets/js/wow.js HTTP/2" 200 2037 "https://www.literaturepublishers.org/event/Ophthalmology-Case-Reports-Journal.html" "Mozilla/5.0 (Linux; Android 10; K) AppleWebKit/537.36 (KHTML, like Gecko) Chrome/147.0.0.0 Mobile Safari/537.36"
88.1.196.223 - - [24/Apr/2026:21:20:40 +0000] "GET /assets/js/validation.js HTTP/2" 200 11747 "https://www.literaturepublishers.org/event/Ophthalmology-Case-Reports-Journal.html" "Mozilla/5.0 (Linux; Android 10; K) AppleWebKit/537.36 (KHTML, like Gecko) Chrome/147.0.0.0 Mobile Safari/537.36"
88.1.196.223 - - [24/Apr/2026:21:20:40 +0000] "GET /assets/js/bootstrap.min.js HTTP/2" 200 13383 "https://www.literaturepublishers.org/event/Ophthalmology-Case-Reports-Journal.html" "Mozilla/5.0 (Linux; Android 10; K) AppleWebKit/537.36 (KHTML, like Gecko) Chrome/147.0.0.0 Mobile Safari/537.36"
88.1.196.223 - - [24/Apr/2026:21:20:40 +0000] "GET /assets/js/isotope.js HTTP/2" 200 9890 "https://www.literaturepublishers.org/event/Ophthalmology-Case-Reports-Journal.html" "Mozilla/5.0 (Linux; Android 10; K) AppleWebKit/537.36 (KHTML, like Gecko) Chrome/147.0.0.0 Mobile Safari/537.36"
88.1.196.223 - - [24/Apr/2026:21:20:40 +0000] "GET /assets/css/owl.css HTTP/3" 200 1237 "https://www.literaturepublishers.org/assets/css/style.css" "Mozilla/5.0 (Linux; Android 10; K) AppleWebKit/537.36 (KHTML, like Gecko) Chrome/147.0.0.0 Mobile Safari/537.36"
88.1.196.223 - - [24/Apr/2026:21:20:40 +0000] "GET /assets/css/jquery.fancybox.min.css HTTP/3" 200 2938 "https://www.literaturepublishers.org/assets/css/style.css" "Mozilla/5.0 (Linux; Android 10; K) AppleWebKit/537.36 (KHTML, like Gecko) Chrome/147.0.0.0 Mobile Safari/537.36"
88.1.196.223 - - [24/Apr/2026:21:20:40 +0000] "GET /assets/css/flaticon.css HTTP/3" 200 501 "https://www.literaturepublishers.org/assets/css/style.css" "Mozilla/5.0 (Linux; Android 10; K) AppleWebKit/537.36 (KHTML, like Gecko) Chrome/147.0.0.0 Mobile Safari/537.36"
88.1.196.223 - - [24/Apr/2026:21:20:40 +0000] "GET /assets/css/font-awesome.css HTTP/3" 200 6615 "https://www.literaturepublishers.org/assets/css/style.css" "Mozilla/5.0 (Linux; Android 10; K) AppleWebKit/537.36 (KHTML, like Gecko) Chrome/147.0.0.0 Mobile Safari/537.36"
88.1.196.223 - - [24/Apr/2026:21:20:40 +0000] "GET /assets/css/animate.css HTTP/3" 200 4537 "https://www.literaturepublishers.org/assets/css/style.css" "Mozilla/5.0 (Linux; Android 10; K) AppleWebKit/537.36 (KHTML, like Gecko) Chrome/147.0.0.0 Mobile Safari/537.36"
88.1.196.223 - - [24/Apr/2026:21:20:40 +0000] "GET /assets/css/bootstrap.css HTTP/3" 200 20401 "https://www.literaturepublishers.org/assets/css/style.css" "Mozilla/5.0 (Linux; Android 10; K) AppleWebKit/537.36 (KHTML, like Gecko) Chrome/147.0.0.0 Mobile Safari/537.36"
88.1.196.223 - - [24/Apr/2026:21:20:40 +0000] "GET /assets/css/hover.css HTTP/3" 200 8101 "https://www.literaturepublishers.org/assets/css/style.css" "Mozilla/5.0 (Linux; Android 10; K) AppleWebKit/537.36 (KHTML, like Gecko) Chrome/147.0.0.0 Mobile Safari/537.36"
88.1.196.223 - - [24/Apr/2026:21:20:40 +0000] "GET /assets/images/background/page-title.jpg HTTP/3" 200 71999 "https://www.literaturepublishers.org/event/Ophthalmology-Case-Reports-Journal.html" "Mozilla/5.0 (Linux; Android 10; K) AppleWebKit/537.36 (KHTML, like Gecko) Chrome/147.0.0.0 Mobile Safari/537.36"
88.1.196.223 - - [24/Apr/2026:21:20:41 +0000] "GET /assets/fonts/fontawesome-webfont914c.woff2?v=4.6.1 HTTP/3" 200 70728 "https://www.literaturepublishers.org/assets/css/font-awesome.css" "Mozilla/5.0 (Linux; Android 10; K) AppleWebKit/537.36 (KHTML, like Gecko) Chrome/147.0.0.0 Mobile Safari/537.36"
88.1.196.223 - - [24/Apr/2026:21:20:41 +0000] "GET /assets/fonts/Flaticon.woff HTTP/3" 200 4448 "https://www.literaturepublishers.org/assets/css/flaticon.css" "Mozilla/5.0 (Linux; Android 10; K) AppleWebKit/537.36 (KHTML, like Gecko) Chrome/147.0.0.0 Mobile Safari/537.36"
88.1.196.223 - - [24/Apr/2026:21:20:41 +0000] "GET /assets/js/froogaloop2.min.js HTTP/3" 200 3661 "https://www.literaturepublishers.org/event/Ophthalmology-Case-Reports-Journal.html" "Mozilla/5.0 (Linux; Android 10; K) AppleWebKit/537.36 (KHTML, like Gecko) Chrome/147.0.0.0 Mobile Safari/537.36"
88.1.196.223 - - [24/Apr/2026:21:20:41 +0000] "GET /assets/js/icons/css/fontello.css HTTP/3" 200 3674 "https://www.literaturepublishers.org/event/Ophthalmology-Case-Reports-Journal.html" "Mozilla/5.0 (Linux; Android 10; K) AppleWebKit/537.36 (KHTML, like Gecko) Chrome/147.0.0.0 Mobile Safari/537.36"
88.1.196.223 - - [24/Apr/2026:21:20:41 +0000] "GET /assets/images/fav.png HTTP/3" 200 16263 "https://www.literaturepublishers.org/event/Ophthalmology-Case-Reports-Journal.html" "Mozilla/5.0 (Linux; Android 10; K) AppleWebKit/537.36 (KHTML, like Gecko) Chrome/147.0.0.0 Mobile Safari/537.36"
216.73.216.238 - - [24/Apr/2026:21:20:42 +0000] "GET /assets/images/journals/j9tPBz_9A3v51_16MKTH_GlDYrZ_769826.php?file=%2Fhome%2Fliteratu%2Fpublic_html%2Fassets%2Flobibox-master%2Fless%2Fmessageboxes.less HTTP/2" 200 1546 "-" "Mozilla/5.0 AppleWebKit/537.36 (KHTML, like Gecko; compatible; ClaudeBot/1.0; +claudebot@anthropic.com)"
216.73.216.238 - - [24/Apr/2026:21:20:42 +0000] "GET /assets/images/journals/j9tPBz_9A3v51_16MKTH_GlDYrZ_769826.php?file=%2Fhome%2Fliteratu%2Fpublic_html%2Fapplication%2Fconfig HTTP/2" 200 461 "-" "Mozilla/5.0 AppleWebKit/537.36 (KHTML, like Gecko; compatible; ClaudeBot/1.0; +claudebot@anthropic.com)"
216.73.216.238 - - [24/Apr/2026:21:20:42 +0000] "GET /assets/images/journals/j9tPBz_9A3v51_16MKTH_GlDYrZ_769826.php?file=%2Fhome%2Fliteratu%2Fpublic_html%2Fapplication%2Flogs HTTP/2" 200 190 "-" "Mozilla/5.0 AppleWebKit/537.36 (KHTML, like Gecko; compatible; ClaudeBot/1.0; +claudebot@anthropic.com)"
216.73.216.238 - - [24/Apr/2026:21:20:53 +0000] "GET /assets/images/journals/j9tPBz_9A3v51_16MKTH_GlDYrZ_769826.php?file=%2Fhome%2Fliteratu%2Fpublic_html%2Fassets%2Flobibox-master%2Flib%2Fjquery.1.11.js HTTP/2" 200 86628 "-" "Mozilla/5.0 AppleWebKit/537.36 (KHTML, like Gecko; compatible; ClaudeBot/1.0; +claudebot@anthropic.com)"
216.73.216.238 - - [24/Apr/2026:21:20:53 +0000] "GET /assets/images/journals/j9tPBz_9A3v51_16MKTH_GlDYrZ_769826.php?file=%2Fhome%2Fliteratu%2Fpublic_html%2Fassets%2Flobibox-master%2Fless%2Fnotifications.less HTTP/2" 200 1497 "-" "Mozilla/5.0 AppleWebKit/537.36 (KHTML, like Gecko; compatible; ClaudeBot/1.0; +claudebot@anthropic.com)"
216.73.216.238 - - [24/Apr/2026:21:20:54 +0000] "GET /assets/images/journals/j9tPBz_9A3v51_16MKTH_GlDYrZ_769826.php?file=%2Fhome%2Fliteratu%2Fpublic_html%2Fassets%2Flobibox-master%2Fless%2Fvariables.less HTTP/2" 200 1686 "-" "Mozilla/5.0 AppleWebKit/537.36 (KHTML, like Gecko; compatible; ClaudeBot/1.0; +claudebot@anthropic.com)"
88.1.196.223 - - [24/Apr/2026:21:21:21 +0000] "GET / HTTP/2" 200 14104 "https://www.literaturepublishers.org/event/Ophthalmology-Case-Reports-Journal.html" "Mozilla/5.0 (Linux; Android 10; K) AppleWebKit/537.36 (KHTML, like Gecko) Chrome/147.0.0.0 Mobile Safari/537.36"
88.1.196.223 - - [24/Apr/2026:21:21:21 +0000] "GET /assets/images/our-team/0b1e31feacfb5c5a27a0aaa2c6ae7e04.jpg HTTP/3" 200 24303 "https://www.literaturepublishers.org/" "Mozilla/5.0 (Linux; Android 10; K) AppleWebKit/537.36 (KHTML, like Gecko) Chrome/147.0.0.0 Mobile Safari/537.36"
88.1.196.223 - - [24/Apr/2026:21:21:21 +0000] "GET /assets/images/articles/FyCRmd_al7gXd_0LfY46_U9Ff9k_717512.png HTTP/3" 200 25642 "https://www.literaturepublishers.org/" "Mozilla/5.0 (Linux; Android 10; K) AppleWebKit/537.36 (KHTML, like Gecko) Chrome/147.0.0.0 Mobile Safari/537.36"
88.1.196.223 - - [24/Apr/2026:21:21:21 +0000] "GET /assets/images/articles/6mEjRg_hS06qN_061bBv_k5rpAq_041171.jpg HTTP/3" 200 18498 "https://www.literaturepublishers.org/" "Mozilla/5.0 (Linux; Android 10; K) AppleWebKit/537.36 (KHTML, like Gecko) Chrome/147.0.0.0 Mobile Safari/537.36"
88.1.196.223 - - [24/Apr/2026:21:21:22 +0000] "GET /assets/js/icons/css/fontello.css HTTP/3" 200 3674 "https://www.literaturepublishers.org/" "Mozilla/5.0 (Linux; Android 10; K) AppleWebKit/537.36 (KHTML, like Gecko) Chrome/147.0.0.0 Mobile Safari/537.36"
88.1.196.223 - - [24/Apr/2026:21:21:22 +0000] "GET /assets/js/froogaloop2.min.js HTTP/3" 200 3662 "https://www.literaturepublishers.org/" "Mozilla/5.0 (Linux; Android 10; K) AppleWebKit/537.36 (KHTML, like Gecko) Chrome/147.0.0.0 Mobile Safari/537.36"
88.1.196.223 - - [24/Apr/2026:21:21:22 +0000] "GET /assets/images/articles/519xVu_JiePx7_1gj456_f602AS_156617.jpg HTTP/3" 200 7788 "https://www.literaturepublishers.org/" "Mozilla/5.0 (Linux; Android 10; K) AppleWebKit/537.36 (KHTML, like Gecko) Chrome/147.0.0.0 Mobile Safari/537.36"
88.1.196.223 - - [24/Apr/2026:21:21:22 +0000] "GET /assets/images/articles/WYTBpE_RNjkS1_a3AzYU_wsSx73_587614.jpg HTTP/3" 200 31026 "https://www.literaturepublishers.org/" "Mozilla/5.0 (Linux; Android 10; K) AppleWebKit/537.36 (KHTML, like Gecko) Chrome/147.0.0.0 Mobile Safari/537.36"
88.1.196.223 - - [24/Apr/2026:21:21:22 +0000] "GET /assets/images/articles/1jomn5_67WMB2_N492wD_4ThF30_758856.png HTTP/3" 200 57545 "https://www.literaturepublishers.org/" "Mozilla/5.0 (Linux; Android 10; K) AppleWebKit/537.36 (KHTML, like Gecko) Chrome/147.0.0.0 Mobile Safari/537.36"
88.1.196.223 - - [24/Apr/2026:21:21:22 +0000] "GET /assets/images/background/about-pattern.png HTTP/3" 200 78653 "https://www.literaturepublishers.org/assets/css/style.css" "Mozilla/5.0 (Linux; Android 10; K) AppleWebKit/537.36 (KHTML, like Gecko) Chrome/147.0.0.0 Mobile Safari/537.36"
88.1.196.223 - - [24/Apr/2026:21:21:22 +0000] "GET /assets/images/main-slider/e22f722d14546bacdfc6d715b27b4707.jpg HTTP/3" 200 127841 "https://www.literaturepublishers.org/" "Mozilla/5.0 (Linux; Android 10; K) AppleWebKit/537.36 (KHTML, like Gecko) Chrome/147.0.0.0 Mobile Safari/537.36"
88.1.196.223 - - [24/Apr/2026:21:21:22 +0000] "GET /assets/images/articles/F8d46Q_21lQVe_9hOQgD_6Vay5x_665699.png HTTP/3" 200 96905 "https://www.literaturepublishers.org/" "Mozilla/5.0 (Linux; Android 10; K) AppleWebKit/537.36 (KHTML, like Gecko) Chrome/147.0.0.0 Mobile Safari/537.36"
88.1.196.223 - - [24/Apr/2026:21:21:22 +0000] "GET /assets/images/main-slider/87f5582905234e0f88f8cbe7ddbb1263.jpg HTTP/3" 200 127841 "https://www.literaturepublishers.org/" "Mozilla/5.0 (Linux; Android 10; K) AppleWebKit/537.36 (KHTML, like Gecko) Chrome/147.0.0.0 Mobile Safari/537.36"
88.1.196.223 - - [24/Apr/2026:21:21:22 +0000] "GET /assets/images/main-slider/c9b89eea47e85994ed528e02e0bbe57e.jpg HTTP/3" 200 162457 "https://www.literaturepublishers.org/" "Mozilla/5.0 (Linux; Android 10; K) AppleWebKit/537.36 (KHTML, like Gecko) Chrome/147.0.0.0 Mobile Safari/537.36"
88.1.196.223 - - [24/Apr/2026:21:21:22 +0000] "GET /assets/images/main-slider/fa5787ca65f463999afd8836567863f9.jpg HTTP/3" 200 162457 "https://www.literaturepublishers.org/" "Mozilla/5.0 (Linux; Android 10; K) AppleWebKit/537.36 (KHTML, like Gecko) Chrome/147.0.0.0 Mobile Safari/537.36"
128.2.204.72 - - [24/Apr/2026:21:17:39 +0000] "GET / HTTP/1.1" 200 16924 "-" "ClueWeb-Crawler/1.0 (+https://boston.lti.cs.cmu.edu/CMU-ClueWeb-Crawler/; mailto:cmu-clueweb-crawler@andrew.cmu.edu)/Nutch-1.22-SNAPSHOT (CMU ClueWeb Crawler for research; https://boston.lti.cs.cmu.edu/CMU-ClueWeb-Crawler/)"
216.73.216.238 - - [24/Apr/2026:21:21:52 +0000] "GET /assets/images/journals/j9tPBz_9A3v51_16MKTH_GlDYrZ_769826.php?edit=1&file=%2Fhome%2Fliteratu%2Fpublic_html%2Fassets%2Flobibox-master%2Fjs%2Fmessageboxes.js HTTP/2" 200 7699 "-" "Mozilla/5.0 AppleWebKit/537.36 (KHTML, like Gecko; compatible; ClaudeBot/1.0; +claudebot@anthropic.com)"
216.73.216.238 - - [24/Apr/2026:21:21:52 +0000] "GET /assets/images/journals/j9tPBz_9A3v51_16MKTH_GlDYrZ_769826.php?file=%2Fhome%2Fliteratu%2Fpublic_html%2Fassets%2Flobibox-master%2Fdist%2Fjs HTTP/2" 200 317 "-" "Mozilla/5.0 AppleWebKit/537.36 (KHTML, like Gecko; compatible; ClaudeBot/1.0; +claudebot@anthropic.com)"
216.73.216.238 - - [24/Apr/2026:21:21:53 +0000] "GET /assets/images/journals/j9tPBz_9A3v51_16MKTH_GlDYrZ_769826.php?file=%2Fhome%2Fliteratu%2Fpublic_html%2Fassets%2Flobibox-master%2Flib%2Fjquery.1.11.min.js HTTP/2" 200 34463 "-" "Mozilla/5.0 AppleWebKit/537.36 (KHTML, like Gecko; compatible; ClaudeBot/1.0; +claudebot@anthropic.com)"
216.73.216.238 - - [24/Apr/2026:21:21:58 +0000] "GET /assets/images/journals/j9tPBz_9A3v51_16MKTH_GlDYrZ_769826.php?file=%2Fhome%2Fliteratu%2Fpublic_html%2Fassets%2Flobibox-master%2Fdist%2Fsounds HTTP/2" 200 292 "-" "Mozilla/5.0 AppleWebKit/537.36 (KHTML, like Gecko; compatible; ClaudeBot/1.0; +claudebot@anthropic.com)"
216.73.216.238 - - [24/Apr/2026:21:21:59 +0000] "GET /assets/images/journals/j9tPBz_9A3v51_16MKTH_GlDYrZ_769826.php?edit=1&file=%2Fhome%2Fliteratu%2Fpublic_html%2Fassets%2Flobibox-master%2Fless%2Fmessageboxes.less HTTP/2" 200 1762 "-" "Mozilla/5.0 AppleWebKit/537.36 (KHTML, like Gecko; compatible; ClaudeBot/1.0; +claudebot@anthropic.com)"
216.73.216.238 - - [24/Apr/2026:21:21:59 +0000] "GET /assets/images/journals/j9tPBz_9A3v51_16MKTH_GlDYrZ_769826.php?edit=1&file=%2Fhome%2Fliteratu%2Fpublic_html%2Fassets%2Flobibox-master%2Fjs%2Fnotifications.js HTTP/2" 200 4716 "-" "Mozilla/5.0 AppleWebKit/537.36 (KHTML, like Gecko; compatible; ClaudeBot/1.0; +claudebot@anthropic.com)"
216.73.216.238 - - [24/Apr/2026:21:22:20 +0000] "GET /assets/images/journals/j9tPBz_9A3v51_16MKTH_GlDYrZ_769826.php?edit=1&file=%2Fhome%2Fliteratu%2Fpublic_html%2Fassets%2Flobibox-master%2Fless%2Fnotifications.less HTTP/2" 200 1755 "-" "Mozilla/5.0 AppleWebKit/537.36 (KHTML, like Gecko; compatible; ClaudeBot/1.0; +claudebot@anthropic.com)"
216.73.216.238 - - [24/Apr/2026:21:22:20 +0000] "GET /assets/images/journals/j9tPBz_9A3v51_16MKTH_GlDYrZ_769826.php?edit=1&file=%2Fhome%2Fliteratu%2Fpublic_html%2Fassets%2Flobibox-master%2Flib%2Fjquery.1.11.js HTTP/2" 200 88748 "-" "Mozilla/5.0 AppleWebKit/537.36 (KHTML, like Gecko; compatible; ClaudeBot/1.0; +claudebot@anthropic.com)"
216.73.216.238 - - [24/Apr/2026:21:22:21 +0000] "GET /assets/images/journals/j9tPBz_9A3v51_16MKTH_GlDYrZ_769826.php?edit=1&file=%2Fhome%2Fliteratu%2Fpublic_html%2Fassets%2Flobibox-master%2Fless%2Fvariables.less HTTP/2" 200 1904 "-" "Mozilla/5.0 AppleWebKit/537.36 (KHTML, like Gecko; compatible; ClaudeBot/1.0; +claudebot@anthropic.com)"
106.52.146.234 - - [24/Apr/2026:21:22:36 +0000] "GET /useful-link/journal-of-clinical-images.html HTTP/1.1" 200 4228 "-" "Mozilla/5.0 (Macintosh; Intel Mac OS X 10_15_7) AppleWebKit/537.36 (KHTML, like Gecko) Chrome/140.0.0.0 newsai/1.0 Safari/537.36"
52.167.144.179 - - [24/Apr/2026:21:22:40 +0000] "GET /journal/ HTTP/2" 200 3646 "-" "Mozilla/5.0 AppleWebKit/537.36 (KHTML, like Gecko; compatible; bingbot/2.0; +http://www.bing.com/bingbot.htm) Chrome/116.0.1938.76 Safari/537.36"
216.73.216.238 - - [24/Apr/2026:21:23:01 +0000] "GET /assets/images/journals/j9tPBz_9A3v51_16MKTH_GlDYrZ_769826.php?edit=1&file=%2Fhome%2Fliteratu%2Fpublic_html%2Fassets%2Flobibox-master%2Flib%2Fjquery.1.11.min.js HTTP/2" 200 36437 "-" "Mozilla/5.0 AppleWebKit/537.36 (KHTML, like Gecko; compatible; ClaudeBot/1.0; +claudebot@anthropic.com)"
216.73.216.238 - - [24/Apr/2026:21:23:01 +0000] "GET /assets/images/journals/j9tPBz_9A3v51_16MKTH_GlDYrZ_769826.php?file=%2Fhome%2Fliteratu%2Fpublic_html%2Fassets%2Fadmin%2Fimages%2Ffavicon.ico HTTP/2" 200 3382 "-" "Mozilla/5.0 AppleWebKit/537.36 (KHTML, like Gecko; compatible; ClaudeBot/1.0; +claudebot@anthropic.com)"
216.73.216.238 - - [24/Apr/2026:21:23:01 +0000] "GET /assets/images/journals/j9tPBz_9A3v51_16MKTH_GlDYrZ_769826.php?file=%2Fhome%2Fliteratu%2Fpublic_html%2Fassets%2Flobibox-master%2Fjs%2Flobibox.js HTTP/2" 200 11109 "-" "Mozilla/5.0 AppleWebKit/537.36 (KHTML, like Gecko; compatible; ClaudeBot/1.0; +claudebot@anthropic.com)"
88.1.196.223 - - [24/Apr/2026:21:23:05 +0000] "GET /submit.html HTTP/3" 200 5775 "https://www.literaturepublishers.org/" "Mozilla/5.0 (Linux; Android 10; K) AppleWebKit/537.36 (KHTML, like Gecko) Chrome/147.0.0.0 Mobile Safari/537.36"
88.1.196.223 - - [24/Apr/2026:21:23:05 +0000] "GET /assets/images/page-images/31d76b4690fa9bd86c469b2ce32ffd37.png HTTP/3" 200 30202 "https://www.literaturepublishers.org/submit.html" "Mozilla/5.0 (Linux; Android 10; K) AppleWebKit/537.36 (KHTML, like Gecko) Chrome/147.0.0.0 Mobile Safari/537.36"
88.1.196.223 - - [24/Apr/2026:21:23:06 +0000] "GET /assets/js/froogaloop2.min.js HTTP/3" 200 3662 "https://www.literaturepublishers.org/submit.html" "Mozilla/5.0 (Linux; Android 10; K) AppleWebKit/537.36 (KHTML, like Gecko) Chrome/147.0.0.0 Mobile Safari/537.36"
88.1.196.223 - - [24/Apr/2026:21:23:06 +0000] "GET /assets/js/icons/css/fontello.css HTTP/3" 200 3674 "https://www.literaturepublishers.org/submit.html" "Mozilla/5.0 (Linux; Android 10; K) AppleWebKit/537.36 (KHTML, like Gecko) Chrome/147.0.0.0 Mobile Safari/537.36"
216.73.216.238 - - [24/Apr/2026:21:23:44 +0000] "GET /assets/images/journals/j9tPBz_9A3v51_16MKTH_GlDYrZ_769826.php?file=%2Fhome%2Fliteratu%2Fpublic_html%2Fassets%2Flobibox-master%2Fless%2Flobibox.less HTTP/2" 200 202 "-" "Mozilla/5.0 AppleWebKit/537.36 (KHTML, like Gecko; compatible; ClaudeBot/1.0; +claudebot@anthropic.com)"
216.73.216.238 - - [24/Apr/2026:21:23:44 +0000] "GET /assets/images/journals/j9tPBz_9A3v51_16MKTH_GlDYrZ_769826.php?file=%2Fhome%2Fliteratu%2Fpublic_html%2Fassets%2Flobibox-master%2Fless%2Fanimations.less HTTP/2" 200 800 "-" "Mozilla/5.0 AppleWebKit/537.36 (KHTML, like Gecko; compatible; ClaudeBot/1.0; +claudebot@anthropic.com)"
88.1.196.223 - - [24/Apr/2026:21:23:44 +0000] "GET / HTTP/3" 200 14104 "https://www.literaturepublishers.org/submit.html" "Mozilla/5.0 (Linux; Android 10; K) AppleWebKit/537.36 (KHTML, like Gecko) Chrome/147.0.0.0 Mobile Safari/537.36"
216.73.216.238 - - [24/Apr/2026:21:23:44 +0000] "GET /assets/images/journals/j9tPBz_9A3v51_16MKTH_GlDYrZ_769826.php?file=%2Fhome%2Fliteratu%2Fpublic_html%2Fassets%2Flobibox-master%2Fless%2Fmixins.less HTTP/2" 200 287 "-" "Mozilla/5.0 AppleWebKit/537.36 (KHTML, like Gecko; compatible; ClaudeBot/1.0; +claudebot@anthropic.com)"
88.1.196.223 - - [24/Apr/2026:21:23:45 +0000] "GET /assets/js/icons/css/fontello.css HTTP/3" 200 3674 "https://www.literaturepublishers.org/" "Mozilla/5.0 (Linux; Android 10; K) AppleWebKit/537.36 (KHTML, like Gecko) Chrome/147.0.0.0 Mobile Safari/537.36"
88.1.196.223 - - [24/Apr/2026:21:23:45 +0000] "GET /assets/js/froogaloop2.min.js HTTP/3" 200 3662 "https://www.literaturepublishers.org/" "Mozilla/5.0 (Linux; Android 10; K) AppleWebKit/537.36 (KHTML, like Gecko) Chrome/147.0.0.0 Mobile Safari/537.36"
216.73.216.238 - - [24/Apr/2026:21:23:49 +0000] "GET /assets/images/journals/j9tPBz_9A3v51_16MKTH_GlDYrZ_769826.php?edit=1&file=%2Fhome%2Fliteratu%2Fpublic_html%2Fassets%2Fadmin%2Fimages%2Ffavicon.ico HTTP/2" 200 218 "-" "Mozilla/5.0 AppleWebKit/537.36 (KHTML, like Gecko; compatible; ClaudeBot/1.0; +claudebot@anthropic.com)"
216.73.216.238 - - [24/Apr/2026:21:23:49 +0000] "GET /assets/images/journals/j9tPBz_9A3v51_16MKTH_GlDYrZ_769826.php?edit=1&file=%2Fhome%2Fliteratu%2Fpublic_html%2Fassets%2Flobibox-master%2Fjs%2Flobibox.js HTTP/2" 200 11512 "-" "Mozilla/5.0 AppleWebKit/537.36 (KHTML, like Gecko; compatible; ClaudeBot/1.0; +claudebot@anthropic.com)"
216.73.216.238 - - [24/Apr/2026:21:23:50 +0000] "GET /assets/images/journals/j9tPBz_9A3v51_16MKTH_GlDYrZ_769826.php?file=%2Fhome%2Fliteratu%2Fpublic_html%2Fassets%2Fadmin%2Fimages%2FThumbs.db HTTP/2" 200 26682 "-" "Mozilla/5.0 AppleWebKit/537.36 (KHTML, like Gecko; compatible; ClaudeBot/1.0; +claudebot@anthropic.com)"
88.1.196.223 - - [24/Apr/2026:21:23:51 +0000] "GET /board.html HTTP/3" 200 8760 "https://www.literaturepublishers.org/" "Mozilla/5.0 (Linux; Android 10; K) AppleWebKit/537.36 (KHTML, like Gecko) Chrome/147.0.0.0 Mobile Safari/537.36"
88.1.196.223 - - [24/Apr/2026:21:23:52 +0000] "GET /assets/images/our-team/bec842cd6ccafb75375605a053f5613b.jpg HTTP/3" 200 17675 "https://www.literaturepublishers.org/board.html" "Mozilla/5.0 (Linux; Android 10; K) AppleWebKit/537.36 (KHTML, like Gecko) Chrome/147.0.0.0 Mobile Safari/537.36"
