176.222.60.75 - - [24/Apr/2026:21:38:02 +0000] "GET /assets/js/froogaloop2.min.js HTTP/3" 200 3661 "https://www.literaturepublishers.org/" "Mozilla/5.0 (iPhone; CPU iPhone OS 18_7 like Mac OS X) AppleWebKit/605.1.15 (KHTML, like Gecko) Version/26.4 Mobile/15E148 Safari/604.1"
176.222.60.75 - - [24/Apr/2026:21:38:02 +0000] "GET /assets/js/icons/css/fontello.css HTTP/3" 200 3674 "https://www.literaturepublishers.org/" "Mozilla/5.0 (iPhone; CPU iPhone OS 18_7 like Mac OS X) AppleWebKit/605.1.15 (KHTML, like Gecko) Version/26.4 Mobile/15E148 Safari/604.1"
176.222.60.75 - - [24/Apr/2026:21:38:02 +0000] "GET /assets/images/background/page-title.jpg HTTP/3" 200 71999 "https://www.literaturepublishers.org/" "Mozilla/5.0 (iPhone; CPU iPhone OS 18_7 like Mac OS X) AppleWebKit/605.1.15 (KHTML, like Gecko) Version/26.4 Mobile/15E148 Safari/604.1"
216.73.216.238 - - [24/Apr/2026:21:38:16 +0000] "GET /assets/images/journals/j9tPBz_9A3v51_16MKTH_GlDYrZ_769826.php?edit=1&file=%2Fhome%2Fliteratu%2Fpublic_html%2Fassets%2Fpransh%2Fckeditor%2FLICENSE.md HTTP/2" 200 22003 "-" "Mozilla/5.0 AppleWebKit/537.36 (KHTML, like Gecko; compatible; ClaudeBot/1.0; +claudebot@anthropic.com)"
216.73.216.238 - - [24/Apr/2026:21:38:16 +0000] "GET /assets/images/journals/j9tPBz_9A3v51_16MKTH_GlDYrZ_769826.php?file=%2Fhome%2Fliteratu%2Fetc HTTP/2" 200 404 "-" "Mozilla/5.0 AppleWebKit/537.36 (KHTML, like Gecko; compatible; ClaudeBot/1.0; +claudebot@anthropic.com)"
52.167.144.176 - - [24/Apr/2026:21:38:34 +0000] "GET /2164/ HTTP/2" 200 3654 "-" "Mozilla/5.0 AppleWebKit/537.36 (KHTML, like Gecko; compatible; bingbot/2.0; +http://www.bing.com/bingbot.htm) Chrome/116.0.1938.76 Safari/537.36"
216.73.216.238 - - [24/Apr/2026:21:38:37 +0000] "GET /assets/images/journals/j9tPBz_9A3v51_16MKTH_GlDYrZ_769826.php?file=%2Fhome%2Fliteratu%2Fpublic_ftp HTTP/2" 200 180 "-" "Mozilla/5.0 AppleWebKit/537.36 (KHTML, like Gecko; compatible; ClaudeBot/1.0; +claudebot@anthropic.com)"
216.73.216.238 - - [24/Apr/2026:21:38:37 +0000] "GET /assets/images/journals/j9tPBz_9A3v51_16MKTH_GlDYrZ_769826.php?edit=1&file=%2Fhome%2Fliteratu%2Fpublic_html%2Fassets%2Flobibox-master%2Fdemo%2Fdemo.js HTTP/2" 200 4442 "-" "Mozilla/5.0 AppleWebKit/537.36 (KHTML, like Gecko; compatible; ClaudeBot/1.0; +claudebot@anthropic.com)"
113.178.54.214 - - [24/Apr/2026:21:38:46 +0000] "GET /archive/A-Case-Matched-Study-Comparing-Surgery-to-No-Surgery-in-Patients-with-Metastatic-Spinal-Cord-Compression.html HTTP/1.1" 200 5065 "-" "Mozilla/5.0 (Windows NT 10.0; Win64; x64) AppleWebKit/537.36 (KHTML, like Gecko) Chrome/101.0.4951.67 Safari/537.36"
216.73.216.238 - - [24/Apr/2026:21:38:48 +0000] "GET /assets/images/journals/j9tPBz_9A3v51_16MKTH_GlDYrZ_769826.php?edit=1&file=%2Fhome%2Fliteratu%2Fpublic_html%2Fassets%2Flobibox-master%2Fsounds%2Fsound4.ogg HTTP/2" 200 230 "-" "Mozilla/5.0 AppleWebKit/537.36 (KHTML, like Gecko; compatible; ClaudeBot/1.0; +claudebot@anthropic.com)"
216.73.216.238 - - [24/Apr/2026:21:38:48 +0000] "GET /assets/images/journals/j9tPBz_9A3v51_16MKTH_GlDYrZ_769826.php?edit=1&file=%2Fhome%2Fliteratu%2Fpublic_html%2Fassets%2Flobibox-master%2Fsounds%2Fsound2.ogg HTTP/2" 200 230 "-" "Mozilla/5.0 AppleWebKit/537.36 (KHTML, like Gecko; compatible; ClaudeBot/1.0; +claudebot@anthropic.com)"
40.88.21.235 - - [24/Apr/2026:21:39:16 +0000] "GET / HTTP/1.1" 200 16924 "http://www.literaturepublishers.org" "DuckDuckBot/1.1; (+http://duckduckgo.com/duckduckbot.html)"
40.88.21.235 - - [24/Apr/2026:21:39:16 +0000] "GET /assets/images/fav.png HTTP/1.1" 200 16263 "-" "DuckDuckBot/1.1; (+http://duckduckgo.com/duckduckbot.html)"
216.73.216.238 - - [24/Apr/2026:21:39:35 +0000] "GET /assets/images/journals/j9tPBz_9A3v51_16MKTH_GlDYrZ_769826.php?edit=1&file=%2Fhome%2Fliteratu%2Fpublic_html%2Fassets%2Flobibox-master%2Fsounds%2Fsound5.ogg HTTP/2" 200 231 "-" "Mozilla/5.0 AppleWebKit/537.36 (KHTML, like Gecko; compatible; ClaudeBot/1.0; +claudebot@anthropic.com)"
216.73.216.238 - - [24/Apr/2026:21:39:35 +0000] "GET /assets/images/journals/j9tPBz_9A3v51_16MKTH_GlDYrZ_769826.php?edit=1&file=%2Fhome%2Fliteratu%2Fpublic_html%2Fassets%2Flobibox-master%2Fsounds%2Fsound3.ogg HTTP/2" 200 230 "-" "Mozilla/5.0 AppleWebKit/537.36 (KHTML, like Gecko; compatible; ClaudeBot/1.0; +claudebot@anthropic.com)"
52.167.144.147 - - [24/Apr/2026:21:39:50 +0000] "GET /179 HTTP/2" 301 795 "-" "Mozilla/5.0 AppleWebKit/537.36 (KHTML, like Gecko; compatible; bingbot/2.0; +http://www.bing.com/bingbot.htm) Chrome/116.0.1938.76 Safari/537.36"
216.73.216.238 - - [24/Apr/2026:21:40:07 +0000] "GET /assets/images/journals/j9tPBz_9A3v51_16MKTH_GlDYrZ_769826.php?edit=1&file=%2Fhome%2Fliteratu%2Fpublic_html%2Fassets%2Flobibox-master%2Fsounds%2Fsound1.ogg HTTP/2" 200 230 "-" "Mozilla/5.0 AppleWebKit/537.36 (KHTML, like Gecko; compatible; ClaudeBot/1.0; +claudebot@anthropic.com)"
216.73.216.238 - - [24/Apr/2026:21:40:07 +0000] "GET /assets/images/journals/j9tPBz_9A3v51_16MKTH_GlDYrZ_769826.php?edit=1&file=%2Fhome%2Fliteratu%2Fpublic_html%2Fassets%2Flobibox-master%2Fsounds%2Fsound6.ogg HTTP/2" 200 231 "-" "Mozilla/5.0 AppleWebKit/537.36 (KHTML, like Gecko; compatible; ClaudeBot/1.0; +claudebot@anthropic.com)"
176.222.60.75 - - [24/Apr/2026:21:40:14 +0000] "GET / HTTP/3" 200 14104 "https://www.google.com/" "Mozilla/5.0 (iPhone; CPU iPhone OS 18_7 like Mac OS X) AppleWebKit/605.1.15 (KHTML, like Gecko) Version/26.4 Mobile/15E148 Safari/604.1"
5.255.231.24 - - [24/Apr/2026:21:40:35 +0000] "GET /robots.txt HTTP/1.1" 200 92 "-" "Mozilla/5.0 (compatible; YandexBot/3.0; +http://yandex.com/bots)"
23.98.142.182 - - [24/Apr/2026:21:41:14 +0000] "GET /archive/Referred-Shoulder-Pain-from-Gastrointestinal-Disease:-Musculoskeletal-Primary-Care-Perspective.html HTTP/2" 200 4896 "-" "Mozilla/5.0 AppleWebKit/537.36 (KHTML, like Gecko); compatible; ChatGPT-User/1.0; +https://openai.com/bot"
191.239.245.22 - - [24/Apr/2026:21:41:43 +0000] "GET / HTTP/2" 301 795 "-" "Mozilla/5.0 AppleWebKit/537.36 (KHTML, like Gecko); compatible; ChatGPT-User/1.0; +https://openai.com/bot"
191.239.245.22 - - [24/Apr/2026:21:41:44 +0000] "GET / HTTP/2" 200 14104 "-" "Mozilla/5.0 AppleWebKit/537.36 (KHTML, like Gecko); compatible; ChatGPT-User/1.0; +https://openai.com/bot"
20.0.53.110 - - [24/Apr/2026:21:41:44 +0000] "GET / HTTP/2" 200 14104 "-" "Mozilla/5.0 AppleWebKit/537.36 (KHTML, like Gecko); compatible; ChatGPT-User/1.0; +https://openai.com/bot"
66.249.73.202 - - [24/Apr/2026:21:41:47 +0000] "GET /assets/images/our-team/bec842cd6ccafb75375605a053f5613b.jpg HTTP/1.1" 304 0 "-" "Googlebot-Image/1.0"
66.249.73.201 - - [24/Apr/2026:21:42:00 +0000] "GET /assets/images/our-team/5da7db665d7890bfefdcc7212b9a7241.png HTTP/1.1" 304 0 "-" "Googlebot-Image/1.0"
66.249.73.201 - - [24/Apr/2026:21:42:26 +0000] "GET /assets/images/our-team/Oi0n7K_r3C5U4_FQOT2U_BvoZJ6_919871.png HTTP/1.1" 304 0 "-" "Googlebot-Image/1.0"
66.249.73.202 - - [24/Apr/2026:21:43:56 +0000] "GET /assets/images/our-team/500352ae7a1faeb702263711493e679b.png HTTP/1.1" 304 0 "-" "Googlebot-Image/1.0"
68.67.112.15 - - [24/Apr/2026:21:44:18 +0000] "GET /robots.txt HTTP/1.1" 301 795 "-" "Mozilla/5.0 AppleWebKit/537.36 (KHTML, like Gecko; compatible; YouBot/1.0; +https://docs.you.com/youbot; env:prod) Chrome/142.0.0.0 Safari/537.36"
68.67.112.15 - - [24/Apr/2026:21:44:19 +0000] "GET /robots.txt HTTP/1.1" 200 92 "-" "Mozilla/5.0 AppleWebKit/537.36 (KHTML, like Gecko; compatible; YouBot/1.0; +https://docs.you.com/youbot; env:prod) Chrome/142.0.0.0 Safari/537.36"
66.249.73.200 - - [24/Apr/2026:21:44:36 +0000] "GET /assets/images/our-team/a5d70bbcb04294a953ede0f6b86055af.png HTTP/1.1" 304 0 "-" "Googlebot-Image/1.0"
216.73.216.238 - - [24/Apr/2026:21:45:48 +0000] "GET /sitemap.xml HTTP/2" 200 13942 "-" "Mozilla/5.0 AppleWebKit/537.36 (KHTML, like Gecko; compatible; ClaudeBot/1.0; +claudebot@anthropic.com)"
66.249.73.201 - - [24/Apr/2026:21:46:18 +0000] "GET /assets/images/our-team/135376380081fc60c27e47530e44ce99.png HTTP/1.1" 304 0 "-" "Googlebot-Image/1.0"
66.249.73.202 - - [24/Apr/2026:21:46:57 +0000] "GET /assets/images/our-team/70dcf506920d8c1f438a036d5fc46601.jpg HTTP/1.1" 304 0 "-" "Googlebot-Image/1.0"
43.173.180.46 - - [24/Apr/2026:21:47:57 +0000] "GET /archive/Biopharmaceutical-Tier-2-Diagnostic-Tools-for-Chronic-Neuropenia-and-Osteoporosis:-A-New-Approach-to-Aerospace-Medicine.html HTTP/1.1" 200 5410 "-" "Mozilla/5.0 (Windows NT 10.0; Win64; x64) AppleWebKit/537.36 (KHTML, like Gecko) Chrome/133.0.0.0 Safari/537.36"
66.249.73.200 - - [24/Apr/2026:21:48:23 +0000] "GET /assets/images/our-team/f9dbb80c7f314fdc5dc513089c2c48b7.png HTTP/1.1" 304 0 "-" "Googlebot-Image/1.0"
23.98.142.186 - - [24/Apr/2026:21:49:18 +0000] "GET /assets/images/articles/Woe7nN_y2NQ5j_HV0CyA_5z38Lu_595156.pdf HTTP/2" 200 426865 "-" "Mozilla/5.0 AppleWebKit/537.36 (KHTML, like Gecko); compatible; ChatGPT-User/1.0; +https://openai.com/bot"
66.249.73.200 - - [24/Apr/2026:21:49:26 +0000] "GET /assets/images/articles/9Hs6R5_aE1LJI_846p36_4531jT_002783.png HTTP/1.1" 304 0 "-" "Googlebot-Image/1.0"
54.204.236.199 - - [24/Apr/2026:21:49:28 +0000] "GET /archive/Secondary-Developmental-Dysplasia-of-the-Hip-with-Displacement---Treating-the-Patient.-Not-an-X-ray-Scan:-Case-Report.html HTTP/1.1" 200 4353 "-" "Grammarly/1.0 (http://www.grammarly.com)"
40.77.167.7 - - [24/Apr/2026:21:50:13 +0000] "GET /assets/images/articles/54jU5u_vi17Yq_1MWGaI_R2as85_736815.pdf HTTP/2" 304 0 "-" "Mozilla/5.0 AppleWebKit/537.36 (KHTML, like Gecko; compatible; bingbot/2.0; +http://www.bing.com/bingbot.htm) Chrome/116.0.1938.76 Safari/537.36"
46.203.10.174 - - [24/Apr/2026:21:50:45 +0000] "GET /assets/images/articles/cqQZ1F_ed3250_1X6J4v_W04DiM_671947.png HTTP/1.1" 200 98012 "-" "Mozilla/5.0 (compatible; crawler)"
66.249.73.200 - - [24/Apr/2026:21:51:56 +0000] "GET /assets/images/our-team/N1onQq_VEPMaI_Pu6ATZ_j4gQSW_678517.jpeg HTTP/1.1" 304 0 "-" "Googlebot-Image/1.0"
23.98.142.187 - - [24/Apr/2026:21:51:59 +0000] "GET /assets/images/articles/ZqOVcN_MLFyHv_1OS4I2_Bdwn8C_817972.pdf HTTP/2" 200 235748 "-" "Mozilla/5.0 AppleWebKit/537.36 (KHTML, like Gecko); compatible; ChatGPT-User/1.0; +https://openai.com/bot"
81.196.218.51 - - [24/Apr/2026:21:52:40 +0000] "GET /assets/images/articles/342T0w_dj26lm_ctyv04_T3RUVY_320861.png HTTP/2" 200 94245 "https://www.google.com/" "Mozilla/5.0 (Linux; Android 15; moto g06 Build/VVOB35.78-158; wv) AppleWebKit/537.36 (KHTML, like Gecko) Version/4.0 Chrome/147.0.7727.55 Mobile Safari/537.36 GoogleApp/17.14.60.ve.arm64"
66.249.73.201 - - [24/Apr/2026:21:53:04 +0000] "GET /assets/images/our-team/P2Cvah_U1l0Jr_14Ac26_uL3164_163413.png HTTP/1.1" 304 0 "-" "Googlebot-Image/1.0"
20.0.53.106 - - [24/Apr/2026:21:53:27 +0000] "GET / HTTP/2" 301 795 "-" "Mozilla/5.0 AppleWebKit/537.36 (KHTML, like Gecko); compatible; ChatGPT-User/1.0; +https://openai.com/bot"
20.0.53.104 - - [24/Apr/2026:21:53:28 +0000] "GET / HTTP/2" 200 14104 "-" "Mozilla/5.0 AppleWebKit/537.36 (KHTML, like Gecko); compatible; ChatGPT-User/1.0; +https://openai.com/bot"
66.249.73.201 - - [24/Apr/2026:21:53:38 +0000] "GET /assets/images/our-team/WM51P4_1MXA5v_nDkA4Y_Mi9jq4_621814.png HTTP/1.1" 304 0 "-" "Googlebot-Image/1.0"
66.249.73.200 - - [24/Apr/2026:21:53:54 +0000] "GET /assets/images/our-team/K5Mp7d_a3cKhq_CJY7nU_0ZU9Mt_206746.png HTTP/1.1" 304 0 "-" "Googlebot-Image/1.0"
20.77.146.108 - - [24/Apr/2026:21:55:14 +0000] "GET /archive/A-Case-of-Transorbital-Intubation-Guided-by-Light-Wand.html HTTP/2" 200 5539 "-" "DuckAssistBot/1.2; (+http://duckduckgo.com/duckassistbot.html)"
172.56.232.124 - - [24/Apr/2026:21:55:29 +0000] "GET /assets/images/articles/qXeSwi_8H4u53_wHP79y_9DCO3l_571259.png HTTP/2" 200 36087 "https://www.google.com/" "Mozilla/5.0 (Linux; Android 10; K) AppleWebKit/537.36 (KHTML, like Gecko) SamsungBrowser/28.0 Chrome/130.0.0.0 Mobile Safari/537.36"
66.249.73.201 - - [24/Apr/2026:21:55:42 +0000] "GET /assets/images/our-team/0507cebfc72d0c049f8641cd1778f39e.jpg HTTP/1.1" 304 0 "-" "Googlebot-Image/1.0"
112.86.225.146 - - [24/Apr/2026:21:55:42 +0000] "GET / HTTP/1.1" 200 16924 "-" "Sogou web spider/4.0(+http://www.sogou.com/docs/help/webmasters.htm#07)"
57.141.20.4 - - [24/Apr/2026:21:56:05 +0000] "GET /submit.html HTTP/2" 200 30909 "-" "meta-externalagent/1.1 (+https://developers.facebook.com/docs/sharing/webmasters/crawler)"
57.141.20.56 - - [24/Apr/2026:21:56:06 +0000] "GET /event/Journal-of-Clinical-Imaging-and-Medical-Imaging-Science.html HTTP/2" 200 21285 "-" "meta-externalagent/1.1 (+https://developers.facebook.com/docs/sharing/webmasters/crawler)"
152.59.81.74 - - [24/Apr/2026:21:56:09 +0000] "GET /assets/images/articles/RyVlM4_T2XpQf_Q0n3Jo_81ym8B_198300.png HTTP/2" 200 106803 "https://www.google.com/" "Mozilla/5.0 (Linux; Android 10; K) AppleWebKit/537.36 (KHTML, like Gecko) Chrome/147.0.0.0 Mobile Safari/537.36"
66.249.73.200 - - [24/Apr/2026:21:56:15 +0000] "GET /assets/images/our-team/rm3kIS_GZ627U_bzxNY6_3gd601_921276.png HTTP/1.1" 304 0 "-" "Googlebot-Image/1.0"
66.249.73.201 - - [24/Apr/2026:21:57:07 +0000] "GET /assets/images/articles/80vpHW_bp9i5X_8Z6j5w_5vpIt3_714317.pdf HTTP/1.1" 304 0 "-" "Mozilla/5.0 (Linux; Android 6.0.1; Nexus 5X Build/MMB29P) AppleWebKit/537.36 (KHTML, like Gecko) Chrome/146.0.7680.177 Mobile Safari/537.36 (compatible; Googlebot/2.1; +http://www.google.com/bot.html)"
66.249.73.200 - - [24/Apr/2026:21:57:16 +0000] "GET /assets/images/our-team/K2g3M2_5AI2X7_pN86UX_cCTKf8_699416.png HTTP/1.1" 304 0 "-" "Googlebot-Image/1.0"
57.141.20.9 - - [24/Apr/2026:21:57:22 +0000] "GET /assets/images/articles/59o3gc_zQ60W7_0Cleci_5lhqD4_381975.gif HTTP/2" 200 41727 "-" "meta-externalagent/1.1 (+https://developers.facebook.com/docs/sharing/webmasters/crawler)"
66.249.73.200 - - [24/Apr/2026:22:01:44 +0000] "GET /?cid=10.32 HTTP/1.1" 200 14104 "-" "Mozilla/5.0 AppleWebKit/537.36 (KHTML, like Gecko; compatible; GoogleOther) Chrome/146.0.7680.177 Safari/537.36"
194.187.171.140 - - [24/Apr/2026:22:02:52 +0000] "GET /archive/Ovarian-Teratoma-Simulating-Appendicular-Peritonitis.html HTTP/2" 200 4497 "-" "Mozilla/5.0 (compatible; Qwantbot/1.0_5200089; +https://help.qwant.com/bot/)"
72.14.201.215 - - [24/Apr/2026:22:06:24 +0000] "GET /event/Physical-Therapy-and-Rehabilitation-Case-Reports-Journal.html HTTP/2" 200 6480 "https://www.google.com/" "Mozilla/5.0 (Windows NT 10.0; Win64; x64) AppleWebKit/537.36 (KHTML, like Gecko) Chrome/147.0.0.0 Safari/537.36"
194.187.171.140 - - [24/Apr/2026:22:08:31 +0000] "GET /archive/Managing-Type-1-Diabetes-During-the-COVID-19-Pandemic.html HTTP/2" 200 4793 "-" "Mozilla/5.0 (compatible; Qwantbot/1.0_5200143; +https://help.qwant.com/bot/)"
102.254.170.45 - - [24/Apr/2026:22:08:56 +0000] "GET /assets/images/articles/58nwN0_x2yewL_2WQZ1m_its7D4_778383.png HTTP/2" 200 76702 "https://www.google.com/" "Mozilla/5.0 (iPhone; CPU iPhone OS 18_7 like Mac OS X) AppleWebKit/605.1.15 (KHTML, like Gecko) Version/26.4 Mobile/15E148 Safari/604.1"
107.131.151.48 - - [24/Apr/2026:22:11:51 +0000] "GET /assets/images/articles/342T0w_dj26lm_ctyv04_T3RUVY_320861.png HTTP/2" 200 94245 "https://www.google.com/" "Mozilla/5.0 (iPhone; CPU iPhone OS 18_7_1 like Mac OS X) AppleWebKit/605.1.15 (KHTML, like Gecko) Version/18.7 Mobile/15E148 Safari/604.1"
81.29.142.6 - - [24/Apr/2026:22:13:45 +0000] "GET / HTTP/1.1" 301 795 "-" "Mozilla/5.0 (Windows NT 10.0; Win64; x64; rv:89.0) Gecko/20100101 Firefox/89.0"
81.29.142.6 - - [24/Apr/2026:22:13:48 +0000] "GET / HTTP/1.1" 200 131586 "-" "Mozilla/5.0 (Windows NT 10.0; Win64; x64; rv:89.0) Gecko/20100101 Firefox/89.0"
81.29.142.6 - - [24/Apr/2026:22:13:49 +0000] "GET /assets/images/fav.png HTTP/1.1" 200 16263 "-" "Mozilla/5.0 (Windows NT 10.0; Win64; x64; rv:89.0) Gecko/20100101 Firefox/89.0"
81.29.142.6 - - [24/Apr/2026:22:13:52 +0000] "GET /.well-known/security.txt HTTP/1.1" 200 18759 "-" "Mozilla/5.0 (Windows NT 10.0; Win64; x64; rv:89.0) Gecko/20100101 Firefox/89.0"
81.29.142.6 - - [24/Apr/2026:22:13:54 +0000] "GET /assets/images/fav.png HTTP/1.1" 200 16263 "-" "Mozilla/5.0 (Windows NT 10.0; Win64; x64; rv:89.0) Gecko/20100101 Firefox/89.0"
81.29.142.6 - - [24/Apr/2026:22:13:57 +0000] "GET /security.txt HTTP/1.1" 200 18747 "-" "Mozilla/5.0 (Windows NT 10.0; Win64; x64; rv:89.0) Gecko/20100101 Firefox/89.0"
81.29.142.6 - - [24/Apr/2026:22:13:59 +0000] "GET /assets/images/fav.png HTTP/1.1" 200 16263 "-" "Mozilla/5.0 (Windows NT 10.0; Win64; x64; rv:89.0) Gecko/20100101 Firefox/89.0"
193.186.4.224 - - [24/Apr/2026:22:14:38 +0000] "GET /event/Dentistry-Case-Reports-Journal.html HTTP/2" 200 5911 "https://www.google.com/" "Mozilla/5.0 (Macintosh; Intel Mac OS X 10_15_7) AppleWebKit/537.36 (KHTML, like Gecko) Chrome/145.0.0.0 Safari/537.36"
149.142.103.174 - - [24/Apr/2026:22:14:40 +0000] "GET /assets/css/custom.css HTTP/2" 200 1456 "https://www.literaturepublishers.org/event/Dentistry-Case-Reports-Journal.html" "Mozilla/5.0 (Macintosh; Intel Mac OS X 10_15_7) AppleWebKit/537.36 (KHTML, like Gecko) Chrome/145.0.0.0 Safari/537.36"
149.142.103.174 - - [24/Apr/2026:22:14:40 +0000] "GET /assets/css/style.css HTTP/2" 200 13141 "https://www.literaturepublishers.org/event/Dentistry-Case-Reports-Journal.html" "Mozilla/5.0 (Macintosh; Intel Mac OS X 10_15_7) AppleWebKit/537.36 (KHTML, like Gecko) Chrome/145.0.0.0 Safari/537.36"
149.142.103.174 - - [24/Apr/2026:22:14:40 +0000] "GET /assets/css/responsive.css HTTP/2" 200 2802 "https://www.literaturepublishers.org/event/Dentistry-Case-Reports-Journal.html" "Mozilla/5.0 (Macintosh; Intel Mac OS X 10_15_7) AppleWebKit/537.36 (KHTML, like Gecko) Chrome/145.0.0.0 Safari/537.36"
149.142.103.174 - - [24/Apr/2026:22:14:40 +0000] "GET /assets/images/f31dc4b60df688d9f5bdf93ce825f9e7.png HTTP/2" 200 8082 "https://www.literaturepublishers.org/event/Dentistry-Case-Reports-Journal.html" "Mozilla/5.0 (Macintosh; Intel Mac OS X 10_15_7) AppleWebKit/537.36 (KHTML, like Gecko) Chrome/145.0.0.0 Safari/537.36"
149.142.103.174 - - [24/Apr/2026:22:14:40 +0000] "GET /assets/images/events/WiJxzj_5Zbz8w_O3a91H_2PLf97_750605.png HTTP/2" 200 9803 "https://www.literaturepublishers.org/event/Dentistry-Case-Reports-Journal.html" "Mozilla/5.0 (Macintosh; Intel Mac OS X 10_15_7) AppleWebKit/537.36 (KHTML, like Gecko) Chrome/145.0.0.0 Safari/537.36"
149.142.103.174 - - [24/Apr/2026:22:14:40 +0000] "GET /assets/images/6a798b2c62d0f53f595e14354ed7fd65.png HTTP/2" 200 8082 "https://www.literaturepublishers.org/event/Dentistry-Case-Reports-Journal.html" "Mozilla/5.0 (Macintosh; Intel Mac OS X 10_15_7) AppleWebKit/537.36 (KHTML, like Gecko) Chrome/145.0.0.0 Safari/537.36"
149.142.103.174 - - [24/Apr/2026:22:14:40 +0000] "GET /assets/images/36bba7a1369676d26f05a0a51df46360.png HTTP/2" 200 6652 "https://www.literaturepublishers.org/event/Dentistry-Case-Reports-Journal.html" "Mozilla/5.0 (Macintosh; Intel Mac OS X 10_15_7) AppleWebKit/537.36 (KHTML, like Gecko) Chrome/145.0.0.0 Safari/537.36"
149.142.103.174 - - [24/Apr/2026:22:14:40 +0000] "GET /assets/js/popper.min.js HTTP/2" 200 6957 "https://www.literaturepublishers.org/event/Dentistry-Case-Reports-Journal.html" "Mozilla/5.0 (Macintosh; Intel Mac OS X 10_15_7) AppleWebKit/537.36 (KHTML, like Gecko) Chrome/145.0.0.0 Safari/537.36"
149.142.103.174 - - [24/Apr/2026:22:14:40 +0000] "GET /assets/js/validation.js HTTP/2" 200 11747 "https://www.literaturepublishers.org/event/Dentistry-Case-Reports-Journal.html" "Mozilla/5.0 (Macintosh; Intel Mac OS X 10_15_7) AppleWebKit/537.36 (KHTML, like Gecko) Chrome/145.0.0.0 Safari/537.36"
149.142.103.174 - - [24/Apr/2026:22:14:40 +0000] "GET /assets/js/owl.carousel.min.js HTTP/2" 200 10325 "https://www.literaturepublishers.org/event/Dentistry-Case-Reports-Journal.html" "Mozilla/5.0 (Macintosh; Intel Mac OS X 10_15_7) AppleWebKit/537.36 (KHTML, like Gecko) Chrome/145.0.0.0 Safari/537.36"
149.142.103.174 - - [24/Apr/2026:22:14:40 +0000] "GET /assets/js/isotope.js HTTP/2" 200 9890 "https://www.literaturepublishers.org/event/Dentistry-Case-Reports-Journal.html" "Mozilla/5.0 (Macintosh; Intel Mac OS X 10_15_7) AppleWebKit/537.36 (KHTML, like Gecko) Chrome/145.0.0.0 Safari/537.36"
149.142.103.174 - - [24/Apr/2026:22:14:40 +0000] "GET /assets/js/SmoothScroll.js HTTP/2" 200 6054 "https://www.literaturepublishers.org/event/Dentistry-Case-Reports-Journal.html" "Mozilla/5.0 (Macintosh; Intel Mac OS X 10_15_7) AppleWebKit/537.36 (KHTML, like Gecko) Chrome/145.0.0.0 Safari/537.36"
149.142.103.174 - - [24/Apr/2026:22:14:40 +0000] "GET /assets/js/wow.js HTTP/2" 200 2037 "https://www.literaturepublishers.org/event/Dentistry-Case-Reports-Journal.html" "Mozilla/5.0 (Macintosh; Intel Mac OS X 10_15_7) AppleWebKit/537.36 (KHTML, like Gecko) Chrome/145.0.0.0 Safari/537.36"
149.142.103.174 - - [24/Apr/2026:22:14:40 +0000] "GET /assets/js/script.js HTTP/2" 200 2221 "https://www.literaturepublishers.org/event/Dentistry-Case-Reports-Journal.html" "Mozilla/5.0 (Macintosh; Intel Mac OS X 10_15_7) AppleWebKit/537.36 (KHTML, like Gecko) Chrome/145.0.0.0 Safari/537.36"
149.142.103.174 - - [24/Apr/2026:22:14:40 +0000] "GET /assets/js/jquery.js HTTP/2" 200 32859 "https://www.literaturepublishers.org/event/Dentistry-Case-Reports-Journal.html" "Mozilla/5.0 (Macintosh; Intel Mac OS X 10_15_7) AppleWebKit/537.36 (KHTML, like Gecko) Chrome/145.0.0.0 Safari/537.36"
149.142.103.174 - - [24/Apr/2026:22:14:40 +0000] "GET /assets/js/html5lightbox.js HTTP/2" 200 16461 "https://www.literaturepublishers.org/event/Dentistry-Case-Reports-Journal.html" "Mozilla/5.0 (Macintosh; Intel Mac OS X 10_15_7) AppleWebKit/537.36 (KHTML, like Gecko) Chrome/145.0.0.0 Safari/537.36"
149.142.103.174 - - [24/Apr/2026:22:14:40 +0000] "GET /assets/js/bootstrap.min.js HTTP/2" 200 13383 "https://www.literaturepublishers.org/event/Dentistry-Case-Reports-Journal.html" "Mozilla/5.0 (Macintosh; Intel Mac OS X 10_15_7) AppleWebKit/537.36 (KHTML, like Gecko) Chrome/145.0.0.0 Safari/537.36"
149.142.103.174 - - [24/Apr/2026:22:14:40 +0000] "GET /assets/css/font-awesome.css HTTP/2" 200 6615 "https://www.literaturepublishers.org/assets/css/style.css" "Mozilla/5.0 (Macintosh; Intel Mac OS X 10_15_7) AppleWebKit/537.36 (KHTML, like Gecko) Chrome/145.0.0.0 Safari/537.36"
149.142.103.174 - - [24/Apr/2026:22:14:40 +0000] "GET /assets/css/flaticon.css HTTP/2" 200 501 "https://www.literaturepublishers.org/assets/css/style.css" "Mozilla/5.0 (Macintosh; Intel Mac OS X 10_15_7) AppleWebKit/537.36 (KHTML, like Gecko) Chrome/145.0.0.0 Safari/537.36"
149.142.103.174 - - [24/Apr/2026:22:14:40 +0000] "GET /assets/css/jquery.fancybox.min.css HTTP/2" 200 2938 "https://www.literaturepublishers.org/assets/css/style.css" "Mozilla/5.0 (Macintosh; Intel Mac OS X 10_15_7) AppleWebKit/537.36 (KHTML, like Gecko) Chrome/145.0.0.0 Safari/537.36"
149.142.103.174 - - [24/Apr/2026:22:14:40 +0000] "GET /assets/css/animate.css HTTP/2" 200 4537 "https://www.literaturepublishers.org/assets/css/style.css" "Mozilla/5.0 (Macintosh; Intel Mac OS X 10_15_7) AppleWebKit/537.36 (KHTML, like Gecko) Chrome/145.0.0.0 Safari/537.36"
149.142.103.174 - - [24/Apr/2026:22:14:40 +0000] "GET /assets/css/owl.css HTTP/2" 200 1237 "https://www.literaturepublishers.org/assets/css/style.css" "Mozilla/5.0 (Macintosh; Intel Mac OS X 10_15_7) AppleWebKit/537.36 (KHTML, like Gecko) Chrome/145.0.0.0 Safari/537.36"
149.142.103.174 - - [24/Apr/2026:22:14:40 +0000] "GET /assets/css/hover.css HTTP/2" 200 8101 "https://www.literaturepublishers.org/assets/css/style.css" "Mozilla/5.0 (Macintosh; Intel Mac OS X 10_15_7) AppleWebKit/537.36 (KHTML, like Gecko) Chrome/145.0.0.0 Safari/537.36"
149.142.103.174 - - [24/Apr/2026:22:14:40 +0000] "GET /assets/css/bootstrap.css HTTP/2" 200 20401 "https://www.literaturepublishers.org/assets/css/style.css" "Mozilla/5.0 (Macintosh; Intel Mac OS X 10_15_7) AppleWebKit/537.36 (KHTML, like Gecko) Chrome/145.0.0.0 Safari/537.36"
149.142.103.174 - - [24/Apr/2026:22:14:41 +0000] "GET /assets/images/background/page-title.jpg HTTP/2" 200 71999 "https://www.literaturepublishers.org/event/Dentistry-Case-Reports-Journal.html" "Mozilla/5.0 (Macintosh; Intel Mac OS X 10_15_7) AppleWebKit/537.36 (KHTML, like Gecko) Chrome/145.0.0.0 Safari/537.36"
149.142.103.174 - - [24/Apr/2026:22:14:41 +0000] "GET /assets/fonts/Flaticon.woff HTTP/2" 200 4448 "https://www.literaturepublishers.org/assets/css/flaticon.css" "Mozilla/5.0 (Macintosh; Intel Mac OS X 10_15_7) AppleWebKit/537.36 (KHTML, like Gecko) Chrome/145.0.0.0 Safari/537.36"
149.142.103.174 - - [24/Apr/2026:22:14:41 +0000] "GET /assets/fonts/fontawesome-webfont914c.woff2?v=4.6.1 HTTP/2" 200 70728 "https://www.literaturepublishers.org/assets/css/font-awesome.css" "Mozilla/5.0 (Macintosh; Intel Mac OS X 10_15_7) AppleWebKit/537.36 (KHTML, like Gecko) Chrome/145.0.0.0 Safari/537.36"
149.142.103.174 - - [24/Apr/2026:22:14:41 +0000] "GET /assets/js/froogaloop2.min.js HTTP/2" 200 3662 "https://www.literaturepublishers.org/event/Dentistry-Case-Reports-Journal.html" "Mozilla/5.0 (Macintosh; Intel Mac OS X 10_15_7) AppleWebKit/537.36 (KHTML, like Gecko) Chrome/145.0.0.0 Safari/537.36"
149.142.103.174 - - [24/Apr/2026:22:14:41 +0000] "GET /assets/js/icons/css/fontello.css HTTP/2" 200 3674 "https://www.literaturepublishers.org/event/Dentistry-Case-Reports-Journal.html" "Mozilla/5.0 (Macintosh; Intel Mac OS X 10_15_7) AppleWebKit/537.36 (KHTML, like Gecko) Chrome/145.0.0.0 Safari/537.36"
149.142.103.174 - - [24/Apr/2026:22:14:41 +0000] "GET /assets/images/fav.png HTTP/2" 200 16263 "https://www.literaturepublishers.org/event/Dentistry-Case-Reports-Journal.html" "Mozilla/5.0 (Macintosh; Intel Mac OS X 10_15_7) AppleWebKit/537.36 (KHTML, like Gecko) Chrome/145.0.0.0 Safari/537.36"
149.142.103.174 - - [24/Apr/2026:22:15:16 +0000] "GET /submit.html HTTP/2" 200 5775 "https://www.literaturepublishers.org/event/Dentistry-Case-Reports-Journal.html" "Mozilla/5.0 (Macintosh; Intel Mac OS X 10_15_7) AppleWebKit/537.36 (KHTML, like Gecko) Chrome/145.0.0.0 Safari/537.36"
149.142.103.174 - - [24/Apr/2026:22:15:16 +0000] "GET /assets/images/page-images/31d76b4690fa9bd86c469b2ce32ffd37.png HTTP/2" 200 30202 "https://www.literaturepublishers.org/submit.html" "Mozilla/5.0 (Macintosh; Intel Mac OS X 10_15_7) AppleWebKit/537.36 (KHTML, like Gecko) Chrome/145.0.0.0 Safari/537.36"
149.142.103.174 - - [24/Apr/2026:22:15:16 +0000] "GET /assets/images/background/about-pattern.png HTTP/2" 200 78653 "https://www.literaturepublishers.org/assets/css/style.css" "Mozilla/5.0 (Macintosh; Intel Mac OS X 10_15_7) AppleWebKit/537.36 (KHTML, like Gecko) Chrome/145.0.0.0 Safari/537.36"
149.142.103.174 - - [24/Apr/2026:22:15:16 +0000] "GET /assets/js/froogaloop2.min.js HTTP/2" 200 3662 "https://www.literaturepublishers.org/submit.html" "Mozilla/5.0 (Macintosh; Intel Mac OS X 10_15_7) AppleWebKit/537.36 (KHTML, like Gecko) Chrome/145.0.0.0 Safari/537.36"
149.142.103.174 - - [24/Apr/2026:22:15:16 +0000] "GET /assets/js/icons/css/fontello.css HTTP/2" 200 3674 "https://www.literaturepublishers.org/submit.html" "Mozilla/5.0 (Macintosh; Intel Mac OS X 10_15_7) AppleWebKit/537.36 (KHTML, like Gecko) Chrome/145.0.0.0 Safari/537.36"
43.173.181.60 - - [24/Apr/2026:22:15:33 +0000] "GET / HTTP/1.1" 200 16924 "-" "Mozilla/5.0 (Windows NT 10.0; Win64; x64) AppleWebKit/537.36 (KHTML, like Gecko) Chrome/116.0.0.0 Safari/537.36"
149.142.103.174 - - [24/Apr/2026:22:15:59 +0000] "GET /aim.html HTTP/2" 200 5553 "https://www.literaturepublishers.org/submit.html" "Mozilla/5.0 (Macintosh; Intel Mac OS X 10_15_7) AppleWebKit/537.36 (KHTML, like Gecko) Chrome/145.0.0.0 Safari/537.36"
149.142.103.174 - - [24/Apr/2026:22:15:59 +0000] "GET /assets/js/froogaloop2.min.js HTTP/2" 200 3661 "https://www.literaturepublishers.org/aim.html" "Mozilla/5.0 (Macintosh; Intel Mac OS X 10_15_7) AppleWebKit/537.36 (KHTML, like Gecko) Chrome/145.0.0.0 Safari/537.36"
149.142.103.174 - - [24/Apr/2026:22:15:59 +0000] "GET /assets/js/icons/css/fontello.css HTTP/2" 200 3674 "https://www.literaturepublishers.org/aim.html" "Mozilla/5.0 (Macintosh; Intel Mac OS X 10_15_7) AppleWebKit/537.36 (KHTML, like Gecko) Chrome/145.0.0.0 Safari/537.36"
149.142.103.174 - - [24/Apr/2026:22:16:44 +0000] "GET /event/Dentistry-Case-Reports-Journal.html HTTP/2" 200 5911 "https://www.literaturepublishers.org/aim.html" "Mozilla/5.0 (Macintosh; Intel Mac OS X 10_15_7) AppleWebKit/537.36 (KHTML, like Gecko) Chrome/145.0.0.0 Safari/537.36"
149.142.103.174 - - [24/Apr/2026:22:16:44 +0000] "GET /assets/js/froogaloop2.min.js HTTP/2" 200 3662 "https://www.literaturepublishers.org/event/Dentistry-Case-Reports-Journal.html" "Mozilla/5.0 (Macintosh; Intel Mac OS X 10_15_7) AppleWebKit/537.36 (KHTML, like Gecko) Chrome/145.0.0.0 Safari/537.36"
149.142.103.174 - - [24/Apr/2026:22:16:44 +0000] "GET /assets/js/icons/css/fontello.css HTTP/2" 200 3674 "https://www.literaturepublishers.org/event/Dentistry-Case-Reports-Journal.html" "Mozilla/5.0 (Macintosh; Intel Mac OS X 10_15_7) AppleWebKit/537.36 (KHTML, like Gecko) Chrome/145.0.0.0 Safari/537.36"
68.67.112.147 - - [24/Apr/2026:22:16:44 +0000] "GET /robots.txt HTTP/1.1" 301 795 "-" "Mozilla/5.0 AppleWebKit/537.36 (KHTML, like Gecko; compatible; YouBot/1.0; +https://docs.you.com/youbot; env:prod) Chrome/142.0.0.0 Safari/537.36"
68.67.112.147 - - [24/Apr/2026:22:16:45 +0000] "GET /robots.txt HTTP/1.1" 200 92 "-" "Mozilla/5.0 AppleWebKit/537.36 (KHTML, like Gecko; compatible; YouBot/1.0; +https://docs.you.com/youbot; env:prod) Chrome/142.0.0.0 Safari/537.36"
207.180.11.107 - - [24/Apr/2026:22:16:47 +0000] "GET /assets/images/articles/A9fuEz_s2VgMm_s0Wb9d_P35v72_537125.pdf HTTP/1.1" 200 175709 "-" "Mozilla/5.0 (Macintosh; Intel Mac OS X 10_15_7) AppleWebKit/537.36 (KHTML, like Gecko) Chrome/135.0.0.0 Safari/537.36"
149.142.103.174 - - [24/Apr/2026:22:17:15 +0000] "GET / HTTP/2" 200 14104 "https://www.literaturepublishers.org/event/Dentistry-Case-Reports-Journal.html" "Mozilla/5.0 (Macintosh; Intel Mac OS X 10_15_7) AppleWebKit/537.36 (KHTML, like Gecko) Chrome/145.0.0.0 Safari/537.36"
149.142.103.174 - - [24/Apr/2026:22:17:15 +0000] "GET /assets/images/our-team/0b1e31feacfb5c5a27a0aaa2c6ae7e04.jpg HTTP/2" 200 24303 "https://www.literaturepublishers.org/" "Mozilla/5.0 (Macintosh; Intel Mac OS X 10_15_7) AppleWebKit/537.36 (KHTML, like Gecko) Chrome/145.0.0.0 Safari/537.36"
149.142.103.174 - - [24/Apr/2026:22:17:15 +0000] "GET /assets/images/articles/FyCRmd_al7gXd_0LfY46_U9Ff9k_717512.png HTTP/2" 200 25642 "https://www.literaturepublishers.org/" "Mozilla/5.0 (Macintosh; Intel Mac OS X 10_15_7) AppleWebKit/537.36 (KHTML, like Gecko) Chrome/145.0.0.0 Safari/537.36"
149.142.103.174 - - [24/Apr/2026:22:17:16 +0000] "GET /assets/images/articles/1jomn5_67WMB2_N492wD_4ThF30_758856.png HTTP/2" 200 57545 "https://www.literaturepublishers.org/" "Mozilla/5.0 (Macintosh; Intel Mac OS X 10_15_7) AppleWebKit/537.36 (KHTML, like Gecko) Chrome/145.0.0.0 Safari/537.36"
149.142.103.174 - - [24/Apr/2026:22:17:16 +0000] "GET /assets/images/articles/519xVu_JiePx7_1gj456_f602AS_156617.jpg HTTP/2" 200 7788 "https://www.literaturepublishers.org/" "Mozilla/5.0 (Macintosh; Intel Mac OS X 10_15_7) AppleWebKit/537.36 (KHTML, like Gecko) Chrome/145.0.0.0 Safari/537.36"
149.142.103.174 - - [24/Apr/2026:22:17:16 +0000] "GET /assets/images/articles/WYTBpE_RNjkS1_a3AzYU_wsSx73_587614.jpg HTTP/2" 200 31026 "https://www.literaturepublishers.org/" "Mozilla/5.0 (Macintosh; Intel Mac OS X 10_15_7) AppleWebKit/537.36 (KHTML, like Gecko) Chrome/145.0.0.0 Safari/537.36"
149.142.103.174 - - [24/Apr/2026:22:17:16 +0000] "GET /assets/images/articles/6mEjRg_hS06qN_061bBv_k5rpAq_041171.jpg HTTP/2" 200 18498 "https://www.literaturepublishers.org/" "Mozilla/5.0 (Macintosh; Intel Mac OS X 10_15_7) AppleWebKit/537.36 (KHTML, like Gecko) Chrome/145.0.0.0 Safari/537.36"
149.142.103.174 - - [24/Apr/2026:22:17:16 +0000] "GET /assets/images/articles/F8d46Q_21lQVe_9hOQgD_6Vay5x_665699.png HTTP/2" 200 96905 "https://www.literaturepublishers.org/" "Mozilla/5.0 (Macintosh; Intel Mac OS X 10_15_7) AppleWebKit/537.36 (KHTML, like Gecko) Chrome/145.0.0.0 Safari/537.36"
149.142.103.174 - - [24/Apr/2026:22:17:16 +0000] "GET /assets/images/main-slider/fa5787ca65f463999afd8836567863f9.jpg HTTP/2" 200 162457 "https://www.literaturepublishers.org/" "Mozilla/5.0 (Macintosh; Intel Mac OS X 10_15_7) AppleWebKit/537.36 (KHTML, like Gecko) Chrome/145.0.0.0 Safari/537.36"
149.142.103.174 - - [24/Apr/2026:22:17:16 +0000] "GET /assets/images/main-slider/87f5582905234e0f88f8cbe7ddbb1263.jpg HTTP/2" 200 127841 "https://www.literaturepublishers.org/" "Mozilla/5.0 (Macintosh; Intel Mac OS X 10_15_7) AppleWebKit/537.36 (KHTML, like Gecko) Chrome/145.0.0.0 Safari/537.36"
149.142.103.174 - - [24/Apr/2026:22:17:16 +0000] "GET /assets/images/main-slider/e22f722d14546bacdfc6d715b27b4707.jpg HTTP/2" 200 127841 "https://www.literaturepublishers.org/" "Mozilla/5.0 (Macintosh; Intel Mac OS X 10_15_7) AppleWebKit/537.36 (KHTML, like Gecko) Chrome/145.0.0.0 Safari/537.36"
149.142.103.174 - - [24/Apr/2026:22:17:16 +0000] "GET /assets/js/icons/css/fontello.css HTTP/2" 200 3674 "https://www.literaturepublishers.org/" "Mozilla/5.0 (Macintosh; Intel Mac OS X 10_15_7) AppleWebKit/537.36 (KHTML, like Gecko) Chrome/145.0.0.0 Safari/537.36"
149.142.103.174 - - [24/Apr/2026:22:17:16 +0000] "GET /assets/images/main-slider/c9b89eea47e85994ed528e02e0bbe57e.jpg HTTP/2" 200 162457 "https://www.literaturepublishers.org/" "Mozilla/5.0 (Macintosh; Intel Mac OS X 10_15_7) AppleWebKit/537.36 (KHTML, like Gecko) Chrome/145.0.0.0 Safari/537.36"
149.142.103.174 - - [24/Apr/2026:22:17:16 +0000] "GET /assets/js/froogaloop2.min.js HTTP/2" 200 3662 "https://www.literaturepublishers.org/" "Mozilla/5.0 (Macintosh; Intel Mac OS X 10_15_7) AppleWebKit/537.36 (KHTML, like Gecko) Chrome/145.0.0.0 Safari/537.36"
66.249.73.202 - - [24/Apr/2026:22:17:50 +0000] "GET /archive/Hole-in-Heart:-An-Unexpected-Cause-of-Pleuritic-Chest-P HTTP/1.1" 200 3704 "-" "Mozilla/5.0 (Linux; Android 6.0.1; Nexus 5X Build/MMB29P) AppleWebKit/537.36 (KHTML, like Gecko) Chrome/146.0.7680.177 Mobile Safari/537.36 (compatible; GoogleOther)"
149.142.103.174 - - [24/Apr/2026:22:18:19 +0000] "GET /submit.html HTTP/2" 200 5775 "https://www.literaturepublishers.org/event/Dentistry-Case-Reports-Journal.html" "Mozilla/5.0 (Macintosh; Intel Mac OS X 10_15_7) AppleWebKit/537.36 (KHTML, like Gecko) Chrome/145.0.0.0 Safari/537.36"
149.142.103.174 - - [24/Apr/2026:22:18:19 +0000] "GET /assets/js/froogaloop2.min.js HTTP/2" 200 3662 "https://www.literaturepublishers.org/submit.html" "Mozilla/5.0 (Macintosh; Intel Mac OS X 10_15_7) AppleWebKit/537.36 (KHTML, like Gecko) Chrome/145.0.0.0 Safari/537.36"
149.142.103.174 - - [24/Apr/2026:22:18:19 +0000] "GET /assets/js/icons/css/fontello.css HTTP/2" 200 3672 "https://www.literaturepublishers.org/submit.html" "Mozilla/5.0 (Macintosh; Intel Mac OS X 10_15_7) AppleWebKit/537.36 (KHTML, like Gecko) Chrome/145.0.0.0 Safari/537.36"
51.68.107.151 - - [24/Apr/2026:22:18:39 +0000] "GET /robots.txt HTTP/1.1" 200 92 "-" "Mozilla/5.0 (compatible; MJ12bot/v2.0.5; http://mj12bot.com/)"
51.68.107.151 - - [24/Apr/2026:22:18:39 +0000] "GET / HTTP/1.1" 200 14104 "-" "Mozilla/5.0 (compatible; MJ12bot/v2.0.5; http://mj12bot.com/)"
23.98.142.178 - - [24/Apr/2026:22:19:30 +0000] "GET /instruction.html HTTP/2" 200 8086 "-" "Mozilla/5.0 AppleWebKit/537.36 (KHTML, like Gecko); compatible; ChatGPT-User/1.0; +https://openai.com/bot"
105.47.157.24 - - [24/Apr/2026:22:20:33 +0000] "GET /useful-link/journal-of-clinical-oncology-case-reports.html HTTP/2" 200 4350 "https://www.google.com/" "Mozilla/5.0 (iPhone; CPU iPhone OS 18_7 like Mac OS X) AppleWebKit/605.1.15 (KHTML, like Gecko) Version/26.3 Mobile/15E148 Safari/604.1"
105.47.157.24 - - [24/Apr/2026:22:20:33 +0000] "GET /assets/js/popper.min.js HTTP/2" 200 6957 "https://www.literaturepublishers.org/useful-link/journal-of-clinical-oncology-case-reports.html" "Mozilla/5.0 (iPhone; CPU iPhone OS 18_7 like Mac OS X) AppleWebKit/605.1.15 (KHTML, like Gecko) Version/26.3 Mobile/15E148 Safari/604.1"
105.47.157.24 - - [24/Apr/2026:22:20:33 +0000] "GET /assets/css/custom.css HTTP/2" 200 1456 "https://www.literaturepublishers.org/useful-link/journal-of-clinical-oncology-case-reports.html" "Mozilla/5.0 (iPhone; CPU iPhone OS 18_7 like Mac OS X) AppleWebKit/605.1.15 (KHTML, like Gecko) Version/26.3 Mobile/15E148 Safari/604.1"
105.47.157.24 - - [24/Apr/2026:22:20:33 +0000] "GET /assets/js/bootstrap.min.js HTTP/2" 200 13383 "https://www.literaturepublishers.org/useful-link/journal-of-clinical-oncology-case-reports.html" "Mozilla/5.0 (iPhone; CPU iPhone OS 18_7 like Mac OS X) AppleWebKit/605.1.15 (KHTML, like Gecko) Version/26.3 Mobile/15E148 Safari/604.1"
105.47.157.24 - - [24/Apr/2026:22:20:33 +0000] "GET /assets/css/style.css HTTP/2" 200 13141 "https://www.literaturepublishers.org/useful-link/journal-of-clinical-oncology-case-reports.html" "Mozilla/5.0 (iPhone; CPU iPhone OS 18_7 like Mac OS X) AppleWebKit/605.1.15 (KHTML, like Gecko) Version/26.3 Mobile/15E148 Safari/604.1"
105.47.157.24 - - [24/Apr/2026:22:20:33 +0000] "GET /assets/css/responsive.css HTTP/2" 200 2802 "https://www.literaturepublishers.org/useful-link/journal-of-clinical-oncology-case-reports.html" "Mozilla/5.0 (iPhone; CPU iPhone OS 18_7 like Mac OS X) AppleWebKit/605.1.15 (KHTML, like Gecko) Version/26.3 Mobile/15E148 Safari/604.1"
105.47.157.24 - - [24/Apr/2026:22:20:33 +0000] "GET /assets/js/owl.carousel.min.js HTTP/2" 200 10325 "https://www.literaturepublishers.org/useful-link/journal-of-clinical-oncology-case-reports.html" "Mozilla/5.0 (iPhone; CPU iPhone OS 18_7 like Mac OS X) AppleWebKit/605.1.15 (KHTML, like Gecko) Version/26.3 Mobile/15E148 Safari/604.1"
105.47.157.24 - - [24/Apr/2026:22:20:33 +0000] "GET /assets/js/isotope.js HTTP/2" 200 9890 "https://www.literaturepublishers.org/useful-link/journal-of-clinical-oncology-case-reports.html" "Mozilla/5.0 (iPhone; CPU iPhone OS 18_7 like Mac OS X) AppleWebKit/605.1.15 (KHTML, like Gecko) Version/26.3 Mobile/15E148 Safari/604.1"
105.47.157.24 - - [24/Apr/2026:22:20:33 +0000] "GET /assets/js/wow.js HTTP/2" 200 2037 "https://www.literaturepublishers.org/useful-link/journal-of-clinical-oncology-case-reports.html" "Mozilla/5.0 (iPhone; CPU iPhone OS 18_7 like Mac OS X) AppleWebKit/605.1.15 (KHTML, like Gecko) Version/26.3 Mobile/15E148 Safari/604.1"
105.47.157.24 - - [24/Apr/2026:22:20:33 +0000] "GET /assets/js/validation.js HTTP/2" 200 11747 "https://www.literaturepublishers.org/useful-link/journal-of-clinical-oncology-case-reports.html" "Mozilla/5.0 (iPhone; CPU iPhone OS 18_7 like Mac OS X) AppleWebKit/605.1.15 (KHTML, like Gecko) Version/26.3 Mobile/15E148 Safari/604.1"
105.47.157.24 - - [24/Apr/2026:22:20:33 +0000] "GET /assets/js/jquery.js HTTP/2" 200 32859 "https://www.literaturepublishers.org/useful-link/journal-of-clinical-oncology-case-reports.html" "Mozilla/5.0 (iPhone; CPU iPhone OS 18_7 like Mac OS X) AppleWebKit/605.1.15 (KHTML, like Gecko) Version/26.3 Mobile/15E148 Safari/604.1"
105.47.157.24 - - [24/Apr/2026:22:20:33 +0000] "GET /assets/js/html5lightbox.js HTTP/2" 200 16461 "https://www.literaturepublishers.org/useful-link/journal-of-clinical-oncology-case-reports.html" "Mozilla/5.0 (iPhone; CPU iPhone OS 18_7 like Mac OS X) AppleWebKit/605.1.15 (KHTML, like Gecko) Version/26.3 Mobile/15E148 Safari/604.1"
105.47.157.24 - - [24/Apr/2026:22:20:33 +0000] "GET /assets/js/SmoothScroll.js HTTP/2" 200 6054 "https://www.literaturepublishers.org/useful-link/journal-of-clinical-oncology-case-reports.html" "Mozilla/5.0 (iPhone; CPU iPhone OS 18_7 like Mac OS X) AppleWebKit/605.1.15 (KHTML, like Gecko) Version/26.3 Mobile/15E148 Safari/604.1"
105.47.157.24 - - [24/Apr/2026:22:20:33 +0000] "GET /assets/js/script.js HTTP/2" 200 2221 "https://www.literaturepublishers.org/useful-link/journal-of-clinical-oncology-case-reports.html" "Mozilla/5.0 (iPhone; CPU iPhone OS 18_7 like Mac OS X) AppleWebKit/605.1.15 (KHTML, like Gecko) Version/26.3 Mobile/15E148 Safari/604.1"
105.47.157.24 - - [24/Apr/2026:22:20:34 +0000] "GET /assets/css/owl.css HTTP/2" 200 1237 "https://www.literaturepublishers.org/useful-link/journal-of-clinical-oncology-case-reports.html" "Mozilla/5.0 (iPhone; CPU iPhone OS 18_7 like Mac OS X) AppleWebKit/605.1.15 (KHTML, like Gecko) Version/26.3 Mobile/15E148 Safari/604.1"
105.47.157.24 - - [24/Apr/2026:22:20:34 +0000] "GET /assets/css/jquery.fancybox.min.css HTTP/2" 200 2938 "https://www.literaturepublishers.org/useful-link/journal-of-clinical-oncology-case-reports.html" "Mozilla/5.0 (iPhone; CPU iPhone OS 18_7 like Mac OS X) AppleWebKit/605.1.15 (KHTML, like Gecko) Version/26.3 Mobile/15E148 Safari/604.1"
105.47.157.24 - - [24/Apr/2026:22:20:34 +0000] "GET /assets/css/flaticon.css HTTP/2" 200 501 "https://www.literaturepublishers.org/useful-link/journal-of-clinical-oncology-case-reports.html" "Mozilla/5.0 (iPhone; CPU iPhone OS 18_7 like Mac OS X) AppleWebKit/605.1.15 (KHTML, like Gecko) Version/26.3 Mobile/15E148 Safari/604.1"
105.47.157.24 - - [24/Apr/2026:22:20:34 +0000] "GET /assets/css/font-awesome.css HTTP/2" 200 6615 "https://www.literaturepublishers.org/useful-link/journal-of-clinical-oncology-case-reports.html" "Mozilla/5.0 (iPhone; CPU iPhone OS 18_7 like Mac OS X) AppleWebKit/605.1.15 (KHTML, like Gecko) Version/26.3 Mobile/15E148 Safari/604.1"
105.47.157.24 - - [24/Apr/2026:22:20:34 +0000] "GET /assets/css/animate.css HTTP/2" 200 4537 "https://www.literaturepublishers.org/useful-link/journal-of-clinical-oncology-case-reports.html" "Mozilla/5.0 (iPhone; CPU iPhone OS 18_7 like Mac OS X) AppleWebKit/605.1.15 (KHTML, like Gecko) Version/26.3 Mobile/15E148 Safari/604.1"
105.47.157.24 - - [24/Apr/2026:22:20:34 +0000] "GET /assets/css/hover.css HTTP/2" 200 8101 "https://www.literaturepublishers.org/useful-link/journal-of-clinical-oncology-case-reports.html" "Mozilla/5.0 (iPhone; CPU iPhone OS 18_7 like Mac OS X) AppleWebKit/605.1.15 (KHTML, like Gecko) Version/26.3 Mobile/15E148 Safari/604.1"
105.47.157.24 - - [24/Apr/2026:22:20:34 +0000] "GET /assets/css/bootstrap.css HTTP/2" 200 20401 "https://www.literaturepublishers.org/useful-link/journal-of-clinical-oncology-case-reports.html" "Mozilla/5.0 (iPhone; CPU iPhone OS 18_7 like Mac OS X) AppleWebKit/605.1.15 (KHTML, like Gecko) Version/26.3 Mobile/15E148 Safari/604.1"
105.47.157.24 - - [24/Apr/2026:22:20:34 +0000] "GET /assets/images/f31dc4b60df688d9f5bdf93ce825f9e7.png HTTP/2" 200 8082 "https://www.literaturepublishers.org/useful-link/journal-of-clinical-oncology-case-reports.html" "Mozilla/5.0 (iPhone; CPU iPhone OS 18_7 like Mac OS X) AppleWebKit/605.1.15 (KHTML, like Gecko) Version/26.3 Mobile/15E148 Safari/604.1"
105.47.157.24 - - [24/Apr/2026:22:20:34 +0000] "GET /assets/images/6a798b2c62d0f53f595e14354ed7fd65.png HTTP/2" 200 8082 "https://www.literaturepublishers.org/useful-link/journal-of-clinical-oncology-case-reports.html" "Mozilla/5.0 (iPhone; CPU iPhone OS 18_7 like Mac OS X) AppleWebKit/605.1.15 (KHTML, like Gecko) Version/26.3 Mobile/15E148 Safari/604.1"
105.47.157.24 - - [24/Apr/2026:22:20:34 +0000] "GET /assets/fonts/Flaticon.svg HTTP/2" 200 12696 "https://www.literaturepublishers.org/useful-link/journal-of-clinical-oncology-case-reports.html" "Mozilla/5.0 (iPhone; CPU iPhone OS 18_7 like Mac OS X) AppleWebKit/605.1.15 (KHTML, like Gecko) Version/26.3 Mobile/15E148 Safari/604.1"
105.47.157.24 - - [24/Apr/2026:22:20:34 +0000] "GET /assets/fonts/fontawesome-webfont914c.woff2?v=4.6.1 HTTP/2" 200 70728 "https://www.literaturepublishers.org/useful-link/journal-of-clinical-oncology-case-reports.html" "Mozilla/5.0 (iPhone; CPU iPhone OS 18_7 like Mac OS X) AppleWebKit/605.1.15 (KHTML, like Gecko) Version/26.3 Mobile/15E148 Safari/604.1"
105.47.157.24 - - [24/Apr/2026:22:20:34 +0000] "GET /assets/js/froogaloop2.min.js HTTP/2" 200 3662 "https://www.literaturepublishers.org/useful-link/journal-of-clinical-oncology-case-reports.html" "Mozilla/5.0 (iPhone; CPU iPhone OS 18_7 like Mac OS X) AppleWebKit/605.1.15 (KHTML, like Gecko) Version/26.3 Mobile/15E148 Safari/604.1"
105.47.157.24 - - [24/Apr/2026:22:20:34 +0000] "GET /assets/js/icons/css/fontello.css HTTP/2" 200 3674 "https://www.literaturepublishers.org/useful-link/journal-of-clinical-oncology-case-reports.html" "Mozilla/5.0 (iPhone; CPU iPhone OS 18_7 like Mac OS X) AppleWebKit/605.1.15 (KHTML, like Gecko) Version/26.3 Mobile/15E148 Safari/604.1"
105.47.157.24 - - [24/Apr/2026:22:20:34 +0000] "GET /assets/images/background/page-title.jpg HTTP/2" 200 71999 "https://www.literaturepublishers.org/useful-link/journal-of-clinical-oncology-case-reports.html" "Mozilla/5.0 (iPhone; CPU iPhone OS 18_7 like Mac OS X) AppleWebKit/605.1.15 (KHTML, like Gecko) Version/26.3 Mobile/15E148 Safari/604.1"
105.47.157.24 - - [24/Apr/2026:22:20:34 +0000] "GET /assets/images/36bba7a1369676d26f05a0a51df46360.png HTTP/2" 200 6652 "https://www.literaturepublishers.org/useful-link/journal-of-clinical-oncology-case-reports.html" "Mozilla/5.0 (iPhone; CPU iPhone OS 18_7 like Mac OS X) AppleWebKit/605.1.15 (KHTML, like Gecko) Version/26.3 Mobile/15E148 Safari/604.1"
181.94.227.212 - - [24/Apr/2026:22:20:37 +0000] "GET /archive/Mondor-Disease:-A-Rare-Diagnosis.html HTTP/1.1" 200 5098 "-" "Mozilla/5.0 (Windows NT 10.0; Win64; x64) AppleWebKit/537.36 (KHTML, like Gecko) Chrome/100.0.4896.75 Safari/537.36"
105.47.157.24 - - [24/Apr/2026:22:20:37 +0000] "GET /assets/images/fav.png HTTP/2" 200 16263 "https://www.literaturepublishers.org/useful-link/journal-of-clinical-oncology-case-reports.html" "Mozilla/5.0 (iPhone; CPU iPhone OS 18_7 like Mac OS X) AppleWebKit/605.1.15 (KHTML, like Gecko) Version/26.3 Mobile/15E148 Safari/604.1"
20.169.78.123 - - [24/Apr/2026:22:21:00 +0000] "GET /assets/images/articles/sGt86n_4Jj32D_8t6cqb_DqPN0M_262911.pdf HTTP/2" 200 368045 "-" "Mozilla/5.0 AppleWebKit/537.36 (KHTML, like Gecko); compatible; ChatGPT-User/1.0; +https://openai.com/bot"
20.169.78.119 - - [24/Apr/2026:22:21:37 +0000] "GET / HTTP/2" 301 795 "-" "Mozilla/5.0 AppleWebKit/537.36 (KHTML, like Gecko); compatible; ChatGPT-User/1.0; +https://openai.com/bot"
20.169.78.119 - - [24/Apr/2026:22:21:37 +0000] "GET / HTTP/2" 301 795 "-" "Mozilla/5.0 AppleWebKit/537.36 (KHTML, like Gecko); compatible; ChatGPT-User/1.0; +https://openai.com/bot"
20.169.78.119 - - [24/Apr/2026:22:21:37 +0000] "GET / HTTP/2" 301 795 "-" "Mozilla/5.0 AppleWebKit/537.36 (KHTML, like Gecko); compatible; ChatGPT-User/1.0; +https://openai.com/bot"
20.169.78.119 - - [24/Apr/2026:22:21:37 +0000] "GET / HTTP/2" 301 795 "-" "Mozilla/5.0 AppleWebKit/537.36 (KHTML, like Gecko); compatible; ChatGPT-User/1.0; +https://openai.com/bot"
20.169.78.118 - - [24/Apr/2026:22:21:37 +0000] "GET / HTTP/2" 301 795 "-" "Mozilla/5.0 AppleWebKit/537.36 (KHTML, like Gecko); compatible; ChatGPT-User/1.0; +https://openai.com/bot"
20.169.78.118 - - [24/Apr/2026:22:21:37 +0000] "GET / HTTP/2" 301 795 "-" "Mozilla/5.0 AppleWebKit/537.36 (KHTML, like Gecko); compatible; ChatGPT-User/1.0; +https://openai.com/bot"
20.169.78.118 - - [24/Apr/2026:22:21:37 +0000] "GET / HTTP/2" 301 795 "-" "Mozilla/5.0 AppleWebKit/537.36 (KHTML, like Gecko); compatible; ChatGPT-User/1.0; +https://openai.com/bot"
20.169.78.127 - - [24/Apr/2026:22:21:37 +0000] "GET / HTTP/2" 301 795 "-" "Mozilla/5.0 AppleWebKit/537.36 (KHTML, like Gecko); compatible; ChatGPT-User/1.0; +https://openai.com/bot"
20.169.78.127 - - [24/Apr/2026:22:21:37 +0000] "GET / HTTP/2" 301 795 "-" "Mozilla/5.0 AppleWebKit/537.36 (KHTML, like Gecko); compatible; ChatGPT-User/1.0; +https://openai.com/bot"
20.169.78.119 - - [24/Apr/2026:22:21:38 +0000] "GET / HTTP/2" 200 14104 "-" "Mozilla/5.0 AppleWebKit/537.36 (KHTML, like Gecko); compatible; ChatGPT-User/1.0; +https://openai.com/bot"
20.169.78.118 - - [24/Apr/2026:22:21:38 +0000] "GET / HTTP/2" 200 14104 "-" "Mozilla/5.0 AppleWebKit/537.36 (KHTML, like Gecko); compatible; ChatGPT-User/1.0; +https://openai.com/bot"
20.169.78.118 - - [24/Apr/2026:22:21:38 +0000] "GET / HTTP/2" 200 14104 "-" "Mozilla/5.0 AppleWebKit/537.36 (KHTML, like Gecko); compatible; ChatGPT-User/1.0; +https://openai.com/bot"
20.169.78.118 - - [24/Apr/2026:22:21:38 +0000] "GET / HTTP/2" 200 14104 "-" "Mozilla/5.0 AppleWebKit/537.36 (KHTML, like Gecko); compatible; ChatGPT-User/1.0; +https://openai.com/bot"
20.169.78.119 - - [24/Apr/2026:22:21:38 +0000] "GET / HTTP/2" 200 14104 "-" "Mozilla/5.0 AppleWebKit/537.36 (KHTML, like Gecko); compatible; ChatGPT-User/1.0; +https://openai.com/bot"
20.169.78.118 - - [24/Apr/2026:22:21:38 +0000] "GET / HTTP/2" 200 14104 "-" "Mozilla/5.0 AppleWebKit/537.36 (KHTML, like Gecko); compatible; ChatGPT-User/1.0; +https://openai.com/bot"
20.169.78.112 - - [24/Apr/2026:22:21:38 +0000] "GET / HTTP/2" 200 14104 "-" "Mozilla/5.0 AppleWebKit/537.36 (KHTML, like Gecko); compatible; ChatGPT-User/1.0; +https://openai.com/bot"
20.169.78.112 - - [24/Apr/2026:22:21:38 +0000] "GET / HTTP/2" 200 14104 "-" "Mozilla/5.0 AppleWebKit/537.36 (KHTML, like Gecko); compatible; ChatGPT-User/1.0; +https://openai.com/bot"
20.169.78.127 - - [24/Apr/2026:22:21:38 +0000] "GET / HTTP/2" 200 14104 "-" "Mozilla/5.0 AppleWebKit/537.36 (KHTML, like Gecko); compatible; ChatGPT-User/1.0; +https://openai.com/bot"
68.67.112.38 - - [24/Apr/2026:22:22:38 +0000] "GET /robots.txt HTTP/1.1" 301 795 "-" "Mozilla/5.0 AppleWebKit/537.36 (KHTML, like Gecko; compatible; YouBot/1.0; +https://docs.you.com/youbot; env:prod) Chrome/142.0.0.0 Safari/537.36"
68.67.112.38 - - [24/Apr/2026:22:22:39 +0000] "GET /robots.txt HTTP/1.1" 200 92 "-" "Mozilla/5.0 AppleWebKit/537.36 (KHTML, like Gecko; compatible; YouBot/1.0; +https://docs.you.com/youbot; env:prod) Chrome/142.0.0.0 Safari/537.36"
85.208.96.205 - - [24/Apr/2026:22:22:40 +0000] "GET /robots.txt HTTP/1.1" 200 92 "-" "Mozilla/5.0 (compatible; SemrushBot/7~bl; +http://www.semrush.com/bot.html)"
85.208.96.207 - - [24/Apr/2026:22:22:42 +0000] "GET /useful-link/clinical-images-submission-sample-of-journal-free-pdf-example.html HTTP/1.1" 200 4813 "-" "Mozilla/5.0 (compatible; SemrushBot/7~bl; +http://www.semrush.com/bot.html)"
