88.1.196.223 - - [24/Apr/2026:21:23:52 +0000] "GET /assets/js/icons/css/fontello.css HTTP/3" 200 3674 "https://www.literaturepublishers.org/board.html" "Mozilla/5.0 (Linux; Android 10; K) AppleWebKit/537.36 (KHTML, like Gecko) Chrome/147.0.0.0 Mobile Safari/537.36"
88.1.196.223 - - [24/Apr/2026:21:23:52 +0000] "GET /assets/js/froogaloop2.min.js HTTP/3" 200 3662 "https://www.literaturepublishers.org/board.html" "Mozilla/5.0 (Linux; Android 10; K) AppleWebKit/537.36 (KHTML, like Gecko) Chrome/147.0.0.0 Mobile Safari/537.36"
88.1.196.223 - - [24/Apr/2026:21:23:52 +0000] "GET /assets/images/our-team/d0501ef98397b24e6d3e0e423560ea69.png HTTP/3" 200 161072 "https://www.literaturepublishers.org/board.html" "Mozilla/5.0 (Linux; Android 10; K) AppleWebKit/537.36 (KHTML, like Gecko) Chrome/147.0.0.0 Mobile Safari/537.36"
88.1.196.223 - - [24/Apr/2026:21:23:52 +0000] "GET /assets/images/our-team/500352ae7a1faeb702263711493e679b.png HTTP/3" 200 157965 "https://www.literaturepublishers.org/board.html" "Mozilla/5.0 (Linux; Android 10; K) AppleWebKit/537.36 (KHTML, like Gecko) Chrome/147.0.0.0 Mobile Safari/537.36"
88.1.196.223 - - [24/Apr/2026:21:23:52 +0000] "GET /assets/images/our-team/4eb2441df30f36d449d40d313babd804.jpg HTTP/3" 200 19962 "https://www.literaturepublishers.org/board.html" "Mozilla/5.0 (Linux; Android 10; K) AppleWebKit/537.36 (KHTML, like Gecko) Chrome/147.0.0.0 Mobile Safari/537.36"
88.1.196.223 - - [24/Apr/2026:21:23:52 +0000] "GET /assets/images/our-team/70dcf506920d8c1f438a036d5fc46601.jpg HTTP/3" 200 19224 "https://www.literaturepublishers.org/board.html" "Mozilla/5.0 (Linux; Android 10; K) AppleWebKit/537.36 (KHTML, like Gecko) Chrome/147.0.0.0 Mobile Safari/537.36"
88.1.196.223 - - [24/Apr/2026:21:23:52 +0000] "GET /assets/images/our-team/8c6872a7d71571fd6549b007e228311a.jpg HTTP/3" 200 25363 "https://www.literaturepublishers.org/board.html" "Mozilla/5.0 (Linux; Android 10; K) AppleWebKit/537.36 (KHTML, like Gecko) Chrome/147.0.0.0 Mobile Safari/537.36"
88.1.196.223 - - [24/Apr/2026:21:23:52 +0000] "GET /assets/images/our-team/2994d0f5005e05d47fdf227c2611defa.jpg HTTP/3" 200 32878 "https://www.literaturepublishers.org/board.html" "Mozilla/5.0 (Linux; Android 10; K) AppleWebKit/537.36 (KHTML, like Gecko) Chrome/147.0.0.0 Mobile Safari/537.36"
88.1.196.223 - - [24/Apr/2026:21:23:52 +0000] "GET /assets/images/our-team/22ba7051876b6b7b619d7e02603551d7.jpeg HTTP/3" 200 35734 "https://www.literaturepublishers.org/board.html" "Mozilla/5.0 (Linux; Android 10; K) AppleWebKit/537.36 (KHTML, like Gecko) Chrome/147.0.0.0 Mobile Safari/537.36"
88.1.196.223 - - [24/Apr/2026:21:23:52 +0000] "GET /assets/images/our-team/N1onQq_VEPMaI_Pu6ATZ_j4gQSW_678517.jpeg HTTP/3" 200 43417 "https://www.literaturepublishers.org/board.html" "Mozilla/5.0 (Linux; Android 10; K) AppleWebKit/537.36 (KHTML, like Gecko) Chrome/147.0.0.0 Mobile Safari/537.36"
88.1.196.223 - - [24/Apr/2026:21:23:52 +0000] "GET /assets/images/our-team/0507cebfc72d0c049f8641cd1778f39e.jpg HTTP/3" 200 39228 "https://www.literaturepublishers.org/board.html" "Mozilla/5.0 (Linux; Android 10; K) AppleWebKit/537.36 (KHTML, like Gecko) Chrome/147.0.0.0 Mobile Safari/537.36"
88.1.196.223 - - [24/Apr/2026:21:23:52 +0000] "GET /assets/images/our-team/YqULy9_G4F2w1_Lfe3j2_xdX34V_196693.jpeg HTTP/3" 200 62494 "https://www.literaturepublishers.org/board.html" "Mozilla/5.0 (Linux; Android 10; K) AppleWebKit/537.36 (KHTML, like Gecko) Chrome/147.0.0.0 Mobile Safari/537.36"
88.1.196.223 - - [24/Apr/2026:21:23:52 +0000] "GET /assets/images/our-team/7dee358c9c92df274233e53f0902227a.png HTTP/3" 200 84551 "https://www.literaturepublishers.org/board.html" "Mozilla/5.0 (Linux; Android 10; K) AppleWebKit/537.36 (KHTML, like Gecko) Chrome/147.0.0.0 Mobile Safari/537.36"
88.1.196.223 - - [24/Apr/2026:21:23:52 +0000] "GET /assets/images/our-team/71ab13f850a0a3937c41a8169a350ba4.png HTTP/3" 200 105853 "https://www.literaturepublishers.org/board.html" "Mozilla/5.0 (Linux; Android 10; K) AppleWebKit/537.36 (KHTML, like Gecko) Chrome/147.0.0.0 Mobile Safari/537.36"
88.1.196.223 - - [24/Apr/2026:21:23:52 +0000] "GET /assets/images/our-team/135376380081fc60c27e47530e44ce99.png HTTP/3" 200 127194 "https://www.literaturepublishers.org/board.html" "Mozilla/5.0 (Linux; Android 10; K) AppleWebKit/537.36 (KHTML, like Gecko) Chrome/147.0.0.0 Mobile Safari/537.36"
88.1.196.223 - - [24/Apr/2026:21:23:52 +0000] "GET /assets/images/our-team/a5d70bbcb04294a953ede0f6b86055af.png HTTP/3" 200 115349 "https://www.literaturepublishers.org/board.html" "Mozilla/5.0 (Linux; Android 10; K) AppleWebKit/537.36 (KHTML, like Gecko) Chrome/147.0.0.0 Mobile Safari/537.36"
88.1.196.223 - - [24/Apr/2026:21:23:52 +0000] "GET /assets/images/our-team/5da7db665d7890bfefdcc7212b9a7241.png HTTP/3" 200 157577 "https://www.literaturepublishers.org/board.html" "Mozilla/5.0 (Linux; Android 10; K) AppleWebKit/537.36 (KHTML, like Gecko) Chrome/147.0.0.0 Mobile Safari/537.36"
88.1.196.223 - - [24/Apr/2026:21:23:52 +0000] "GET /assets/images/our-team/6926446238d75f416f252b31df15c12c.png HTTP/3" 200 121807 "https://www.literaturepublishers.org/board.html" "Mozilla/5.0 (Linux; Android 10; K) AppleWebKit/537.36 (KHTML, like Gecko) Chrome/147.0.0.0 Mobile Safari/537.36"
88.1.196.223 - - [24/Apr/2026:21:23:52 +0000] "GET /assets/images/our-team/1Mrk6Q_GI0dy8_taPek7_nlX16q_787266.png HTTP/3" 200 142000 "https://www.literaturepublishers.org/board.html" "Mozilla/5.0 (Linux; Android 10; K) AppleWebKit/537.36 (KHTML, like Gecko) Chrome/147.0.0.0 Mobile Safari/537.36"
88.1.196.223 - - [24/Apr/2026:21:23:52 +0000] "GET /assets/images/our-team/WM51P4_1MXA5v_nDkA4Y_Mi9jq4_621814.png HTTP/3" 200 153070 "https://www.literaturepublishers.org/board.html" "Mozilla/5.0 (Linux; Android 10; K) AppleWebKit/537.36 (KHTML, like Gecko) Chrome/147.0.0.0 Mobile Safari/537.36"
88.1.196.223 - - [24/Apr/2026:21:23:52 +0000] "GET /assets/images/our-team/eZm1VU_tB62NK_Wi4bDz_rnoviz_625961.png HTTP/3" 200 137052 "https://www.literaturepublishers.org/board.html" "Mozilla/5.0 (Linux; Android 10; K) AppleWebKit/537.36 (KHTML, like Gecko) Chrome/147.0.0.0 Mobile Safari/537.36"
88.1.196.223 - - [24/Apr/2026:21:23:52 +0000] "GET /assets/images/our-team/K2g3M2_5AI2X7_pN86UX_cCTKf8_699416.png HTTP/3" 200 173010 "https://www.literaturepublishers.org/board.html" "Mozilla/5.0 (Linux; Android 10; K) AppleWebKit/537.36 (KHTML, like Gecko) Chrome/147.0.0.0 Mobile Safari/537.36"
88.1.196.223 - - [24/Apr/2026:21:23:52 +0000] "GET /assets/images/our-team/JAjC82_HE1aUz_216TwE_o3679G_051116.png HTTP/3" 200 171471 "https://www.literaturepublishers.org/board.html" "Mozilla/5.0 (Linux; Android 10; K) AppleWebKit/537.36 (KHTML, like Gecko) Chrome/147.0.0.0 Mobile Safari/537.36"
88.1.196.223 - - [24/Apr/2026:21:23:52 +0000] "GET /assets/images/our-team/5511c4d1892b279ac38da3c310b82e77.png HTTP/3" 200 137375 "https://www.literaturepublishers.org/board.html" "Mozilla/5.0 (Linux; Android 10; K) AppleWebKit/537.36 (KHTML, like Gecko) Chrome/147.0.0.0 Mobile Safari/537.36"
88.1.196.223 - - [24/Apr/2026:21:23:52 +0000] "GET /assets/images/our-team/e3BP4o_PLZEzN_797mkT_qPl2in_386940.png HTTP/3" 200 189845 "https://www.literaturepublishers.org/board.html" "Mozilla/5.0 (Linux; Android 10; K) AppleWebKit/537.36 (KHTML, like Gecko) Chrome/147.0.0.0 Mobile Safari/537.36"
88.1.196.223 - - [24/Apr/2026:21:23:52 +0000] "GET /assets/images/our-team/081abece972780bcb360c086c804ac37.png HTTP/3" 200 196403 "https://www.literaturepublishers.org/board.html" "Mozilla/5.0 (Linux; Android 10; K) AppleWebKit/537.36 (KHTML, like Gecko) Chrome/147.0.0.0 Mobile Safari/537.36"
88.1.196.223 - - [24/Apr/2026:21:23:52 +0000] "GET /assets/images/our-team/Oi0n7K_r3C5U4_FQOT2U_BvoZJ6_919871.png HTTP/3" 200 165313 "https://www.literaturepublishers.org/board.html" "Mozilla/5.0 (Linux; Android 10; K) AppleWebKit/537.36 (KHTML, like Gecko) Chrome/147.0.0.0 Mobile Safari/537.36"
88.1.196.223 - - [24/Apr/2026:21:23:52 +0000] "GET /assets/images/our-team/rm3kIS_GZ627U_bzxNY6_3gd601_921276.png HTTP/3" 200 156631 "https://www.literaturepublishers.org/board.html" "Mozilla/5.0 (Linux; Android 10; K) AppleWebKit/537.36 (KHTML, like Gecko) Chrome/147.0.0.0 Mobile Safari/537.36"
88.1.196.223 - - [24/Apr/2026:21:23:52 +0000] "GET /assets/images/our-team/K5Mp7d_a3cKhq_CJY7nU_0ZU9Mt_206746.png HTTP/3" 200 182683 "https://www.literaturepublishers.org/board.html" "Mozilla/5.0 (Linux; Android 10; K) AppleWebKit/537.36 (KHTML, like Gecko) Chrome/147.0.0.0 Mobile Safari/537.36"
88.1.196.223 - - [24/Apr/2026:21:23:52 +0000] "GET /assets/images/our-team/51j8uf_5235Bq_zI0137_7ngAZU_648569.png HTTP/3" 200 209258 "https://www.literaturepublishers.org/board.html" "Mozilla/5.0 (Linux; Android 10; K) AppleWebKit/537.36 (KHTML, like Gecko) Chrome/147.0.0.0 Mobile Safari/537.36"
88.1.196.223 - - [24/Apr/2026:21:23:52 +0000] "GET /assets/images/our-team/P2Cvah_U1l0Jr_14Ac26_uL3164_163413.png HTTP/3" 200 154902 "https://www.literaturepublishers.org/board.html" "Mozilla/5.0 (Linux; Android 10; K) AppleWebKit/537.36 (KHTML, like Gecko) Chrome/147.0.0.0 Mobile Safari/537.36"
88.1.196.223 - - [24/Apr/2026:21:23:52 +0000] "GET /assets/images/our-team/pXbPxo_ht16dm_K69049_4kqKXR_291855.png HTTP/3" 200 203074 "https://www.literaturepublishers.org/board.html" "Mozilla/5.0 (Linux; Android 10; K) AppleWebKit/537.36 (KHTML, like Gecko) Chrome/147.0.0.0 Mobile Safari/537.36"
88.1.196.223 - - [24/Apr/2026:21:23:52 +0000] "GET /assets/images/our-team/1eK83v_v2EW5t_3SOVsX_9aZPFE_536914.png HTTP/3" 200 232474 "https://www.literaturepublishers.org/board.html" "Mozilla/5.0 (Linux; Android 10; K) AppleWebKit/537.36 (KHTML, like Gecko) Chrome/147.0.0.0 Mobile Safari/537.36"
88.1.196.223 - - [24/Apr/2026:21:23:52 +0000] "GET /assets/images/our-team/I28w04_ng9Jx5_14Vj8G_e4xFwE_685455.png HTTP/3" 200 229449 "https://www.literaturepublishers.org/board.html" "Mozilla/5.0 (Linux; Android 10; K) AppleWebKit/537.36 (KHTML, like Gecko) Chrome/147.0.0.0 Mobile Safari/537.36"
88.1.196.223 - - [24/Apr/2026:21:23:52 +0000] "GET /assets/images/our-team/f9dbb80c7f314fdc5dc513089c2c48b7.png HTTP/3" 200 192364 "https://www.literaturepublishers.org/board.html" "Mozilla/5.0 (Linux; Android 10; K) AppleWebKit/537.36 (KHTML, like Gecko) Chrome/147.0.0.0 Mobile Safari/537.36"
88.1.196.223 - - [24/Apr/2026:21:24:14 +0000] "GET / HTTP/3" 200 14104 "https://www.literaturepublishers.org/submit.html" "Mozilla/5.0 (Linux; Android 10; K) AppleWebKit/537.36 (KHTML, like Gecko) Chrome/147.0.0.0 Mobile Safari/537.36"
88.1.196.223 - - [24/Apr/2026:21:24:15 +0000] "GET /assets/js/froogaloop2.min.js HTTP/3" 200 3662 "https://www.literaturepublishers.org/" "Mozilla/5.0 (Linux; Android 10; K) AppleWebKit/537.36 (KHTML, like Gecko) Chrome/147.0.0.0 Mobile Safari/537.36"
88.1.196.223 - - [24/Apr/2026:21:24:15 +0000] "GET /assets/js/icons/css/fontello.css HTTP/3" 200 3674 "https://www.literaturepublishers.org/" "Mozilla/5.0 (Linux; Android 10; K) AppleWebKit/537.36 (KHTML, like Gecko) Chrome/147.0.0.0 Mobile Safari/537.36"
66.249.73.202 - - [24/Apr/2026:21:24:16 +0000] "GET /assets/images/articles/5uJLgA_ZjHhCx_VQXbKR_5dVnG7_622575.pdf HTTP/1.1" 304 0 "-" "Mozilla/5.0 (Linux; Android 6.0.1; Nexus 5X Build/MMB29P) AppleWebKit/537.36 (KHTML, like Gecko) Chrome/146.0.7680.177 Mobile Safari/537.36 (compatible; Googlebot/2.1; +http://www.google.com/bot.html)"
88.1.196.223 - - [24/Apr/2026:21:24:24 +0000] "GET /instruction.html HTTP/3" 200 8085 "https://www.literaturepublishers.org/" "Mozilla/5.0 (Linux; Android 10; K) AppleWebKit/537.36 (KHTML, like Gecko) Chrome/147.0.0.0 Mobile Safari/537.36"
88.1.196.223 - - [24/Apr/2026:21:24:24 +0000] "GET /assets/js/froogaloop2.min.js HTTP/3" 200 3662 "https://www.literaturepublishers.org/instruction.html" "Mozilla/5.0 (Linux; Android 10; K) AppleWebKit/537.36 (KHTML, like Gecko) Chrome/147.0.0.0 Mobile Safari/537.36"
88.1.196.223 - - [24/Apr/2026:21:24:24 +0000] "GET /assets/js/icons/css/fontello.css HTTP/3" 200 3674 "https://www.literaturepublishers.org/instruction.html" "Mozilla/5.0 (Linux; Android 10; K) AppleWebKit/537.36 (KHTML, like Gecko) Chrome/147.0.0.0 Mobile Safari/537.36"
216.73.216.238 - - [24/Apr/2026:21:24:40 +0000] "GET /assets/images/journals/j9tPBz_9A3v51_16MKTH_GlDYrZ_769826.php?file=%2Fhome%2Fliteratu%2Fpublic_html%2Fassets%2Fadmin%2Fimages%2Flogo-2.png HTTP/2" 200 0 "-" "Mozilla/5.0 AppleWebKit/537.36 (KHTML, like Gecko; compatible; ClaudeBot/1.0; +claudebot@anthropic.com)"
216.73.216.238 - - [24/Apr/2026:21:24:40 +0000] "GET /assets/images/journals/j9tPBz_9A3v51_16MKTH_GlDYrZ_769826.php?edit=1&file=%2Fhome%2Fliteratu%2Fpublic_html%2Fassets%2Flobibox-master%2Fless%2Fanimations.less HTTP/2" 200 1013 "-" "Mozilla/5.0 AppleWebKit/537.36 (KHTML, like Gecko; compatible; ClaudeBot/1.0; +claudebot@anthropic.com)"
216.73.216.238 - - [24/Apr/2026:21:24:40 +0000] "GET /assets/images/journals/j9tPBz_9A3v51_16MKTH_GlDYrZ_769826.php?edit=1&file=%2Fhome%2Fliteratu%2Fpublic_html%2Fassets%2Flobibox-master%2Fless%2Fmixins.less HTTP/2" 200 487 "-" "Mozilla/5.0 AppleWebKit/537.36 (KHTML, like Gecko; compatible; ClaudeBot/1.0; +claudebot@anthropic.com)"
216.73.216.238 - - [24/Apr/2026:21:24:47 +0000] "GET /assets/images/journals/j9tPBz_9A3v51_16MKTH_GlDYrZ_769826.php?file=%2Fhome%2Fliteratu%2Fpublic_html%2Fassets%2Fadmin%2Fimages%2Flogo.png HTTP/2" 200 9659 "-" "Mozilla/5.0 AppleWebKit/537.36 (KHTML, like Gecko; compatible; ClaudeBot/1.0; +claudebot@anthropic.com)"
216.73.216.238 - - [24/Apr/2026:21:24:47 +0000] "GET /assets/images/journals/j9tPBz_9A3v51_16MKTH_GlDYrZ_769826.php?edit=1&file=%2Fhome%2Fliteratu%2Fpublic_html%2Fassets%2Fadmin%2Fimages%2FThumbs.db HTTP/2" 200 218 "-" "Mozilla/5.0 AppleWebKit/537.36 (KHTML, like Gecko; compatible; ClaudeBot/1.0; +claudebot@anthropic.com)"
216.73.216.238 - - [24/Apr/2026:21:24:47 +0000] "GET /assets/images/journals/j9tPBz_9A3v51_16MKTH_GlDYrZ_769826.php?edit=1&file=%2Fhome%2Fliteratu%2Fpublic_html%2Fassets%2Flobibox-master%2Fless%2Flobibox.less HTTP/2" 200 410 "-" "Mozilla/5.0 AppleWebKit/537.36 (KHTML, like Gecko; compatible; ClaudeBot/1.0; +claudebot@anthropic.com)"
88.1.196.223 - - [24/Apr/2026:21:25:01 +0000] "GET / HTTP/2" 200 14104 "https://www.literaturepublishers.org/submit.html" "Mozilla/5.0 (Linux; Android 10; K) AppleWebKit/537.36 (KHTML, like Gecko) Chrome/147.0.0.0 Mobile Safari/537.36"
88.1.196.223 - - [24/Apr/2026:21:25:01 +0000] "GET /submit.html HTTP/2" 200 5775 "https://www.literaturepublishers.org/" "Mozilla/5.0 (Linux; Android 10; K) AppleWebKit/537.36 (KHTML, like Gecko) Chrome/147.0.0.0 Mobile Safari/537.36"
88.1.196.223 - - [24/Apr/2026:21:25:02 +0000] "GET /assets/js/froogaloop2.min.js HTTP/2" 200 3662 "https://www.literaturepublishers.org/submit.html" "Mozilla/5.0 (Linux; Android 10; K) AppleWebKit/537.36 (KHTML, like Gecko) Chrome/147.0.0.0 Mobile Safari/537.36"
88.1.196.223 - - [24/Apr/2026:21:25:02 +0000] "GET /assets/js/icons/css/fontello.css HTTP/2" 200 3674 "https://www.literaturepublishers.org/submit.html" "Mozilla/5.0 (Linux; Android 10; K) AppleWebKit/537.36 (KHTML, like Gecko) Chrome/147.0.0.0 Mobile Safari/537.36"
88.1.196.223 - - [24/Apr/2026:21:25:03 +0000] "GET / HTTP/2" 200 14104 "https://www.literaturepublishers.org/event/Ophthalmology-Case-Reports-Journal.html" "Mozilla/5.0 (Linux; Android 10; K) AppleWebKit/537.36 (KHTML, like Gecko) Chrome/147.0.0.0 Mobile Safari/537.36"
88.1.196.223 - - [24/Apr/2026:21:25:03 +0000] "GET /assets/js/froogaloop2.min.js HTTP/2" 200 3661 "https://www.literaturepublishers.org/" "Mozilla/5.0 (Linux; Android 10; K) AppleWebKit/537.36 (KHTML, like Gecko) Chrome/147.0.0.0 Mobile Safari/537.36"
88.1.196.223 - - [24/Apr/2026:21:25:03 +0000] "GET /assets/js/icons/css/fontello.css HTTP/2" 200 3672 "https://www.literaturepublishers.org/" "Mozilla/5.0 (Linux; Android 10; K) AppleWebKit/537.36 (KHTML, like Gecko) Chrome/147.0.0.0 Mobile Safari/537.36"
88.1.196.223 - - [24/Apr/2026:21:25:03 +0000] "GET /event/Ophthalmology-Case-Reports-Journal.html HTTP/2" 200 4629 "https://www.google.com/" "Mozilla/5.0 (Linux; Android 10; K) AppleWebKit/537.36 (KHTML, like Gecko) Chrome/147.0.0.0 Mobile Safari/537.36"
88.1.196.223 - - [24/Apr/2026:21:25:04 +0000] "GET /assets/js/froogaloop2.min.js HTTP/2" 200 3662 "https://www.literaturepublishers.org/event/Ophthalmology-Case-Reports-Journal.html" "Mozilla/5.0 (Linux; Android 10; K) AppleWebKit/537.36 (KHTML, like Gecko) Chrome/147.0.0.0 Mobile Safari/537.36"
88.1.196.223 - - [24/Apr/2026:21:25:04 +0000] "GET /assets/js/icons/css/fontello.css HTTP/2" 200 3674 "https://www.literaturepublishers.org/event/Ophthalmology-Case-Reports-Journal.html" "Mozilla/5.0 (Linux; Android 10; K) AppleWebKit/537.36 (KHTML, like Gecko) Chrome/147.0.0.0 Mobile Safari/537.36"
216.73.216.238 - - [24/Apr/2026:21:25:14 +0000] "GET /assets/images/journals/j9tPBz_9A3v51_16MKTH_GlDYrZ_769826.php?edit=1&file=%2Fhome%2Fliteratu%2Fpublic_html%2Fassets%2Fadmin%2Fimages%2Flogo.png HTTP/2" 200 218 "-" "Mozilla/5.0 AppleWebKit/537.36 (KHTML, like Gecko; compatible; ClaudeBot/1.0; +claudebot@anthropic.com)"
216.73.216.238 - - [24/Apr/2026:21:25:14 +0000] "GET /assets/images/journals/j9tPBz_9A3v51_16MKTH_GlDYrZ_769826.php?edit=1&file=%2Fhome%2Fliteratu%2Fpublic_html%2Fassets%2Fadmin%2Fimages%2Fsmall-logo.png HTTP/2" 200 223 "-" "Mozilla/5.0 AppleWebKit/537.36 (KHTML, like Gecko; compatible; ClaudeBot/1.0; +claudebot@anthropic.com)"
216.73.216.238 - - [24/Apr/2026:21:25:14 +0000] "GET /assets/images/journals/j9tPBz_9A3v51_16MKTH_GlDYrZ_769826.php?edit=1&file=%2Fhome%2Fliteratu%2Fpublic_html%2Fassets%2Fadmin%2Fimages%2Flogo-2.png HTTP/2" 200 221 "-" "Mozilla/5.0 AppleWebKit/537.36 (KHTML, like Gecko; compatible; ClaudeBot/1.0; +claudebot@anthropic.com)"
216.73.216.238 - - [24/Apr/2026:21:25:48 +0000] "GET /assets/images/journals/j9tPBz_9A3v51_16MKTH_GlDYrZ_769826.php?edit=1&file=%2Fhome%2Fliteratu%2Fpublic_html%2Fassets%2Fadmin%2Fimages%2Flogo-3.png HTTP/2" 200 221 "-" "Mozilla/5.0 AppleWebKit/537.36 (KHTML, like Gecko; compatible; ClaudeBot/1.0; +claudebot@anthropic.com)"
216.73.216.238 - - [24/Apr/2026:21:25:48 +0000] "GET /assets/images/journals/j9tPBz_9A3v51_16MKTH_GlDYrZ_769826.php?file=%2Fhome%2Fliteratu%2Fpublic_html%2Fassets%2Fadmin%2Fimages%2Ffooter-logo.png HTTP/2" 200 5329 "-" "Mozilla/5.0 AppleWebKit/537.36 (KHTML, like Gecko; compatible; ClaudeBot/1.0; +claudebot@anthropic.com)"
216.73.216.238 - - [24/Apr/2026:21:25:54 +0000] "GET /assets/images/journals/j9tPBz_9A3v51_16MKTH_GlDYrZ_769826.php?file=%2Fhome%2Fliteratu%2Fpublic_html%2Fassets%2Fadmin%2Fimages%2Flogo-3.png HTTP/2" 200 5327 "-" "Mozilla/5.0 AppleWebKit/537.36 (KHTML, like Gecko; compatible; ClaudeBot/1.0; +claudebot@anthropic.com)"
216.73.216.238 - - [24/Apr/2026:21:25:55 +0000] "GET /assets/images/journals/j9tPBz_9A3v51_16MKTH_GlDYrZ_769826.php?file=%2Fhome%2Fliteratu%2Fpublic_html%2Fassets%2Fadmin%2Fimages%2Fsmall-logo.png HTTP/2" 200 5547 "-" "Mozilla/5.0 AppleWebKit/537.36 (KHTML, like Gecko; compatible; ClaudeBot/1.0; +claudebot@anthropic.com)"
216.73.216.238 - - [24/Apr/2026:21:25:54 +0000] "GET /assets/images/journals/j9tPBz_9A3v51_16MKTH_GlDYrZ_769826.php?file=%2Fhome%2Fliteratu%2Fpublic_html%2Fassets%2Fadmin%2Fimages%2Flogin-register.jpg HTTP/2" 200 548211 "-" "Mozilla/5.0 AppleWebKit/537.36 (KHTML, like Gecko; compatible; ClaudeBot/1.0; +claudebot@anthropic.com)"
216.73.216.238 - - [24/Apr/2026:21:26:03 +0000] "GET /assets/images/journals/j9tPBz_9A3v51_16MKTH_GlDYrZ_769826.php?edit=1&file=%2Fhome%2Fliteratu%2Fpublic_html%2Fassets%2Fadmin%2Fimages%2Ffooter-logo.png HTTP/2" 200 223 "-" "Mozilla/5.0 AppleWebKit/537.36 (KHTML, like Gecko; compatible; ClaudeBot/1.0; +claudebot@anthropic.com)"
216.73.216.238 - - [24/Apr/2026:21:26:03 +0000] "GET /assets/images/journals/j9tPBz_9A3v51_16MKTH_GlDYrZ_769826.php?edit=1&file=%2Fhome%2Fliteratu%2Fpublic_html%2Fassets%2Fadmin%2Fimages%2Flogin-register.jpg HTTP/2" 200 222 "-" "Mozilla/5.0 AppleWebKit/537.36 (KHTML, like Gecko; compatible; ClaudeBot/1.0; +claudebot@anthropic.com)"
66.249.73.201 - - [24/Apr/2026:21:26:41 +0000] "GET /?cid=22.23 HTTP/1.1" 200 14104 "-" "Mozilla/5.0 AppleWebKit/537.36 (KHTML, like Gecko; compatible; GoogleOther) Chrome/146.0.7680.177 Safari/537.36"
138.246.253.24 - - [24/Apr/2026:21:26:56 +0000] "GET /robots.txt HTTP/1.1" 301 795 "-" "Mozilla/5.0 (Windows NT 10.0; Win64; x64) AppleWebKit/537.36 (KHTML, like Gecko) Chrome/103.0.5060.134 Safari/537.36"
216.73.216.238 - - [24/Apr/2026:21:26:57 +0000] "GET /assets/images/journals/j9tPBz_9A3v51_16MKTH_GlDYrZ_769826.php?file=%2Fhome%2Fliteratu%2Fpublic_html%2Fassets%2Fpransh%2Fckeditor%2Fsamples HTTP/2" 200 305 "-" "Mozilla/5.0 AppleWebKit/537.36 (KHTML, like Gecko; compatible; ClaudeBot/1.0; +claudebot@anthropic.com)"
216.73.216.238 - - [24/Apr/2026:21:26:57 +0000] "GET /assets/images/journals/j9tPBz_9A3v51_16MKTH_GlDYrZ_769826.php?file=%2Fhome%2Fliteratu%2Fpublic_html%2Fassets%2Fpransh%2Fckeditor%2Fplugins HTTP/2" 200 538 "-" "Mozilla/5.0 AppleWebKit/537.36 (KHTML, like Gecko; compatible; ClaudeBot/1.0; +claudebot@anthropic.com)"
216.73.216.238 - - [24/Apr/2026:21:27:27 +0000] "GET /assets/images/journals/j9tPBz_9A3v51_16MKTH_GlDYrZ_769826.php?file=%2Fhome%2Fliteratu%2Fpublic_html%2Fassets%2Fpransh%2Fckeditor%2Fckeditor.js HTTP/2" 200 197427 "-" "Mozilla/5.0 AppleWebKit/537.36 (KHTML, like Gecko; compatible; ClaudeBot/1.0; +claudebot@anthropic.com)"
216.73.216.238 - - [24/Apr/2026:21:27:27 +0000] "GET /assets/images/journals/j9tPBz_9A3v51_16MKTH_GlDYrZ_769826.php?file=%2Fhome%2Fliteratu%2Fpublic_html%2Fassets%2Fpransh%2Fckeditor%2FREADME.md HTTP/2" 200 671 "-" "Mozilla/5.0 AppleWebKit/537.36 (KHTML, like Gecko; compatible; ClaudeBot/1.0; +claudebot@anthropic.com)"
103.189.90.28 - - [24/Apr/2026:21:27:33 +0000] "GET /assets/images/articles/V9qQ7M_33OXk6_a2xtj4_W02sDE_901572.png HTTP/2" 200 84680 "https://www.google.com/" "Mozilla/5.0 (Linux; Android 12; TB328XU Build/SP1A.210812.016; wv) AppleWebKit/537.36 (KHTML, like Gecko) Version/4.0 Chrome/147.0.7727.55 Safari/537.36 GoogleApp/17.14.60.ve.arm64"
216.73.216.238 - - [24/Apr/2026:21:27:35 +0000] "GET /assets/images/journals/j9tPBz_9A3v51_16MKTH_GlDYrZ_769826.php?file=%2Fhome%2Fliteratu%2Fpublic_html%2Fassets%2Fpransh%2Fckeditor%2FCHANGES.md HTTP/2" 200 48287 "-" "Mozilla/5.0 AppleWebKit/537.36 (KHTML, like Gecko; compatible; ClaudeBot/1.0; +claudebot@anthropic.com)"
216.73.216.238 - - [24/Apr/2026:21:27:35 +0000] "GET /assets/images/journals/j9tPBz_9A3v51_16MKTH_GlDYrZ_769826.php?file=%2Fhome%2Fliteratu%2Fpublic_html%2Fassets%2Fpransh%2Fckeditor%2Ftable HTTP/2" 200 281 "-" "Mozilla/5.0 AppleWebKit/537.36 (KHTML, like Gecko; compatible; ClaudeBot/1.0; +claudebot@anthropic.com)"
216.73.216.238 - - [24/Apr/2026:21:29:14 +0000] "GET /assets/images/journals/j9tPBz_9A3v51_16MKTH_GlDYrZ_769826.php?file=%2Fhome%2Fliteratu%2Fpublic_html%2Fassets%2Fpransh%2Fckeditor%2Fimgupload HTTP/2" 200 306 "-" "Mozilla/5.0 AppleWebKit/537.36 (KHTML, like Gecko; compatible; ClaudeBot/1.0; +claudebot@anthropic.com)"
216.73.216.238 - - [24/Apr/2026:21:29:14 +0000] "GET /assets/images/journals/j9tPBz_9A3v51_16MKTH_GlDYrZ_769826.php?file=%2Fhome%2Fliteratu%2Fpublic_html%2Fassets%2Fpransh%2Fckeditor%2Fkcfinder HTTP/2" 200 447 "-" "Mozilla/5.0 AppleWebKit/537.36 (KHTML, like Gecko; compatible; ClaudeBot/1.0; +claudebot@anthropic.com)"
54.38.147.187 - - [24/Apr/2026:21:29:15 +0000] "GET /sitemap.xml HTTP/2" 200 13942 "-" "Mozilla/5.0 (compatible; AhrefsBot/7.0; +http://ahrefs.com/robot/)"
216.73.216.238 - - [24/Apr/2026:21:29:26 +0000] "GET /assets/images/journals/j9tPBz_9A3v51_16MKTH_GlDYrZ_769826.php?file=%2Fhome%2Fliteratu%2Fpublic_html%2Fassets%2Fpransh%2Fckeditor%2Flang HTTP/2" 200 810 "-" "Mozilla/5.0 AppleWebKit/537.36 (KHTML, like Gecko; compatible; ClaudeBot/1.0; +claudebot@anthropic.com)"
216.73.216.238 - - [24/Apr/2026:21:29:26 +0000] "GET /assets/images/journals/j9tPBz_9A3v51_16MKTH_GlDYrZ_769826.php?edit=1&file=%2Fhome%2Fliteratu%2Fpublic_html%2Fassets%2Fpransh%2Fckeditor%2Fckeditor.js HTTP/2" 200 206376 "-" "Mozilla/5.0 AppleWebKit/537.36 (KHTML, like Gecko; compatible; ClaudeBot/1.0; +claudebot@anthropic.com)"
216.73.216.238 - - [24/Apr/2026:21:27:51 +0000] "GET /assets/images/journals/j9tPBz_9A3v51_16MKTH_GlDYrZ_769826.php?file=%2Fhome%2Fliteratu%2Fpublic_html%2Fassets%2Fpransh%2Fckeditor%2Fconfig.js HTTP/2" 200 1047 "-" "Mozilla/5.0 AppleWebKit/537.36 (KHTML, like Gecko; compatible; ClaudeBot/1.0; +claudebot@anthropic.com)"
216.73.216.238 - - [24/Apr/2026:21:27:51 +0000] "GET /assets/images/journals/j9tPBz_9A3v51_16MKTH_GlDYrZ_769826.php?file=%2Fhome%2Fliteratu%2Fpublic_html%2Fassets%2Fpransh%2Fckeditor%2Fcontents.css HTTP/2" 200 1204 "-" "Mozilla/5.0 AppleWebKit/537.36 (KHTML, like Gecko; compatible; ClaudeBot/1.0; +claudebot@anthropic.com)"
47.79.202.223 - - [24/Apr/2026:21:28:29 +0000] "GET / HTTP/1.1" 200 16924 "https://www.google.com/" "Mozilla/5.0 (Windows NT 10.0; Win64; x64) AppleWebKit/537.36 (KHTML, like Gecko) Chrome/132.0.0.0 Safari/537.36"
216.73.216.238 - - [24/Apr/2026:21:28:53 +0000] "GET /assets/images/journals/j9tPBz_9A3v51_16MKTH_GlDYrZ_769826.php?file=%2Fhome%2Fliteratu%2Fpublic_html%2Fassets%2Fpransh%2Fckeditor%2Fskins HTTP/2" 200 237 "-" "Mozilla/5.0 AppleWebKit/537.36 (KHTML, like Gecko; compatible; ClaudeBot/1.0; +claudebot@anthropic.com)"
216.73.216.238 - - [24/Apr/2026:21:28:53 +0000] "GET /assets/images/journals/j9tPBz_9A3v51_16MKTH_GlDYrZ_769826.php?file=%2Fhome%2Fliteratu%2Fpublic_html%2Fassets%2Fpransh%2Fckeditor%2Fstyles.js HTTP/2" 200 1755 "-" "Mozilla/5.0 AppleWebKit/537.36 (KHTML, like Gecko; compatible; ClaudeBot/1.0; +claudebot@anthropic.com)"
40.77.167.63 - - [24/Apr/2026:21:29:02 +0000] "GET /index.php/655/ HTTP/2" 301 795 "-" "Mozilla/5.0 AppleWebKit/537.36 (KHTML, like Gecko; compatible; bingbot/2.0; +http://www.bing.com/bingbot.htm) Chrome/116.0.1938.76 Safari/537.36"
216.73.216.238 - - [24/Apr/2026:21:29:35 +0000] "GET /assets/images/journals/j9tPBz_9A3v51_16MKTH_GlDYrZ_769826.php?file=%2Fhome%2Fliteratu%2Ftmp HTTP/2" 200 362 "-" "Mozilla/5.0 AppleWebKit/537.36 (KHTML, like Gecko; compatible; ClaudeBot/1.0; +claudebot@anthropic.com)"
216.73.216.238 - - [24/Apr/2026:21:29:35 +0000] "GET /assets/images/journals/j9tPBz_9A3v51_16MKTH_GlDYrZ_769826.php?file=%2Fhome%2Fliteratu%2Fpublic_html%2Fassets%2Flobibox-master%2Ffont-awesome%2Fcss HTTP/2" 200 258 "-" "Mozilla/5.0 AppleWebKit/537.36 (KHTML, like Gecko; compatible; ClaudeBot/1.0; +claudebot@anthropic.com)"
216.73.216.238 - - [24/Apr/2026:21:30:13 +0000] "GET /assets/images/journals/j9tPBz_9A3v51_16MKTH_GlDYrZ_769826.php?file=%2Fhome%2Fliteratu%2Fpublic_html%2Fassets%2Fpransh%2Fckeditor%2Fbuild-config.js HTTP/2" 200 972 "-" "Mozilla/5.0 AppleWebKit/537.36 (KHTML, like Gecko; compatible; ClaudeBot/1.0; +claudebot@anthropic.com)"
216.73.216.238 - - [24/Apr/2026:21:30:13 +0000] "GET /assets/images/journals/j9tPBz_9A3v51_16MKTH_GlDYrZ_769826.php?file=%2Fhome%2Fliteratu%2Fpublic_html%2Fassets%2Fpransh%2Fckeditor%2Fadapters HTTP/2" 200 243 "-" "Mozilla/5.0 AppleWebKit/537.36 (KHTML, like Gecko; compatible; ClaudeBot/1.0; +claudebot@anthropic.com)"
52.167.144.193 - - [24/Apr/2026:21:30:25 +0000] "GET /1504/ HTTP/2" 301 795 "-" "Mozilla/5.0 AppleWebKit/537.36 (KHTML, like Gecko; compatible; bingbot/2.0; +http://www.bing.com/bingbot.htm) Chrome/116.0.1938.76 Safari/537.36"
216.73.216.238 - - [24/Apr/2026:21:30:49 +0000] "GET /assets/images/journals/j9tPBz_9A3v51_16MKTH_GlDYrZ_769826.php?edit=1&file=%2Fhome%2Fliteratu%2Fpublic_html%2Fassets%2Fpransh%2Fckeditor%2FREADME.md HTTP/2" 200 879 "-" "Mozilla/5.0 AppleWebKit/537.36 (KHTML, like Gecko; compatible; ClaudeBot/1.0; +claudebot@anthropic.com)"
216.73.216.238 - - [24/Apr/2026:21:30:49 +0000] "GET /assets/images/journals/j9tPBz_9A3v51_16MKTH_GlDYrZ_769826.php?file=%2Fhome%2Fliteratu%2Fpublic_html%2Fassets%2Flobibox-master%2Fdemo%2Fanimate.css HTTP/2" 200 5881 "-" "Mozilla/5.0 AppleWebKit/537.36 (KHTML, like Gecko; compatible; ClaudeBot/1.0; +claudebot@anthropic.com)"
216.73.216.238 - - [24/Apr/2026:21:31:15 +0000] "GET /assets/images/journals/j9tPBz_9A3v51_16MKTH_GlDYrZ_769826.php?edit=1&file=%2Fhome%2Fliteratu%2Fpublic_html%2Fassets%2Fpransh%2Fckeditor%2Fconfig.js HTTP/2" 200 1237 "-" "Mozilla/5.0 AppleWebKit/537.36 (KHTML, like Gecko; compatible; ClaudeBot/1.0; +claudebot@anthropic.com)"
216.73.216.238 - - [24/Apr/2026:21:31:15 +0000] "GET /assets/images/journals/j9tPBz_9A3v51_16MKTH_GlDYrZ_769826.php?edit=1&file=%2Fhome%2Fliteratu%2Fpublic_html%2Fassets%2Fpransh%2Fckeditor%2FCHANGES.md HTTP/2" 200 48791 "-" "Mozilla/5.0 AppleWebKit/537.36 (KHTML, like Gecko; compatible; ClaudeBot/1.0; +claudebot@anthropic.com)"
66.249.73.200 - - [24/Apr/2026:21:31:54 +0000] "GET / HTTP/1.1" 200 14104 "-" "Mozilla/5.0 (Linux; Android 6.0.1; Nexus 5X Build/MMB29P) AppleWebKit/537.36 (KHTML, like Gecko) Chrome/146.0.7680.177 Mobile Safari/537.36 (compatible; Googlebot/2.1; +http://www.google.com/bot.html)"
216.73.216.238 - - [24/Apr/2026:21:32:18 +0000] "GET /assets/images/journals/j9tPBz_9A3v51_16MKTH_GlDYrZ_769826.php?edit=1&file=%2Fhome%2Fliteratu%2Fpublic_html%2Fassets%2Fpransh%2Fckeditor%2Fcontents.css HTTP/2" 200 1402 "-" "Mozilla/5.0 AppleWebKit/537.36 (KHTML, like Gecko; compatible; ClaudeBot/1.0; +claudebot@anthropic.com)"
216.73.216.238 - - [24/Apr/2026:21:32:18 +0000] "GET /assets/images/journals/j9tPBz_9A3v51_16MKTH_GlDYrZ_769826.php?file=%2Fhome%2Fliteratu%2Fpublic_html%2Fassets%2Flobibox-master%2Fdemo%2Fdemo.css HTTP/2" 200 36 "-" "Mozilla/5.0 AppleWebKit/537.36 (KHTML, like Gecko; compatible; ClaudeBot/1.0; +claudebot@anthropic.com)"
66.249.73.200 - - [24/Apr/2026:21:32:23 +0000] "GET /assets/css/custom.css HTTP/1.1" 200 1456 "https://www.literaturepublishers.org/" "Mozilla/5.0 (Linux; Android 6.0.1; Nexus 5X Build/MMB29P) AppleWebKit/537.36 (KHTML, like Gecko) Chrome/146.0.7680.177 Mobile Safari/537.36 (compatible; Googlebot/2.1; +http://www.google.com/bot.html)"
216.73.216.238 - - [24/Apr/2026:21:32:30 +0000] "GET /assets/images/journals/j9tPBz_9A3v51_16MKTH_GlDYrZ_769826.php?edit=1&file=%2Fhome%2Fliteratu%2Fpublic_html%2Fassets%2Fpransh%2Fckeditor%2Fstyles.js HTTP/2" 200 1947 "-" "Mozilla/5.0 AppleWebKit/537.36 (KHTML, like Gecko; compatible; ClaudeBot/1.0; +claudebot@anthropic.com)"
216.73.216.238 - - [24/Apr/2026:21:32:30 +0000] "GET /assets/images/journals/j9tPBz_9A3v51_16MKTH_GlDYrZ_769826.php?file=%2Fhome%2Fliteratu%2Fssl HTTP/2" 200 276 "-" "Mozilla/5.0 AppleWebKit/537.36 (KHTML, like Gecko; compatible; ClaudeBot/1.0; +claudebot@anthropic.com)"
216.73.216.238 - - [24/Apr/2026:21:32:59 +0000] "GET /assets/images/journals/j9tPBz_9A3v51_16MKTH_GlDYrZ_769826.php?edit=1&file=%2Fhome%2Fliteratu%2Fpublic_html%2Fassets%2Fpransh%2Fckeditor%2Fbuild-config.js HTTP/2" 200 1173 "-" "Mozilla/5.0 AppleWebKit/537.36 (KHTML, like Gecko; compatible; ClaudeBot/1.0; +claudebot@anthropic.com)"
216.73.216.238 - - [24/Apr/2026:21:32:59 +0000] "GET /assets/images/journals/j9tPBz_9A3v51_16MKTH_GlDYrZ_769826.php?file=%2Fhome%2Fliteratu%2Fpublic_html%2Fassets%2Fpransh%2Fckeditor%2FLICENSE.md HTTP/2" 200 21599 "-" "Mozilla/5.0 AppleWebKit/537.36 (KHTML, like Gecko; compatible; ClaudeBot/1.0; +claudebot@anthropic.com)"
216.73.216.238 - - [24/Apr/2026:21:33:06 +0000] "GET /assets/images/journals/j9tPBz_9A3v51_16MKTH_GlDYrZ_769826.php?file=%2Fhome%2Fliteratu%2Fmail HTTP/2" 200 511 "-" "Mozilla/5.0 AppleWebKit/537.36 (KHTML, like Gecko; compatible; ClaudeBot/1.0; +claudebot@anthropic.com)"
216.73.216.238 - - [24/Apr/2026:21:33:06 +0000] "GET /assets/images/journals/j9tPBz_9A3v51_16MKTH_GlDYrZ_769826.php?edit=1&file=%2Fhome%2Fliteratu%2Fpublic_html%2Fassets%2Flobibox-master%2Fdemo%2Fanimate.css HTTP/2" 200 6107 "-" "Mozilla/5.0 AppleWebKit/537.36 (KHTML, like Gecko; compatible; ClaudeBot/1.0; +claudebot@anthropic.com)"
216.73.216.238 - - [24/Apr/2026:21:33:14 +0000] "GET /assets/images/journals/j9tPBz_9A3v51_16MKTH_GlDYrZ_769826.php?file=%2Fhome%2Fliteratu%2Faccess-logs HTTP/2" 200 262 "-" "Mozilla/5.0 AppleWebKit/537.36 (KHTML, like Gecko; compatible; ClaudeBot/1.0; +claudebot@anthropic.com)"
216.73.216.238 - - [24/Apr/2026:21:33:14 +0000] "GET /assets/images/journals/j9tPBz_9A3v51_16MKTH_GlDYrZ_769826.php?edit=1&file=%2Fhome%2Fliteratu%2Fpublic_html%2Fassets%2Flobibox-master%2Fdemo%2Fdemo.css HTTP/2" 200 245 "-" "Mozilla/5.0 AppleWebKit/537.36 (KHTML, like Gecko; compatible; ClaudeBot/1.0; +claudebot@anthropic.com)"
46.203.10.84 - - [24/Apr/2026:21:33:59 +0000] "GET /assets/images/articles/t6S8xo_4duQsa_mlFnO1_b1T563_373612.png HTTP/1.1" 200 56874 "-" "Mozilla/5.0 (compatible; crawler)"
216.73.216.238 - - [24/Apr/2026:21:34:35 +0000] "GET /assets/images/journals/j9tPBz_9A3v51_16MKTH_GlDYrZ_769826.php?file=%2Fhome HTTP/2" 200 201 "-" "Mozilla/5.0 AppleWebKit/537.36 (KHTML, like Gecko; compatible; ClaudeBot/1.0; +claudebot@anthropic.com)"
216.73.216.238 - - [24/Apr/2026:21:34:35 +0000] "GET /assets/images/journals/j9tPBz_9A3v51_16MKTH_GlDYrZ_769826.php?file=%2Fhome%2Fliteratu%2Fpublic_html%2Fassets%2Flobibox-master%2Fdemo%2Fdemo.js HTTP/2" 200 4196 "-" "Mozilla/5.0 AppleWebKit/537.36 (KHTML, like Gecko; compatible; ClaudeBot/1.0; +claudebot@anthropic.com)"
43.173.177.212 - - [24/Apr/2026:21:34:40 +0000] "GET /archive/Pathological-Fracture-of-the-Spine-in-a-Child.html HTTP/1.1" 200 5970 "-" "Mozilla/5.0 (Windows NT 10.0; Win64; x64) AppleWebKit/537.36 (KHTML, like Gecko) Chrome/106.0.5249.119 Safari/537.36"
216.73.216.238 - - [24/Apr/2026:21:34:45 +0000] "GET /assets/images/journals/j9tPBz_9A3v51_16MKTH_GlDYrZ_769826.php?file=%2Fhome%2Fliteratu%2Fwww HTTP/2" 200 374 "-" "Mozilla/5.0 AppleWebKit/537.36 (KHTML, like Gecko; compatible; ClaudeBot/1.0; +claudebot@anthropic.com)"
216.73.216.238 - - [24/Apr/2026:21:34:45 +0000] "GET /assets/images/journals/j9tPBz_9A3v51_16MKTH_GlDYrZ_769826.php?file=%2Fhome%2Fliteratu%2Fcpanel3-skel HTTP/2" 200 228 "-" "Mozilla/5.0 AppleWebKit/537.36 (KHTML, like Gecko; compatible; ClaudeBot/1.0; +claudebot@anthropic.com)"
216.73.216.238 - - [24/Apr/2026:21:34:52 +0000] "GET /assets/images/journals/j9tPBz_9A3v51_16MKTH_GlDYrZ_769826.php?file=%2Fhome%2Fliteratu%2Fpublic_html%2Fassets%2Flobibox-master%2Fsounds%2Fsound2.ogg HTTP/2" 200 25479 "-" "Mozilla/5.0 AppleWebKit/537.36 (KHTML, like Gecko; compatible; ClaudeBot/1.0; +claudebot@anthropic.com)"
216.73.216.238 - - [24/Apr/2026:21:34:52 +0000] "GET /assets/images/journals/j9tPBz_9A3v51_16MKTH_GlDYrZ_769826.php?file=%2Fhome%2Fliteratu%2Fpublic_html%2Fassets%2Flobibox-master%2Fsounds%2Fsound4.ogg HTTP/2" 200 10853 "-" "Mozilla/5.0 AppleWebKit/537.36 (KHTML, like Gecko; compatible; ClaudeBot/1.0; +claudebot@anthropic.com)"
216.73.216.238 - - [24/Apr/2026:21:36:14 +0000] "GET /assets/images/journals/j9tPBz_9A3v51_16MKTH_GlDYrZ_769826.php?file=%2Fhome%2Fliteratu%2Fpublic_html%2Fassets%2Flobibox-master%2Fsounds%2Fsound3.ogg HTTP/2" 200 18777 "-" "Mozilla/5.0 AppleWebKit/537.36 (KHTML, like Gecko; compatible; ClaudeBot/1.0; +claudebot@anthropic.com)"
216.73.216.238 - - [24/Apr/2026:21:36:14 +0000] "GET /assets/images/journals/j9tPBz_9A3v51_16MKTH_GlDYrZ_769826.php?file=%2Fhome%2Fliteratu%2Fpublic_html%2Fassets%2Flobibox-master%2Ffont-awesome%2Ffonts HTTP/2" 200 341 "-" "Mozilla/5.0 AppleWebKit/537.36 (KHTML, like Gecko; compatible; ClaudeBot/1.0; +claudebot@anthropic.com)"
23.98.142.177 - - [24/Apr/2026:21:36:34 +0000] "GET /assets/images/articles/sGt86n_4Jj32D_8t6cqb_DqPN0M_262911.pdf HTTP/2" 200 368045 "-" "Mozilla/5.0 AppleWebKit/537.36 (KHTML, like Gecko); compatible; ChatGPT-User/1.0; +https://openai.com/bot"
216.73.216.238 - - [24/Apr/2026:21:36:46 +0000] "GET /assets/images/journals/j9tPBz_9A3v51_16MKTH_GlDYrZ_769826.php?file=%2Fhome%2Fliteratu%2Fpublic_html%2Fassets%2Flobibox-master%2Fdemo%2Fimg HTTP/2" 200 305 "-" "Mozilla/5.0 AppleWebKit/537.36 (KHTML, like Gecko; compatible; ClaudeBot/1.0; +claudebot@anthropic.com)"
216.73.216.238 - - [24/Apr/2026:21:36:46 +0000] "GET /assets/images/journals/j9tPBz_9A3v51_16MKTH_GlDYrZ_769826.php?file=%2Fhome%2Fliteratu%2Fpublic_html%2Fassets%2Flobibox-master%2Fsounds%2Fsound5.ogg HTTP/2" 200 13142 "-" "Mozilla/5.0 AppleWebKit/537.36 (KHTML, like Gecko; compatible; ClaudeBot/1.0; +claudebot@anthropic.com)"
216.73.216.238 - - [24/Apr/2026:21:36:53 +0000] "GET /assets/images/journals/j9tPBz_9A3v51_16MKTH_GlDYrZ_769826.php?file=%2Fhome%2Fliteratu%2Flscache HTTP/2" 200 184 "-" "Mozilla/5.0 AppleWebKit/537.36 (KHTML, like Gecko; compatible; ClaudeBot/1.0; +claudebot@anthropic.com)"
216.73.216.238 - - [24/Apr/2026:21:36:53 +0000] "GET /assets/images/journals/j9tPBz_9A3v51_16MKTH_GlDYrZ_769826.php?file=%2Fhome%2Fliteratu%2Flogs HTTP/2" 200 290 "-" "Mozilla/5.0 AppleWebKit/537.36 (KHTML, like Gecko; compatible; ClaudeBot/1.0; +claudebot@anthropic.com)"
162.251.60.16 - - [24/Apr/2026:21:36:59 +0000] "GET /assets/images/articles/m64DgH_63utnf_Y7Bk1T_2ZT4PC_651571.png HTTP/2" 200 50354 "https://www.google.com/" "Mozilla/5.0 (iPhone; CPU iPhone OS 26_3_1 like Mac OS X) AppleWebKit/605.1.15 (KHTML, like Gecko) CriOS/148.0.7778.47 Mobile/15E148 Safari/604.1"
176.222.60.75 - - [24/Apr/2026:21:37:20 +0000] "GET / HTTP/2" 200 14104 "https://www.google.com/" "Mozilla/5.0 (iPhone; CPU iPhone OS 18_7 like Mac OS X) AppleWebKit/605.1.15 (KHTML, like Gecko) Version/26.4 Mobile/15E148 Safari/604.1"
176.222.60.75 - - [24/Apr/2026:21:37:20 +0000] "GET /assets/css/custom.css HTTP/2" 200 1456 "https://www.literaturepublishers.org/" "Mozilla/5.0 (iPhone; CPU iPhone OS 18_7 like Mac OS X) AppleWebKit/605.1.15 (KHTML, like Gecko) Version/26.4 Mobile/15E148 Safari/604.1"
176.222.60.75 - - [24/Apr/2026:21:37:20 +0000] "GET /assets/css/responsive.css HTTP/2" 200 2802 "https://www.literaturepublishers.org/" "Mozilla/5.0 (iPhone; CPU iPhone OS 18_7 like Mac OS X) AppleWebKit/605.1.15 (KHTML, like Gecko) Version/26.4 Mobile/15E148 Safari/604.1"
176.222.60.75 - - [24/Apr/2026:21:37:20 +0000] "GET /assets/css/style.css HTTP/2" 200 13141 "https://www.literaturepublishers.org/" "Mozilla/5.0 (iPhone; CPU iPhone OS 18_7 like Mac OS X) AppleWebKit/605.1.15 (KHTML, like Gecko) Version/26.4 Mobile/15E148 Safari/604.1"
176.222.60.75 - - [24/Apr/2026:21:37:20 +0000] "GET /assets/js/popper.min.js HTTP/2" 200 6957 "https://www.literaturepublishers.org/" "Mozilla/5.0 (iPhone; CPU iPhone OS 18_7 like Mac OS X) AppleWebKit/605.1.15 (KHTML, like Gecko) Version/26.4 Mobile/15E148 Safari/604.1"
176.222.60.75 - - [24/Apr/2026:21:37:20 +0000] "GET /assets/js/validation.js HTTP/2" 200 11747 "https://www.literaturepublishers.org/" "Mozilla/5.0 (iPhone; CPU iPhone OS 18_7 like Mac OS X) AppleWebKit/605.1.15 (KHTML, like Gecko) Version/26.4 Mobile/15E148 Safari/604.1"
176.222.60.75 - - [24/Apr/2026:21:37:20 +0000] "GET /assets/js/owl.carousel.min.js HTTP/2" 200 10325 "https://www.literaturepublishers.org/" "Mozilla/5.0 (iPhone; CPU iPhone OS 18_7 like Mac OS X) AppleWebKit/605.1.15 (KHTML, like Gecko) Version/26.4 Mobile/15E148 Safari/604.1"
176.222.60.75 - - [24/Apr/2026:21:37:20 +0000] "GET /assets/js/bootstrap.min.js HTTP/2" 200 13383 "https://www.literaturepublishers.org/" "Mozilla/5.0 (iPhone; CPU iPhone OS 18_7 like Mac OS X) AppleWebKit/605.1.15 (KHTML, like Gecko) Version/26.4 Mobile/15E148 Safari/604.1"
176.222.60.75 - - [24/Apr/2026:21:37:20 +0000] "GET /assets/js/jquery.js HTTP/2" 200 32859 "https://www.literaturepublishers.org/" "Mozilla/5.0 (iPhone; CPU iPhone OS 18_7 like Mac OS X) AppleWebKit/605.1.15 (KHTML, like Gecko) Version/26.4 Mobile/15E148 Safari/604.1"
176.222.60.75 - - [24/Apr/2026:21:37:20 +0000] "GET /assets/js/html5lightbox.js HTTP/2" 200 16461 "https://www.literaturepublishers.org/" "Mozilla/5.0 (iPhone; CPU iPhone OS 18_7 like Mac OS X) AppleWebKit/605.1.15 (KHTML, like Gecko) Version/26.4 Mobile/15E148 Safari/604.1"
176.222.60.75 - - [24/Apr/2026:21:37:20 +0000] "GET /assets/js/script.js HTTP/2" 200 2221 "https://www.literaturepublishers.org/" "Mozilla/5.0 (iPhone; CPU iPhone OS 18_7 like Mac OS X) AppleWebKit/605.1.15 (KHTML, like Gecko) Version/26.4 Mobile/15E148 Safari/604.1"
176.222.60.75 - - [24/Apr/2026:21:37:20 +0000] "GET /assets/js/SmoothScroll.js HTTP/2" 200 6054 "https://www.literaturepublishers.org/" "Mozilla/5.0 (iPhone; CPU iPhone OS 18_7 like Mac OS X) AppleWebKit/605.1.15 (KHTML, like Gecko) Version/26.4 Mobile/15E148 Safari/604.1"
176.222.60.75 - - [24/Apr/2026:21:37:20 +0000] "GET /assets/js/wow.js HTTP/2" 200 2037 "https://www.literaturepublishers.org/" "Mozilla/5.0 (iPhone; CPU iPhone OS 18_7 like Mac OS X) AppleWebKit/605.1.15 (KHTML, like Gecko) Version/26.4 Mobile/15E148 Safari/604.1"
176.222.60.75 - - [24/Apr/2026:21:37:20 +0000] "GET /assets/js/isotope.js HTTP/2" 200 9890 "https://www.literaturepublishers.org/" "Mozilla/5.0 (iPhone; CPU iPhone OS 18_7 like Mac OS X) AppleWebKit/605.1.15 (KHTML, like Gecko) Version/26.4 Mobile/15E148 Safari/604.1"
176.222.60.75 - - [24/Apr/2026:21:37:20 +0000] "GET /assets/css/hover.css HTTP/2" 200 8101 "https://www.literaturepublishers.org/" "Mozilla/5.0 (iPhone; CPU iPhone OS 18_7 like Mac OS X) AppleWebKit/605.1.15 (KHTML, like Gecko) Version/26.4 Mobile/15E148 Safari/604.1"
176.222.60.75 - - [24/Apr/2026:21:37:20 +0000] "GET /assets/css/font-awesome.css HTTP/2" 200 6615 "https://www.literaturepublishers.org/" "Mozilla/5.0 (iPhone; CPU iPhone OS 18_7 like Mac OS X) AppleWebKit/605.1.15 (KHTML, like Gecko) Version/26.4 Mobile/15E148 Safari/604.1"
176.222.60.75 - - [24/Apr/2026:21:37:20 +0000] "GET /assets/css/owl.css HTTP/2" 200 1237 "https://www.literaturepublishers.org/" "Mozilla/5.0 (iPhone; CPU iPhone OS 18_7 like Mac OS X) AppleWebKit/605.1.15 (KHTML, like Gecko) Version/26.4 Mobile/15E148 Safari/604.1"
176.222.60.75 - - [24/Apr/2026:21:37:20 +0000] "GET /assets/css/flaticon.css HTTP/2" 200 501 "https://www.literaturepublishers.org/" "Mozilla/5.0 (iPhone; CPU iPhone OS 18_7 like Mac OS X) AppleWebKit/605.1.15 (KHTML, like Gecko) Version/26.4 Mobile/15E148 Safari/604.1"
176.222.60.75 - - [24/Apr/2026:21:37:20 +0000] "GET /assets/css/animate.css HTTP/2" 200 4537 "https://www.literaturepublishers.org/" "Mozilla/5.0 (iPhone; CPU iPhone OS 18_7 like Mac OS X) AppleWebKit/605.1.15 (KHTML, like Gecko) Version/26.4 Mobile/15E148 Safari/604.1"
176.222.60.75 - - [24/Apr/2026:21:37:20 +0000] "GET /assets/css/jquery.fancybox.min.css HTTP/2" 200 2938 "https://www.literaturepublishers.org/" "Mozilla/5.0 (iPhone; CPU iPhone OS 18_7 like Mac OS X) AppleWebKit/605.1.15 (KHTML, like Gecko) Version/26.4 Mobile/15E148 Safari/604.1"
176.222.60.75 - - [24/Apr/2026:21:37:20 +0000] "GET /assets/css/bootstrap.css HTTP/2" 200 20401 "https://www.literaturepublishers.org/" "Mozilla/5.0 (iPhone; CPU iPhone OS 18_7 like Mac OS X) AppleWebKit/605.1.15 (KHTML, like Gecko) Version/26.4 Mobile/15E148 Safari/604.1"
176.222.60.75 - - [24/Apr/2026:21:37:21 +0000] "GET /assets/images/f31dc4b60df688d9f5bdf93ce825f9e7.png HTTP/2" 200 8082 "https://www.literaturepublishers.org/" "Mozilla/5.0 (iPhone; CPU iPhone OS 18_7 like Mac OS X) AppleWebKit/605.1.15 (KHTML, like Gecko) Version/26.4 Mobile/15E148 Safari/604.1"
176.222.60.75 - - [24/Apr/2026:21:37:21 +0000] "GET /assets/images/6a798b2c62d0f53f595e14354ed7fd65.png HTTP/2" 200 8082 "https://www.literaturepublishers.org/" "Mozilla/5.0 (iPhone; CPU iPhone OS 18_7 like Mac OS X) AppleWebKit/605.1.15 (KHTML, like Gecko) Version/26.4 Mobile/15E148 Safari/604.1"
176.222.60.75 - - [24/Apr/2026:21:37:21 +0000] "GET /assets/fonts/Flaticon.svg HTTP/2" 200 12696 "https://www.literaturepublishers.org/" "Mozilla/5.0 (iPhone; CPU iPhone OS 18_7 like Mac OS X) AppleWebKit/605.1.15 (KHTML, like Gecko) Version/26.4 Mobile/15E148 Safari/604.1"
176.222.60.75 - - [24/Apr/2026:21:37:21 +0000] "GET /assets/fonts/fontawesome-webfont914c.woff2?v=4.6.1 HTTP/2" 200 70728 "https://www.literaturepublishers.org/" "Mozilla/5.0 (iPhone; CPU iPhone OS 18_7 like Mac OS X) AppleWebKit/605.1.15 (KHTML, like Gecko) Version/26.4 Mobile/15E148 Safari/604.1"
176.222.60.75 - - [24/Apr/2026:21:37:21 +0000] "GET /assets/images/our-team/0b1e31feacfb5c5a27a0aaa2c6ae7e04.jpg HTTP/2" 200 24303 "https://www.literaturepublishers.org/" "Mozilla/5.0 (iPhone; CPU iPhone OS 18_7 like Mac OS X) AppleWebKit/605.1.15 (KHTML, like Gecko) Version/26.4 Mobile/15E148 Safari/604.1"
176.222.60.75 - - [24/Apr/2026:21:37:21 +0000] "GET /assets/images/articles/WYTBpE_RNjkS1_a3AzYU_wsSx73_587614.jpg HTTP/2" 200 31026 "https://www.literaturepublishers.org/" "Mozilla/5.0 (iPhone; CPU iPhone OS 18_7 like Mac OS X) AppleWebKit/605.1.15 (KHTML, like Gecko) Version/26.4 Mobile/15E148 Safari/604.1"
176.222.60.75 - - [24/Apr/2026:21:37:21 +0000] "GET /assets/images/articles/6mEjRg_hS06qN_061bBv_k5rpAq_041171.jpg HTTP/2" 200 18498 "https://www.literaturepublishers.org/" "Mozilla/5.0 (iPhone; CPU iPhone OS 18_7 like Mac OS X) AppleWebKit/605.1.15 (KHTML, like Gecko) Version/26.4 Mobile/15E148 Safari/604.1"
176.222.60.75 - - [24/Apr/2026:21:37:21 +0000] "GET /assets/images/articles/1jomn5_67WMB2_N492wD_4ThF30_758856.png HTTP/2" 200 57545 "https://www.literaturepublishers.org/" "Mozilla/5.0 (iPhone; CPU iPhone OS 18_7 like Mac OS X) AppleWebKit/605.1.15 (KHTML, like Gecko) Version/26.4 Mobile/15E148 Safari/604.1"
176.222.60.75 - - [24/Apr/2026:21:37:21 +0000] "GET /assets/images/articles/F8d46Q_21lQVe_9hOQgD_6Vay5x_665699.png HTTP/2" 200 96905 "https://www.literaturepublishers.org/" "Mozilla/5.0 (iPhone; CPU iPhone OS 18_7 like Mac OS X) AppleWebKit/605.1.15 (KHTML, like Gecko) Version/26.4 Mobile/15E148 Safari/604.1"
176.222.60.75 - - [24/Apr/2026:21:37:21 +0000] "GET /assets/images/articles/519xVu_JiePx7_1gj456_f602AS_156617.jpg HTTP/2" 200 7788 "https://www.literaturepublishers.org/" "Mozilla/5.0 (iPhone; CPU iPhone OS 18_7 like Mac OS X) AppleWebKit/605.1.15 (KHTML, like Gecko) Version/26.4 Mobile/15E148 Safari/604.1"
176.222.60.75 - - [24/Apr/2026:21:37:21 +0000] "GET /assets/images/articles/FyCRmd_al7gXd_0LfY46_U9Ff9k_717512.png HTTP/2" 200 25642 "https://www.literaturepublishers.org/" "Mozilla/5.0 (iPhone; CPU iPhone OS 18_7 like Mac OS X) AppleWebKit/605.1.15 (KHTML, like Gecko) Version/26.4 Mobile/15E148 Safari/604.1"
176.222.60.75 - - [24/Apr/2026:21:37:21 +0000] "GET /assets/images/main-slider/fa5787ca65f463999afd8836567863f9.jpg HTTP/2" 200 162457 "https://www.literaturepublishers.org/" "Mozilla/5.0 (iPhone; CPU iPhone OS 18_7 like Mac OS X) AppleWebKit/605.1.15 (KHTML, like Gecko) Version/26.4 Mobile/15E148 Safari/604.1"
176.222.60.75 - - [24/Apr/2026:21:37:21 +0000] "GET /assets/js/froogaloop2.min.js HTTP/2" 200 3662 "https://www.literaturepublishers.org/" "Mozilla/5.0 (iPhone; CPU iPhone OS 18_7 like Mac OS X) AppleWebKit/605.1.15 (KHTML, like Gecko) Version/26.4 Mobile/15E148 Safari/604.1"
176.222.60.75 - - [24/Apr/2026:21:37:21 +0000] "GET /assets/js/icons/css/fontello.css HTTP/2" 200 3674 "https://www.literaturepublishers.org/" "Mozilla/5.0 (iPhone; CPU iPhone OS 18_7 like Mac OS X) AppleWebKit/605.1.15 (KHTML, like Gecko) Version/26.4 Mobile/15E148 Safari/604.1"
176.222.60.75 - - [24/Apr/2026:21:37:22 +0000] "GET /assets/images/36bba7a1369676d26f05a0a51df46360.png HTTP/2" 200 6652 "https://www.literaturepublishers.org/" "Mozilla/5.0 (iPhone; CPU iPhone OS 18_7 like Mac OS X) AppleWebKit/605.1.15 (KHTML, like Gecko) Version/26.4 Mobile/15E148 Safari/604.1"
176.222.60.75 - - [24/Apr/2026:21:37:22 +0000] "GET /assets/images/background/about-pattern.png HTTP/2" 200 78653 "https://www.literaturepublishers.org/" "Mozilla/5.0 (iPhone; CPU iPhone OS 18_7 like Mac OS X) AppleWebKit/605.1.15 (KHTML, like Gecko) Version/26.4 Mobile/15E148 Safari/604.1"
176.222.60.75 - - [24/Apr/2026:21:37:22 +0000] "GET /assets/images/main-slider/e22f722d14546bacdfc6d715b27b4707.jpg HTTP/2" 200 127841 "https://www.literaturepublishers.org/" "Mozilla/5.0 (iPhone; CPU iPhone OS 18_7 like Mac OS X) AppleWebKit/605.1.15 (KHTML, like Gecko) Version/26.4 Mobile/15E148 Safari/604.1"
176.222.60.75 - - [24/Apr/2026:21:37:22 +0000] "GET /assets/images/main-slider/87f5582905234e0f88f8cbe7ddbb1263.jpg HTTP/2" 200 127841 "https://www.literaturepublishers.org/" "Mozilla/5.0 (iPhone; CPU iPhone OS 18_7 like Mac OS X) AppleWebKit/605.1.15 (KHTML, like Gecko) Version/26.4 Mobile/15E148 Safari/604.1"
176.222.60.75 - - [24/Apr/2026:21:37:22 +0000] "GET /assets/images/main-slider/c9b89eea47e85994ed528e02e0bbe57e.jpg HTTP/2" 200 162457 "https://www.literaturepublishers.org/" "Mozilla/5.0 (iPhone; CPU iPhone OS 18_7 like Mac OS X) AppleWebKit/605.1.15 (KHTML, like Gecko) Version/26.4 Mobile/15E148 Safari/604.1"
176.222.60.75 - - [24/Apr/2026:21:37:24 +0000] "GET /assets/images/fav.png HTTP/2" 200 16263 "https://www.literaturepublishers.org/" "Mozilla/5.0 (iPhone; CPU iPhone OS 18_7 like Mac OS X) AppleWebKit/605.1.15 (KHTML, like Gecko) Version/26.4 Mobile/15E148 Safari/604.1"
174.174.142.33 - - [24/Apr/2026:21:37:46 +0000] "GET /assets/images/articles/342T0w_dj26lm_ctyv04_T3RUVY_320861.png HTTP/2" 200 94245 "-" "com.google.GoogleMobile/416.4 iPhone/26.3 hw/iPhone18_2"
216.73.216.238 - - [24/Apr/2026:21:37:50 +0000] "GET /assets/images/journals/j9tPBz_9A3v51_16MKTH_GlDYrZ_769826.php?file=%2Fhome%2Fliteratu%2Fpublic_html%2Fassets%2Flobibox-master%2Fsounds%2Fsound1.ogg HTTP/2" 200 9588 "-" "Mozilla/5.0 AppleWebKit/537.36 (KHTML, like Gecko; compatible; ClaudeBot/1.0; +claudebot@anthropic.com)"
216.73.216.238 - - [24/Apr/2026:21:37:50 +0000] "GET /assets/images/journals/j9tPBz_9A3v51_16MKTH_GlDYrZ_769826.php?file=%2Fhome%2Fliteratu%2Fpublic_html%2Fassets%2Flobibox-master%2Fsounds%2Fsound6.ogg HTTP/2" 200 24452 "-" "Mozilla/5.0 AppleWebKit/537.36 (KHTML, like Gecko; compatible; ClaudeBot/1.0; +claudebot@anthropic.com)"
176.222.60.75 - - [24/Apr/2026:21:38:02 +0000] "GET /instruction.html HTTP/3" 200 8086 "https://www.literaturepublishers.org/" "Mozilla/5.0 (iPhone; CPU iPhone OS 18_7 like Mac OS X) AppleWebKit/605.1.15 (KHTML, like Gecko) Version/26.4 Mobile/15E148 Safari/604.1"
