172.225.201.13 - - [24/Apr/2026:15:15:18 +0000] "GET /instruction.html HTTP/2" 200 8086 "https://www.literaturepublishers.org/event/Pathology-Case-Reports-Journal.html" "Mozilla/5.0 (iPhone; CPU iPhone OS 18_7 like Mac OS X) AppleWebKit/605.1.15 (KHTML, like Gecko) Version/26.4 Mobile/15E148 Safari/604.1"
172.225.201.13 - - [24/Apr/2026:15:15:19 +0000] "GET /assets/js/froogaloop2.min.js HTTP/2" 200 3662 "https://www.literaturepublishers.org/instruction.html" "Mozilla/5.0 (iPhone; CPU iPhone OS 18_7 like Mac OS X) AppleWebKit/605.1.15 (KHTML, like Gecko) Version/26.4 Mobile/15E148 Safari/604.1"
172.225.201.13 - - [24/Apr/2026:15:15:19 +0000] "GET /assets/js/icons/css/fontello.css HTTP/2" 200 3674 "https://www.literaturepublishers.org/instruction.html" "Mozilla/5.0 (iPhone; CPU iPhone OS 18_7 like Mac OS X) AppleWebKit/605.1.15 (KHTML, like Gecko) Version/26.4 Mobile/15E148 Safari/604.1"
172.225.201.13 - - [24/Apr/2026:15:16:25 +0000] "GET /event/Pathology-Case-Reports-Journal.html HTTP/2" 200 5676 "https://www.google.com/" "Mozilla/5.0 (iPhone; CPU iPhone OS 18_7 like Mac OS X) AppleWebKit/605.1.15 (KHTML, like Gecko) Version/26.4 Mobile/15E148 Safari/604.1"
14.231.242.167 - - [24/Apr/2026:15:17:04 +0000] "GET /journal/Case-Reports-in-Oncology-Journal-and-Images.html HTTP/1.1" 200 4282 "-" "Mozilla/5.0 (Macintosh; Intel Mac OS X 10_15_7) AppleWebKit/537.36 (KHTML, like Gecko) Chrome/120.0.0.0 Safari/537.36"
109.166.134.52 - - [24/Apr/2026:15:18:04 +0000] "GET /assets/images/articles/V9qQ7M_33OXk6_a2xtj4_W02sDE_901572.png HTTP/2" 200 84680 "https://www.google.com/" "Mozilla/5.0 (Linux; Android 16; SM-S936B Build/BP2A.250605.031.A3; wv) AppleWebKit/537.36 (KHTML, like Gecko) Version/4.0 Chrome/146.0.7680.178 Mobile Safari/537.36 GoogleApp/17.14.60.ve.arm64"
54.38.147.67 - - [24/Apr/2026:15:19:22 +0000] "GET /event/High-Impact-Factor-Journal.html HTTP/2" 200 4130 "-" "Mozilla/5.0 (compatible; AhrefsBot/7.0; +http://ahrefs.com/robot/)"
47.79.197.253 - - [24/Apr/2026:15:19:39 +0000] "GET /archive/Anal-Streptococcal-Infection-in-Newborns.html HTTP/1.1" 200 5618 "https://www.google.com/" "Mozilla/5.0 (Linux; Android 10; K) AppleWebKit/537.36 (KHTML, like Gecko) Chrome/133.0.0.0 Mobile Safari/537.36"
66.249.73.202 - - [24/Apr/2026:15:20:28 +0000] "GET /assets/images/articles/4N6pwi_6Oz5vM_45h771_H6It5W_114561.pdf HTTP/1.1" 200 145343 "-" "Googlebot/2.1 (+http://www.google.com/bot.html)"
51.89.129.153 - - [24/Apr/2026:15:21:01 +0000] "GET /assets/images/events/wNxnqf_VXq0TU_D6Qp98_60d1gU_206478.png HTTP/2" 200 14598 "-" "Mozilla/5.0 (compatible; AhrefsBot/7.0; +http://ahrefs.com/robot/)"
66.249.73.201 - - [24/Apr/2026:15:21:07 +0000] "GET /assets/images/articles/SZ9yP0_iVn80z_fTm63O_3AP4X3_846391.pdf HTTP/1.1" 200 256122 "-" "Googlebot/2.1 (+http://www.google.com/bot.html)"
66.249.73.200 - - [24/Apr/2026:15:21:24 +0000] "GET /assets/images/articles/6KGi9C_xfz58a_3KPQ3I_83Kd7k_886171.pdf HTTP/1.1" 200 280360 "-" "Googlebot/2.1 (+http://www.google.com/bot.html)"
20.215.220.110 - - [24/Apr/2026:15:21:30 +0000] "GET / HTTP/2" 301 795 "-" "Mozilla/5.0 AppleWebKit/537.36 (KHTML, like Gecko); compatible; ChatGPT-User/1.0; +https://openai.com/bot"
20.215.220.96 - - [24/Apr/2026:15:21:31 +0000] "GET / HTTP/2" 200 14104 "-" "Mozilla/5.0 AppleWebKit/537.36 (KHTML, like Gecko); compatible; ChatGPT-User/1.0; +https://openai.com/bot"
85.208.96.193 - - [24/Apr/2026:15:22:01 +0000] "GET /robots.txt HTTP/1.1" 200 92 "-" "Mozilla/5.0 (compatible; SemrushBot/7~bl; +http://www.semrush.com/bot.html)"
185.191.171.15 - - [24/Apr/2026:15:22:03 +0000] "GET /archive/Dahl-Sign.html HTTP/1.1" 200 5639 "-" "Mozilla/5.0 (compatible; SemrushBot/7~bl; +http://www.semrush.com/bot.html)"
52.167.144.145 - - [24/Apr/2026:15:22:09 +0000] "GET /2022/1115903.html HTTP/2" 301 795 "-" "Mozilla/5.0 AppleWebKit/537.36 (KHTML, like Gecko; compatible; bingbot/2.0; +http://www.bing.com/bingbot.htm) Chrome/116.0.1938.76 Safari/537.36"
185.191.171.9 - - [24/Apr/2026:15:22:34 +0000] "GET /archive/Fatal-Rabies-Encephalitis-in-a-Vaccinated-Child:-A-Case-Report-and-Review-of-MRI-Findings.html HTTP/1.1" 200 5433 "-" "Mozilla/5.0 (compatible; SemrushBot/7~bl; +http://www.semrush.com/bot.html)"
152.57.36.252 - - [24/Apr/2026:15:22:56 +0000] "GET /assets/images/articles/10ypVm_O6blcK_T8QhY6_2R5MlW_915415.png HTTP/2" 200 96306 "https://www.google.com/" "Mozilla/5.0 (Linux; Android 15; CPH2495 Build/AP3A.240617.008; wv) AppleWebKit/537.36 (KHTML, like Gecko) Version/4.0 Chrome/147.0.7727.55 Mobile Safari/537.36 GoogleApp/17.13.62.ve.arm64"
152.57.36.252 - - [24/Apr/2026:15:22:56 +0000] "GET /archive/Lack-of-Dental-Care-and-Ludwig-Angina:-Could-It-Have-Been-Prevented.html HTTP/2" 200 5263 "https://www.google.com/" "Mozilla/5.0 (Linux; Android 10; K) AppleWebKit/537.36 (KHTML, like Gecko) Chrome/147.0.0.0 Mobile Safari/537.36"
152.57.36.252 - - [24/Apr/2026:15:22:56 +0000] "GET /assets/images/articles/10ypVm_O6blcK_T8QhY6_2R5MlW_915415.png HTTP/2" 200 96306 "https://www.literaturepublishers.org/archive/Lack-of-Dental-Care-and-Ludwig-Angina:-Could-It-Have-Been-Prevented.html" "Mozilla/5.0 (Linux; Android 10; K) AppleWebKit/537.36 (KHTML, like Gecko) Chrome/147.0.0.0 Mobile Safari/537.36"
152.57.36.252 - - [24/Apr/2026:15:22:56 +0000] "GET /assets/css/responsive.css HTTP/2" 200 2802 "https://www.literaturepublishers.org/archive/Lack-of-Dental-Care-and-Ludwig-Angina:-Could-It-Have-Been-Prevented.html" "Mozilla/5.0 (Linux; Android 10; K) AppleWebKit/537.36 (KHTML, like Gecko) Chrome/147.0.0.0 Mobile Safari/537.36"
152.57.36.252 - - [24/Apr/2026:15:22:56 +0000] "GET /assets/css/style.css HTTP/2" 200 13141 "https://www.literaturepublishers.org/archive/Lack-of-Dental-Care-and-Ludwig-Angina:-Could-It-Have-Been-Prevented.html" "Mozilla/5.0 (Linux; Android 10; K) AppleWebKit/537.36 (KHTML, like Gecko) Chrome/147.0.0.0 Mobile Safari/537.36"
152.57.36.252 - - [24/Apr/2026:15:22:56 +0000] "GET /assets/css/custom.css HTTP/2" 200 1456 "https://www.literaturepublishers.org/archive/Lack-of-Dental-Care-and-Ludwig-Angina:-Could-It-Have-Been-Prevented.html" "Mozilla/5.0 (Linux; Android 10; K) AppleWebKit/537.36 (KHTML, like Gecko) Chrome/147.0.0.0 Mobile Safari/537.36"
152.57.36.252 - - [24/Apr/2026:15:22:56 +0000] "GET /assets/images/f31dc4b60df688d9f5bdf93ce825f9e7.png HTTP/2" 200 8082 "https://www.literaturepublishers.org/archive/Lack-of-Dental-Care-and-Ludwig-Angina:-Could-It-Have-Been-Prevented.html" "Mozilla/5.0 (Linux; Android 10; K) AppleWebKit/537.36 (KHTML, like Gecko) Chrome/147.0.0.0 Mobile Safari/537.36"
152.57.36.252 - - [24/Apr/2026:15:22:56 +0000] "GET /assets/images/6a798b2c62d0f53f595e14354ed7fd65.png HTTP/2" 200 8082 "https://www.literaturepublishers.org/archive/Lack-of-Dental-Care-and-Ludwig-Angina:-Could-It-Have-Been-Prevented.html" "Mozilla/5.0 (Linux; Android 10; K) AppleWebKit/537.36 (KHTML, like Gecko) Chrome/147.0.0.0 Mobile Safari/537.36"
152.57.36.252 - - [24/Apr/2026:15:22:56 +0000] "GET /assets/js/popper.min.js HTTP/2" 200 6957 "https://www.literaturepublishers.org/archive/Lack-of-Dental-Care-and-Ludwig-Angina:-Could-It-Have-Been-Prevented.html" "Mozilla/5.0 (Linux; Android 10; K) AppleWebKit/537.36 (KHTML, like Gecko) Chrome/147.0.0.0 Mobile Safari/537.36"
152.57.36.252 - - [24/Apr/2026:15:22:56 +0000] "GET /assets/images/36bba7a1369676d26f05a0a51df46360.png HTTP/2" 200 6652 "https://www.literaturepublishers.org/archive/Lack-of-Dental-Care-and-Ludwig-Angina:-Could-It-Have-Been-Prevented.html" "Mozilla/5.0 (Linux; Android 10; K) AppleWebKit/537.36 (KHTML, like Gecko) Chrome/147.0.0.0 Mobile Safari/537.36"
152.57.36.252 - - [24/Apr/2026:15:22:56 +0000] "GET /assets/js/owl.carousel.min.js HTTP/2" 200 10325 "https://www.literaturepublishers.org/archive/Lack-of-Dental-Care-and-Ludwig-Angina:-Could-It-Have-Been-Prevented.html" "Mozilla/5.0 (Linux; Android 10; K) AppleWebKit/537.36 (KHTML, like Gecko) Chrome/147.0.0.0 Mobile Safari/537.36"
152.57.36.252 - - [24/Apr/2026:15:22:56 +0000] "GET /assets/js/bootstrap.min.js HTTP/2" 200 13383 "https://www.literaturepublishers.org/archive/Lack-of-Dental-Care-and-Ludwig-Angina:-Could-It-Have-Been-Prevented.html" "Mozilla/5.0 (Linux; Android 10; K) AppleWebKit/537.36 (KHTML, like Gecko) Chrome/147.0.0.0 Mobile Safari/537.36"
152.57.36.252 - - [24/Apr/2026:15:22:56 +0000] "GET /assets/js/wow.js HTTP/2" 200 2037 "https://www.literaturepublishers.org/archive/Lack-of-Dental-Care-and-Ludwig-Angina:-Could-It-Have-Been-Prevented.html" "Mozilla/5.0 (Linux; Android 10; K) AppleWebKit/537.36 (KHTML, like Gecko) Chrome/147.0.0.0 Mobile Safari/537.36"
152.57.36.252 - - [24/Apr/2026:15:22:56 +0000] "GET /assets/js/isotope.js HTTP/2" 200 9890 "https://www.literaturepublishers.org/archive/Lack-of-Dental-Care-and-Ludwig-Angina:-Could-It-Have-Been-Prevented.html" "Mozilla/5.0 (Linux; Android 10; K) AppleWebKit/537.36 (KHTML, like Gecko) Chrome/147.0.0.0 Mobile Safari/537.36"
152.57.36.252 - - [24/Apr/2026:15:22:56 +0000] "GET /assets/js/validation.js HTTP/2" 200 11747 "https://www.literaturepublishers.org/archive/Lack-of-Dental-Care-and-Ludwig-Angina:-Could-It-Have-Been-Prevented.html" "Mozilla/5.0 (Linux; Android 10; K) AppleWebKit/537.36 (KHTML, like Gecko) Chrome/147.0.0.0 Mobile Safari/537.36"
152.57.36.252 - - [24/Apr/2026:15:22:56 +0000] "GET /assets/js/SmoothScroll.js HTTP/2" 200 6054 "https://www.literaturepublishers.org/archive/Lack-of-Dental-Care-and-Ludwig-Angina:-Could-It-Have-Been-Prevented.html" "Mozilla/5.0 (Linux; Android 10; K) AppleWebKit/537.36 (KHTML, like Gecko) Chrome/147.0.0.0 Mobile Safari/537.36"
152.57.36.252 - - [24/Apr/2026:15:22:56 +0000] "GET /assets/js/script.js HTTP/2" 200 2221 "https://www.literaturepublishers.org/archive/Lack-of-Dental-Care-and-Ludwig-Angina:-Could-It-Have-Been-Prevented.html" "Mozilla/5.0 (Linux; Android 10; K) AppleWebKit/537.36 (KHTML, like Gecko) Chrome/147.0.0.0 Mobile Safari/537.36"
152.57.36.252 - - [24/Apr/2026:15:22:56 +0000] "GET /assets/js/html5lightbox.js HTTP/2" 200 16461 "https://www.literaturepublishers.org/archive/Lack-of-Dental-Care-and-Ludwig-Angina:-Could-It-Have-Been-Prevented.html" "Mozilla/5.0 (Linux; Android 10; K) AppleWebKit/537.36 (KHTML, like Gecko) Chrome/147.0.0.0 Mobile Safari/537.36"
152.57.36.252 - - [24/Apr/2026:15:22:56 +0000] "GET /assets/js/jquery.js HTTP/2" 200 32859 "https://www.literaturepublishers.org/archive/Lack-of-Dental-Care-and-Ludwig-Angina:-Could-It-Have-Been-Prevented.html" "Mozilla/5.0 (Linux; Android 10; K) AppleWebKit/537.36 (KHTML, like Gecko) Chrome/147.0.0.0 Mobile Safari/537.36"
152.57.36.252 - - [24/Apr/2026:15:22:57 +0000] "GET /assets/css/flaticon.css HTTP/3" 200 501 "https://www.literaturepublishers.org/assets/css/style.css" "Mozilla/5.0 (Linux; Android 10; K) AppleWebKit/537.36 (KHTML, like Gecko) Chrome/147.0.0.0 Mobile Safari/537.36"
152.57.36.252 - - [24/Apr/2026:15:22:57 +0000] "GET /assets/css/owl.css HTTP/3" 200 1237 "https://www.literaturepublishers.org/assets/css/style.css" "Mozilla/5.0 (Linux; Android 10; K) AppleWebKit/537.36 (KHTML, like Gecko) Chrome/147.0.0.0 Mobile Safari/537.36"
152.57.36.252 - - [24/Apr/2026:15:22:57 +0000] "GET /assets/css/jquery.fancybox.min.css HTTP/3" 200 2938 "https://www.literaturepublishers.org/assets/css/style.css" "Mozilla/5.0 (Linux; Android 10; K) AppleWebKit/537.36 (KHTML, like Gecko) Chrome/147.0.0.0 Mobile Safari/537.36"
152.57.36.252 - - [24/Apr/2026:15:22:57 +0000] "GET /assets/css/animate.css HTTP/3" 200 4537 "https://www.literaturepublishers.org/assets/css/style.css" "Mozilla/5.0 (Linux; Android 10; K) AppleWebKit/537.36 (KHTML, like Gecko) Chrome/147.0.0.0 Mobile Safari/537.36"
152.57.36.252 - - [24/Apr/2026:15:22:57 +0000] "GET /assets/css/bootstrap.css HTTP/3" 200 20401 "https://www.literaturepublishers.org/assets/css/style.css" "Mozilla/5.0 (Linux; Android 10; K) AppleWebKit/537.36 (KHTML, like Gecko) Chrome/147.0.0.0 Mobile Safari/537.36"
152.57.36.252 - - [24/Apr/2026:15:22:57 +0000] "GET /assets/css/hover.css HTTP/3" 200 8101 "https://www.literaturepublishers.org/assets/css/style.css" "Mozilla/5.0 (Linux; Android 10; K) AppleWebKit/537.36 (KHTML, like Gecko) Chrome/147.0.0.0 Mobile Safari/537.36"
152.57.36.252 - - [24/Apr/2026:15:22:57 +0000] "GET /assets/css/font-awesome.css HTTP/3" 200 6615 "https://www.literaturepublishers.org/assets/css/style.css" "Mozilla/5.0 (Linux; Android 10; K) AppleWebKit/537.36 (KHTML, like Gecko) Chrome/147.0.0.0 Mobile Safari/537.36"
152.57.36.252 - - [24/Apr/2026:15:22:57 +0000] "GET /assets/fonts/Flaticon.woff HTTP/3" 200 4448 "https://www.literaturepublishers.org/assets/css/flaticon.css" "Mozilla/5.0 (Linux; Android 10; K) AppleWebKit/537.36 (KHTML, like Gecko) Chrome/147.0.0.0 Mobile Safari/537.36"
152.57.36.252 - - [24/Apr/2026:15:22:57 +0000] "GET /assets/js/icons/css/fontello.css HTTP/3" 200 3672 "https://www.literaturepublishers.org/archive/Lack-of-Dental-Care-and-Ludwig-Angina:-Could-It-Have-Been-Prevented.html" "Mozilla/5.0 (Linux; Android 10; K) AppleWebKit/537.36 (KHTML, like Gecko) Chrome/147.0.0.0 Mobile Safari/537.36"
152.57.36.252 - - [24/Apr/2026:15:22:57 +0000] "GET /assets/fonts/fontawesome-webfont914c.woff2?v=4.6.1 HTTP/3" 200 70728 "https://www.literaturepublishers.org/assets/css/font-awesome.css" "Mozilla/5.0 (Linux; Android 10; K) AppleWebKit/537.36 (KHTML, like Gecko) Chrome/147.0.0.0 Mobile Safari/537.36"
152.57.36.252 - - [24/Apr/2026:15:22:57 +0000] "GET /assets/images/background/page-title.jpg HTTP/3" 200 71999 "https://www.literaturepublishers.org/archive/Lack-of-Dental-Care-and-Ludwig-Angina:-Could-It-Have-Been-Prevented.html" "Mozilla/5.0 (Linux; Android 10; K) AppleWebKit/537.36 (KHTML, like Gecko) Chrome/147.0.0.0 Mobile Safari/537.36"
152.57.36.252 - - [24/Apr/2026:15:22:57 +0000] "GET /assets/js/froogaloop2.min.js HTTP/3" 200 3662 "https://www.literaturepublishers.org/archive/Lack-of-Dental-Care-and-Ludwig-Angina:-Could-It-Have-Been-Prevented.html" "Mozilla/5.0 (Linux; Android 10; K) AppleWebKit/537.36 (KHTML, like Gecko) Chrome/147.0.0.0 Mobile Safari/537.36"
152.57.36.252 - - [24/Apr/2026:15:22:57 +0000] "GET /assets/images/background/about-pattern.png HTTP/3" 200 78653 "https://www.literaturepublishers.org/assets/css/style.css" "Mozilla/5.0 (Linux; Android 10; K) AppleWebKit/537.36 (KHTML, like Gecko) Chrome/147.0.0.0 Mobile Safari/537.36"
152.57.36.252 - - [24/Apr/2026:15:23:01 +0000] "GET /assets/images/fav.png HTTP/3" 200 16263 "https://www.literaturepublishers.org/archive/Lack-of-Dental-Care-and-Ludwig-Angina:-Could-It-Have-Been-Prevented.html" "Mozilla/5.0 (Linux; Android 10; K) AppleWebKit/537.36 (KHTML, like Gecko) Chrome/147.0.0.0 Mobile Safari/537.36"
52.167.144.180 - - [24/Apr/2026:15:23:11 +0000] "GET /useful-link/italian-journal-of-medical-images-and-case-reports.html HTTP/2" 200 4050 "-" "Mozilla/5.0 AppleWebKit/537.36 (KHTML, like Gecko; compatible; bingbot/2.0; +http://www.bing.com/bingbot.htm) Chrome/116.0.1938.76 Safari/537.36"
37.239.225.24 - - [24/Apr/2026:15:23:59 +0000] "GET /reprints.html HTTP/1.1" 200 4368 "-" "Opera/9.46.(Windows NT 5.01; lzh-TW) Presto/2.9.167 Version/10.00"
52.167.144.180 - - [24/Apr/2026:15:24:33 +0000] "GET /assets/images/articles/y68C05_9M01NB_A66a2e_13a62s_887166.pdf HTTP/2" 200 290309 "-" "Mozilla/5.0 AppleWebKit/537.36 (KHTML, like Gecko; compatible; bingbot/2.0; +http://www.bing.com/bingbot.htm) Chrome/116.0.1938.76 Safari/537.36"
47.79.204.35 - - [24/Apr/2026:15:24:58 +0000] "GET /archive/Right-Side-Arachnoid-Cyst.html HTTP/1.1" 200 5857 "https://www.google.com/" "Mozilla/5.0 (Linux; Android 10; K) AppleWebKit/537.36 (KHTML, like Gecko) Chrome/132.0.0.0 Mobile Safari/537.36"
72.14.201.138 - - [24/Apr/2026:15:25:39 +0000] "GET /event/Pathology-Case-Reports-Journal.html HTTP/2" 200 5676 "https://www.google.com/" "Mozilla/5.0 (Windows NT 10.0; Win64; x64) AppleWebKit/537.36 (KHTML, like Gecko) Chrome/147.0.0.0 Safari/537.36"
37.114.147.71 - - [24/Apr/2026:15:25:52 +0000] "GET /archive/Adenocarcinoma-of-the-Finger-A-Case-for-Sentinel-Lymph-Node-Biopsy.html HTTP/1.1" 200 4694 "-" "Mozilla/5.0 (Macintosh; Intel Mac OS X 10_15_7) AppleWebKit/537.36 (KHTML, like Gecko) Chrome/133.0.0.0 Safari/537.36"
66.249.73.201 - - [24/Apr/2026:15:26:13 +0000] "GET /assets/images/articles/CstvEu_Z8c9kJ_hLPs3G_4uYv2l_659187.pdf HTTP/1.1" 200 392005 "-" "Googlebot/2.1 (+http://www.google.com/bot.html)"
152.58.176.83 - - [24/Apr/2026:15:26:36 +0000] "GET /assets/css/style.css HTTP/2" 200 13141 "https://www.literaturepublishers.org/event/Pathology-Case-Reports-Journal.html" "Mozilla/5.0 (Windows NT 10.0; Win64; x64) AppleWebKit/537.36 (KHTML, like Gecko) Chrome/147.0.0.0 Safari/537.36"
152.58.176.83 - - [24/Apr/2026:15:26:36 +0000] "GET /assets/css/responsive.css HTTP/2" 200 2802 "https://www.literaturepublishers.org/event/Pathology-Case-Reports-Journal.html" "Mozilla/5.0 (Windows NT 10.0; Win64; x64) AppleWebKit/537.36 (KHTML, like Gecko) Chrome/147.0.0.0 Safari/537.36"
152.58.176.83 - - [24/Apr/2026:15:26:36 +0000] "GET /assets/css/custom.css HTTP/2" 200 1456 "https://www.literaturepublishers.org/event/Pathology-Case-Reports-Journal.html" "Mozilla/5.0 (Windows NT 10.0; Win64; x64) AppleWebKit/537.36 (KHTML, like Gecko) Chrome/147.0.0.0 Safari/537.36"
152.58.176.83 - - [24/Apr/2026:15:26:36 +0000] "GET /assets/images/6a798b2c62d0f53f595e14354ed7fd65.png HTTP/2" 200 8082 "https://www.literaturepublishers.org/event/Pathology-Case-Reports-Journal.html" "Mozilla/5.0 (Windows NT 10.0; Win64; x64) AppleWebKit/537.36 (KHTML, like Gecko) Chrome/147.0.0.0 Safari/537.36"
152.58.176.83 - - [24/Apr/2026:15:26:36 +0000] "GET /assets/images/f31dc4b60df688d9f5bdf93ce825f9e7.png HTTP/2" 200 8082 "https://www.literaturepublishers.org/event/Pathology-Case-Reports-Journal.html" "Mozilla/5.0 (Windows NT 10.0; Win64; x64) AppleWebKit/537.36 (KHTML, like Gecko) Chrome/147.0.0.0 Safari/537.36"
152.58.176.83 - - [24/Apr/2026:15:26:36 +0000] "GET /assets/images/events/Ru9MOm_Ne62Rq_k9F6PM_qh4T46_471866.png HTTP/2" 200 14613 "https://www.literaturepublishers.org/event/Pathology-Case-Reports-Journal.html" "Mozilla/5.0 (Windows NT 10.0; Win64; x64) AppleWebKit/537.36 (KHTML, like Gecko) Chrome/147.0.0.0 Safari/537.36"
152.58.176.83 - - [24/Apr/2026:15:26:36 +0000] "GET /assets/js/wow.js HTTP/2" 200 2037 "https://www.literaturepublishers.org/event/Pathology-Case-Reports-Journal.html" "Mozilla/5.0 (Windows NT 10.0; Win64; x64) AppleWebKit/537.36 (KHTML, like Gecko) Chrome/147.0.0.0 Safari/537.36"
152.58.176.83 - - [24/Apr/2026:15:26:36 +0000] "GET /assets/js/validation.js HTTP/2" 200 11747 "https://www.literaturepublishers.org/event/Pathology-Case-Reports-Journal.html" "Mozilla/5.0 (Windows NT 10.0; Win64; x64) AppleWebKit/537.36 (KHTML, like Gecko) Chrome/147.0.0.0 Safari/537.36"
152.58.176.83 - - [24/Apr/2026:15:26:36 +0000] "GET /assets/js/isotope.js HTTP/2" 200 9890 "https://www.literaturepublishers.org/event/Pathology-Case-Reports-Journal.html" "Mozilla/5.0 (Windows NT 10.0; Win64; x64) AppleWebKit/537.36 (KHTML, like Gecko) Chrome/147.0.0.0 Safari/537.36"
152.58.176.83 - - [24/Apr/2026:15:26:36 +0000] "GET /assets/js/popper.min.js HTTP/2" 200 6957 "https://www.literaturepublishers.org/event/Pathology-Case-Reports-Journal.html" "Mozilla/5.0 (Windows NT 10.0; Win64; x64) AppleWebKit/537.36 (KHTML, like Gecko) Chrome/147.0.0.0 Safari/537.36"
152.58.176.83 - - [24/Apr/2026:15:26:36 +0000] "GET /assets/js/bootstrap.min.js HTTP/2" 200 13383 "https://www.literaturepublishers.org/event/Pathology-Case-Reports-Journal.html" "Mozilla/5.0 (Windows NT 10.0; Win64; x64) AppleWebKit/537.36 (KHTML, like Gecko) Chrome/147.0.0.0 Safari/537.36"
152.58.176.83 - - [24/Apr/2026:15:26:36 +0000] "GET /assets/js/owl.carousel.min.js HTTP/2" 200 10325 "https://www.literaturepublishers.org/event/Pathology-Case-Reports-Journal.html" "Mozilla/5.0 (Windows NT 10.0; Win64; x64) AppleWebKit/537.36 (KHTML, like Gecko) Chrome/147.0.0.0 Safari/537.36"
152.58.176.83 - - [24/Apr/2026:15:26:36 +0000] "GET /assets/css/font-awesome.css HTTP/2" 200 6615 "https://www.literaturepublishers.org/assets/css/style.css" "Mozilla/5.0 (Windows NT 10.0; Win64; x64) AppleWebKit/537.36 (KHTML, like Gecko) Chrome/147.0.0.0 Safari/537.36"
152.58.176.83 - - [24/Apr/2026:15:26:36 +0000] "GET /assets/css/flaticon.css HTTP/2" 200 501 "https://www.literaturepublishers.org/assets/css/style.css" "Mozilla/5.0 (Windows NT 10.0; Win64; x64) AppleWebKit/537.36 (KHTML, like Gecko) Chrome/147.0.0.0 Safari/537.36"
152.58.176.83 - - [24/Apr/2026:15:26:36 +0000] "GET /assets/css/owl.css HTTP/2" 200 1237 "https://www.literaturepublishers.org/assets/css/style.css" "Mozilla/5.0 (Windows NT 10.0; Win64; x64) AppleWebKit/537.36 (KHTML, like Gecko) Chrome/147.0.0.0 Safari/537.36"
152.58.176.83 - - [24/Apr/2026:15:26:36 +0000] "GET /assets/css/bootstrap.css HTTP/2" 200 20401 "https://www.literaturepublishers.org/assets/css/style.css" "Mozilla/5.0 (Windows NT 10.0; Win64; x64) AppleWebKit/537.36 (KHTML, like Gecko) Chrome/147.0.0.0 Safari/537.36"
152.58.176.83 - - [24/Apr/2026:15:26:36 +0000] "GET /assets/css/jquery.fancybox.min.css HTTP/2" 200 2938 "https://www.literaturepublishers.org/assets/css/style.css" "Mozilla/5.0 (Windows NT 10.0; Win64; x64) AppleWebKit/537.36 (KHTML, like Gecko) Chrome/147.0.0.0 Safari/537.36"
152.58.176.83 - - [24/Apr/2026:15:26:36 +0000] "GET /assets/css/animate.css HTTP/2" 200 4537 "https://www.literaturepublishers.org/assets/css/style.css" "Mozilla/5.0 (Windows NT 10.0; Win64; x64) AppleWebKit/537.36 (KHTML, like Gecko) Chrome/147.0.0.0 Safari/537.36"
152.58.176.83 - - [24/Apr/2026:15:26:36 +0000] "GET /assets/js/jquery.js HTTP/2" 200 32859 "https://www.literaturepublishers.org/event/Pathology-Case-Reports-Journal.html" "Mozilla/5.0 (Windows NT 10.0; Win64; x64) AppleWebKit/537.36 (KHTML, like Gecko) Chrome/147.0.0.0 Safari/537.36"
152.58.176.83 - - [24/Apr/2026:15:26:36 +0000] "GET /assets/js/html5lightbox.js HTTP/2" 200 16461 "https://www.literaturepublishers.org/event/Pathology-Case-Reports-Journal.html" "Mozilla/5.0 (Windows NT 10.0; Win64; x64) AppleWebKit/537.36 (KHTML, like Gecko) Chrome/147.0.0.0 Safari/537.36"
152.58.176.83 - - [24/Apr/2026:15:26:36 +0000] "GET /assets/js/SmoothScroll.js HTTP/2" 200 6054 "https://www.literaturepublishers.org/event/Pathology-Case-Reports-Journal.html" "Mozilla/5.0 (Windows NT 10.0; Win64; x64) AppleWebKit/537.36 (KHTML, like Gecko) Chrome/147.0.0.0 Safari/537.36"
152.58.176.83 - - [24/Apr/2026:15:26:36 +0000] "GET /assets/js/script.js HTTP/2" 200 2221 "https://www.literaturepublishers.org/event/Pathology-Case-Reports-Journal.html" "Mozilla/5.0 (Windows NT 10.0; Win64; x64) AppleWebKit/537.36 (KHTML, like Gecko) Chrome/147.0.0.0 Safari/537.36"
152.58.176.83 - - [24/Apr/2026:15:26:36 +0000] "GET /assets/images/36bba7a1369676d26f05a0a51df46360.png HTTP/2" 200 6652 "https://www.literaturepublishers.org/event/Pathology-Case-Reports-Journal.html" "Mozilla/5.0 (Windows NT 10.0; Win64; x64) AppleWebKit/537.36 (KHTML, like Gecko) Chrome/147.0.0.0 Safari/537.36"
152.58.176.83 - - [24/Apr/2026:15:26:36 +0000] "GET /assets/css/hover.css HTTP/2" 200 8101 "https://www.literaturepublishers.org/assets/css/style.css" "Mozilla/5.0 (Windows NT 10.0; Win64; x64) AppleWebKit/537.36 (KHTML, like Gecko) Chrome/147.0.0.0 Safari/537.36"
152.58.176.83 - - [24/Apr/2026:15:26:36 +0000] "GET /assets/images/background/page-title.jpg HTTP/2" 200 71999 "https://www.literaturepublishers.org/event/Pathology-Case-Reports-Journal.html" "Mozilla/5.0 (Windows NT 10.0; Win64; x64) AppleWebKit/537.36 (KHTML, like Gecko) Chrome/147.0.0.0 Safari/537.36"
152.58.176.83 - - [24/Apr/2026:15:26:37 +0000] "GET /assets/fonts/fontawesome-webfont914c.woff2?v=4.6.1 HTTP/3" 200 70728 "https://www.literaturepublishers.org/assets/css/font-awesome.css" "Mozilla/5.0 (Windows NT 10.0; Win64; x64) AppleWebKit/537.36 (KHTML, like Gecko) Chrome/147.0.0.0 Safari/537.36"
152.58.176.83 - - [24/Apr/2026:15:26:37 +0000] "GET /assets/fonts/Flaticon.woff HTTP/3" 200 4448 "https://www.literaturepublishers.org/assets/css/flaticon.css" "Mozilla/5.0 (Windows NT 10.0; Win64; x64) AppleWebKit/537.36 (KHTML, like Gecko) Chrome/147.0.0.0 Safari/537.36"
152.58.176.83 - - [24/Apr/2026:15:26:37 +0000] "GET /assets/js/froogaloop2.min.js HTTP/3" 200 3662 "https://www.literaturepublishers.org/event/Pathology-Case-Reports-Journal.html" "Mozilla/5.0 (Windows NT 10.0; Win64; x64) AppleWebKit/537.36 (KHTML, like Gecko) Chrome/147.0.0.0 Safari/537.36"
152.58.176.83 - - [24/Apr/2026:15:26:37 +0000] "GET /assets/js/icons/css/fontello.css HTTP/3" 200 3674 "https://www.literaturepublishers.org/event/Pathology-Case-Reports-Journal.html" "Mozilla/5.0 (Windows NT 10.0; Win64; x64) AppleWebKit/537.36 (KHTML, like Gecko) Chrome/147.0.0.0 Safari/537.36"
152.58.176.83 - - [24/Apr/2026:15:26:43 +0000] "GET /assets/images/fav.png HTTP/3" 200 16263 "https://www.literaturepublishers.org/event/Pathology-Case-Reports-Journal.html" "Mozilla/5.0 (Windows NT 10.0; Win64; x64) AppleWebKit/537.36 (KHTML, like Gecko) Chrome/147.0.0.0 Safari/537.36"
152.58.176.83 - - [24/Apr/2026:15:26:48 +0000] "GET / HTTP/3" 200 14104 "https://www.literaturepublishers.org/event/Pathology-Case-Reports-Journal.html" "Mozilla/5.0 (Windows NT 10.0; Win64; x64) AppleWebKit/537.36 (KHTML, like Gecko) Chrome/147.0.0.0 Safari/537.36"
152.58.176.83 - - [24/Apr/2026:15:26:48 +0000] "GET /assets/images/our-team/0b1e31feacfb5c5a27a0aaa2c6ae7e04.jpg HTTP/3" 200 24303 "https://www.literaturepublishers.org/" "Mozilla/5.0 (Windows NT 10.0; Win64; x64) AppleWebKit/537.36 (KHTML, like Gecko) Chrome/147.0.0.0 Safari/537.36"
152.58.176.83 - - [24/Apr/2026:15:26:48 +0000] "GET /assets/images/articles/FyCRmd_al7gXd_0LfY46_U9Ff9k_717512.png HTTP/3" 200 25642 "https://www.literaturepublishers.org/" "Mozilla/5.0 (Windows NT 10.0; Win64; x64) AppleWebKit/537.36 (KHTML, like Gecko) Chrome/147.0.0.0 Safari/537.36"
152.58.176.83 - - [24/Apr/2026:15:26:48 +0000] "GET /assets/images/articles/6mEjRg_hS06qN_061bBv_k5rpAq_041171.jpg HTTP/3" 200 18498 "https://www.literaturepublishers.org/" "Mozilla/5.0 (Windows NT 10.0; Win64; x64) AppleWebKit/537.36 (KHTML, like Gecko) Chrome/147.0.0.0 Safari/537.36"
152.58.176.83 - - [24/Apr/2026:15:26:48 +0000] "GET /assets/images/articles/519xVu_JiePx7_1gj456_f602AS_156617.jpg HTTP/3" 200 7788 "https://www.literaturepublishers.org/" "Mozilla/5.0 (Windows NT 10.0; Win64; x64) AppleWebKit/537.36 (KHTML, like Gecko) Chrome/147.0.0.0 Safari/537.36"
152.58.176.83 - - [24/Apr/2026:15:26:48 +0000] "GET /assets/images/articles/WYTBpE_RNjkS1_a3AzYU_wsSx73_587614.jpg HTTP/3" 200 31026 "https://www.literaturepublishers.org/" "Mozilla/5.0 (Windows NT 10.0; Win64; x64) AppleWebKit/537.36 (KHTML, like Gecko) Chrome/147.0.0.0 Safari/537.36"
152.58.176.83 - - [24/Apr/2026:15:26:48 +0000] "GET /assets/images/articles/1jomn5_67WMB2_N492wD_4ThF30_758856.png HTTP/3" 200 57545 "https://www.literaturepublishers.org/" "Mozilla/5.0 (Windows NT 10.0; Win64; x64) AppleWebKit/537.36 (KHTML, like Gecko) Chrome/147.0.0.0 Safari/537.36"
152.58.176.83 - - [24/Apr/2026:15:26:48 +0000] "GET /assets/images/background/about-pattern.png HTTP/3" 200 78653 "https://www.literaturepublishers.org/assets/css/style.css" "Mozilla/5.0 (Windows NT 10.0; Win64; x64) AppleWebKit/537.36 (KHTML, like Gecko) Chrome/147.0.0.0 Safari/537.36"
152.58.176.83 - - [24/Apr/2026:15:26:48 +0000] "GET /assets/images/articles/F8d46Q_21lQVe_9hOQgD_6Vay5x_665699.png HTTP/3" 200 96905 "https://www.literaturepublishers.org/" "Mozilla/5.0 (Windows NT 10.0; Win64; x64) AppleWebKit/537.36 (KHTML, like Gecko) Chrome/147.0.0.0 Safari/537.36"
152.58.176.83 - - [24/Apr/2026:15:26:48 +0000] "GET /assets/images/main-slider/87f5582905234e0f88f8cbe7ddbb1263.jpg HTTP/3" 200 127841 "https://www.literaturepublishers.org/" "Mozilla/5.0 (Windows NT 10.0; Win64; x64) AppleWebKit/537.36 (KHTML, like Gecko) Chrome/147.0.0.0 Safari/537.36"
152.58.176.83 - - [24/Apr/2026:15:26:48 +0000] "GET /assets/images/main-slider/fa5787ca65f463999afd8836567863f9.jpg HTTP/3" 200 162457 "https://www.literaturepublishers.org/" "Mozilla/5.0 (Windows NT 10.0; Win64; x64) AppleWebKit/537.36 (KHTML, like Gecko) Chrome/147.0.0.0 Safari/537.36"
152.58.176.83 - - [24/Apr/2026:15:26:48 +0000] "GET /assets/images/main-slider/e22f722d14546bacdfc6d715b27b4707.jpg HTTP/3" 200 127841 "https://www.literaturepublishers.org/" "Mozilla/5.0 (Windows NT 10.0; Win64; x64) AppleWebKit/537.36 (KHTML, like Gecko) Chrome/147.0.0.0 Safari/537.36"
152.58.176.83 - - [24/Apr/2026:15:26:48 +0000] "GET /assets/images/main-slider/c9b89eea47e85994ed528e02e0bbe57e.jpg HTTP/3" 200 162457 "https://www.literaturepublishers.org/" "Mozilla/5.0 (Windows NT 10.0; Win64; x64) AppleWebKit/537.36 (KHTML, like Gecko) Chrome/147.0.0.0 Safari/537.36"
152.58.176.83 - - [24/Apr/2026:15:26:48 +0000] "GET /assets/js/froogaloop2.min.js HTTP/3" 200 3662 "https://www.literaturepublishers.org/" "Mozilla/5.0 (Windows NT 10.0; Win64; x64) AppleWebKit/537.36 (KHTML, like Gecko) Chrome/147.0.0.0 Safari/537.36"
152.58.176.83 - - [24/Apr/2026:15:26:48 +0000] "GET /assets/js/icons/css/fontello.css HTTP/3" 200 3674 "https://www.literaturepublishers.org/" "Mozilla/5.0 (Windows NT 10.0; Win64; x64) AppleWebKit/537.36 (KHTML, like Gecko) Chrome/147.0.0.0 Safari/537.36"
194.187.171.140 - - [24/Apr/2026:15:26:57 +0000] "GET /useful-link/images-in-medicine-journal-images-in-clinical-medicine.html HTTP/2" 200 4174 "-" "Mozilla/5.0 (compatible; Qwantbot/1.0_5200152; +https://help.qwant.com/bot/)"
157.55.39.53 - - [24/Apr/2026:15:27:45 +0000] "GET /archive/Treatment-of-a-Heavily-Calcified-Renal-Artery-Ostial-Stenosis-Using-Shockwave-Lithotripsy.html HTTP/2" 200 4698 "-" "Mozilla/5.0 AppleWebKit/537.36 (KHTML, like Gecko; compatible; bingbot/2.0; +http://www.bing.com/bingbot.htm) Chrome/116.0.1938.76 Safari/537.36"
152.58.176.83 - - [24/Apr/2026:15:27:48 +0000] "GET /issues.html HTTP/3" 200 5126 "https://www.literaturepublishers.org/" "Mozilla/5.0 (Windows NT 10.0; Win64; x64) AppleWebKit/537.36 (KHTML, like Gecko) Chrome/147.0.0.0 Safari/537.36"
152.58.176.83 - - [24/Apr/2026:15:27:48 +0000] "GET /assets/js/icons/css/fontello.css HTTP/3" 200 3674 "https://www.literaturepublishers.org/issues.html" "Mozilla/5.0 (Windows NT 10.0; Win64; x64) AppleWebKit/537.36 (KHTML, like Gecko) Chrome/147.0.0.0 Safari/537.36"
152.58.176.83 - - [24/Apr/2026:15:27:48 +0000] "GET /assets/js/froogaloop2.min.js HTTP/3" 200 3662 "https://www.literaturepublishers.org/issues.html" "Mozilla/5.0 (Windows NT 10.0; Win64; x64) AppleWebKit/537.36 (KHTML, like Gecko) Chrome/147.0.0.0 Safari/537.36"
152.58.176.83 - - [24/Apr/2026:15:27:57 +0000] "GET /archives.html HTTP/3" 200 28358 "https://www.literaturepublishers.org/issues.html" "Mozilla/5.0 (Windows NT 10.0; Win64; x64) AppleWebKit/537.36 (KHTML, like Gecko) Chrome/147.0.0.0 Safari/537.36"
152.58.176.83 - - [24/Apr/2026:15:27:57 +0000] "GET /assets/js/froogaloop2.min.js HTTP/3" 200 3662 "https://www.literaturepublishers.org/archives.html" "Mozilla/5.0 (Windows NT 10.0; Win64; x64) AppleWebKit/537.36 (KHTML, like Gecko) Chrome/147.0.0.0 Safari/537.36"
152.58.176.83 - - [24/Apr/2026:15:27:57 +0000] "GET /assets/js/icons/css/fontello.css HTTP/3" 200 3674 "https://www.literaturepublishers.org/archives.html" "Mozilla/5.0 (Windows NT 10.0; Win64; x64) AppleWebKit/537.36 (KHTML, like Gecko) Chrome/147.0.0.0 Safari/537.36"
152.58.176.83 - - [24/Apr/2026:15:28:17 +0000] "GET /aim.html HTTP/3" 200 5553 "https://www.literaturepublishers.org/archives.html" "Mozilla/5.0 (Windows NT 10.0; Win64; x64) AppleWebKit/537.36 (KHTML, like Gecko) Chrome/147.0.0.0 Safari/537.36"
152.58.176.83 - - [24/Apr/2026:15:28:18 +0000] "GET /assets/js/icons/css/fontello.css HTTP/3" 200 3674 "https://www.literaturepublishers.org/aim.html" "Mozilla/5.0 (Windows NT 10.0; Win64; x64) AppleWebKit/537.36 (KHTML, like Gecko) Chrome/147.0.0.0 Safari/537.36"
152.58.176.83 - - [24/Apr/2026:15:28:18 +0000] "GET /assets/js/froogaloop2.min.js HTTP/3" 200 3662 "https://www.literaturepublishers.org/aim.html" "Mozilla/5.0 (Windows NT 10.0; Win64; x64) AppleWebKit/537.36 (KHTML, like Gecko) Chrome/147.0.0.0 Safari/537.36"
67.213.226.67 - - [24/Apr/2026:15:28:14 +0000] "GET /assets/images/articles/pNf0Sb_ziYD97_60HZa5_3mc6LU_399176.pdf HTTP/2" 200 374470 "https://www.google.com/" "Mozilla/5.0 (Linux; Android 10; K) AppleWebKit/537.36 (KHTML, like Gecko) Chrome/147.0.0.0 Mobile Safari/537.36"
152.58.176.83 - - [24/Apr/2026:15:28:22 +0000] "GET /archives.html HTTP/3" 200 28358 "https://www.literaturepublishers.org/issues.html" "Mozilla/5.0 (Windows NT 10.0; Win64; x64) AppleWebKit/537.36 (KHTML, like Gecko) Chrome/147.0.0.0 Safari/537.36"
152.58.176.83 - - [24/Apr/2026:15:28:22 +0000] "GET /assets/js/froogaloop2.min.js HTTP/3" 200 3661 "https://www.literaturepublishers.org/archives.html" "Mozilla/5.0 (Windows NT 10.0; Win64; x64) AppleWebKit/537.36 (KHTML, like Gecko) Chrome/147.0.0.0 Safari/537.36"
152.58.176.83 - - [24/Apr/2026:15:28:22 +0000] "GET /assets/js/icons/css/fontello.css HTTP/3" 200 3674 "https://www.literaturepublishers.org/archives.html" "Mozilla/5.0 (Windows NT 10.0; Win64; x64) AppleWebKit/537.36 (KHTML, like Gecko) Chrome/147.0.0.0 Safari/537.36"
152.58.176.83 - - [24/Apr/2026:15:28:24 +0000] "GET /issues.html HTTP/3" 200 5126 "https://www.literaturepublishers.org/" "Mozilla/5.0 (Windows NT 10.0; Win64; x64) AppleWebKit/537.36 (KHTML, like Gecko) Chrome/147.0.0.0 Safari/537.36"
152.58.176.83 - - [24/Apr/2026:15:28:24 +0000] "GET /assets/js/froogaloop2.min.js HTTP/3" 200 3662 "https://www.literaturepublishers.org/issues.html" "Mozilla/5.0 (Windows NT 10.0; Win64; x64) AppleWebKit/537.36 (KHTML, like Gecko) Chrome/147.0.0.0 Safari/537.36"
152.58.176.83 - - [24/Apr/2026:15:28:24 +0000] "GET /assets/js/icons/css/fontello.css HTTP/3" 200 3674 "https://www.literaturepublishers.org/issues.html" "Mozilla/5.0 (Windows NT 10.0; Win64; x64) AppleWebKit/537.36 (KHTML, like Gecko) Chrome/147.0.0.0 Safari/537.36"
152.58.176.83 - - [24/Apr/2026:15:28:25 +0000] "GET / HTTP/3" 200 14104 "https://www.literaturepublishers.org/event/Pathology-Case-Reports-Journal.html" "Mozilla/5.0 (Windows NT 10.0; Win64; x64) AppleWebKit/537.36 (KHTML, like Gecko) Chrome/147.0.0.0 Safari/537.36"
152.58.176.83 - - [24/Apr/2026:15:28:25 +0000] "GET /assets/js/froogaloop2.min.js HTTP/3" 200 3662 "https://www.literaturepublishers.org/" "Mozilla/5.0 (Windows NT 10.0; Win64; x64) AppleWebKit/537.36 (KHTML, like Gecko) Chrome/147.0.0.0 Safari/537.36"
152.58.176.83 - - [24/Apr/2026:15:28:25 +0000] "GET /assets/js/icons/css/fontello.css HTTP/3" 200 3674 "https://www.literaturepublishers.org/" "Mozilla/5.0 (Windows NT 10.0; Win64; x64) AppleWebKit/537.36 (KHTML, like Gecko) Chrome/147.0.0.0 Safari/537.36"
152.58.176.83 - - [24/Apr/2026:15:28:27 +0000] "GET /event/Pathology-Case-Reports-Journal.html HTTP/3" 200 5676 "https://www.google.com/" "Mozilla/5.0 (Windows NT 10.0; Win64; x64) AppleWebKit/537.36 (KHTML, like Gecko) Chrome/147.0.0.0 Safari/537.36"
152.58.176.83 - - [24/Apr/2026:15:28:27 +0000] "GET /assets/js/froogaloop2.min.js HTTP/3" 200 3662 "https://www.literaturepublishers.org/event/Pathology-Case-Reports-Journal.html" "Mozilla/5.0 (Windows NT 10.0; Win64; x64) AppleWebKit/537.36 (KHTML, like Gecko) Chrome/147.0.0.0 Safari/537.36"
152.58.176.83 - - [24/Apr/2026:15:28:27 +0000] "GET /assets/js/icons/css/fontello.css HTTP/3" 200 3674 "https://www.literaturepublishers.org/event/Pathology-Case-Reports-Journal.html" "Mozilla/5.0 (Windows NT 10.0; Win64; x64) AppleWebKit/537.36 (KHTML, like Gecko) Chrome/147.0.0.0 Safari/537.36"
216.73.216.238 - - [24/Apr/2026:15:28:45 +0000] "GET /robots.txt HTTP/2" 200 92 "-" "Mozilla/5.0 AppleWebKit/537.36 (KHTML, like Gecko; compatible; ClaudeBot/1.0; +claudebot@anthropic.com)"
216.73.216.238 - - [24/Apr/2026:15:28:45 +0000] "GET /journal/Case-Reports-in-Psychiatry-and-Psychotherapy-Journal.html HTTP/2" 200 4369 "-" "Mozilla/5.0 AppleWebKit/537.36 (KHTML, like Gecko; compatible; ClaudeBot/1.0; +claudebot@anthropic.com)"
152.58.176.83 - - [24/Apr/2026:15:28:47 +0000] "GET /event/Pathology-Case-Reports-Journal.html HTTP/3" 200 5676 "https://www.google.com/" "Mozilla/5.0 (Windows NT 10.0; Win64; x64) AppleWebKit/537.36 (KHTML, like Gecko) Chrome/147.0.0.0 Safari/537.36"
152.58.176.83 - - [24/Apr/2026:15:28:47 +0000] "GET /assets/js/froogaloop2.min.js HTTP/3" 200 3662 "https://www.literaturepublishers.org/event/Pathology-Case-Reports-Journal.html" "Mozilla/5.0 (Windows NT 10.0; Win64; x64) AppleWebKit/537.36 (KHTML, like Gecko) Chrome/147.0.0.0 Safari/537.36"
152.58.176.83 - - [24/Apr/2026:15:28:47 +0000] "GET /assets/js/icons/css/fontello.css HTTP/3" 200 3674 "https://www.literaturepublishers.org/event/Pathology-Case-Reports-Journal.html" "Mozilla/5.0 (Windows NT 10.0; Win64; x64) AppleWebKit/537.36 (KHTML, like Gecko) Chrome/147.0.0.0 Safari/537.36"
152.58.176.83 - - [24/Apr/2026:15:28:50 +0000] "GET /submit.html HTTP/3" 200 5775 "https://www.literaturepublishers.org/event/Pathology-Case-Reports-Journal.html" "Mozilla/5.0 (Windows NT 10.0; Win64; x64) AppleWebKit/537.36 (KHTML, like Gecko) Chrome/147.0.0.0 Safari/537.36"
152.58.176.83 - - [24/Apr/2026:15:28:50 +0000] "GET /assets/images/page-images/31d76b4690fa9bd86c469b2ce32ffd37.png HTTP/3" 200 30202 "https://www.literaturepublishers.org/submit.html" "Mozilla/5.0 (Windows NT 10.0; Win64; x64) AppleWebKit/537.36 (KHTML, like Gecko) Chrome/147.0.0.0 Safari/537.36"
152.58.176.83 - - [24/Apr/2026:15:28:51 +0000] "GET /assets/js/icons/css/fontello.css HTTP/3" 200 3674 "https://www.literaturepublishers.org/submit.html" "Mozilla/5.0 (Windows NT 10.0; Win64; x64) AppleWebKit/537.36 (KHTML, like Gecko) Chrome/147.0.0.0 Safari/537.36"
152.58.176.83 - - [24/Apr/2026:15:28:51 +0000] "GET /assets/js/froogaloop2.min.js HTTP/3" 200 3661 "https://www.literaturepublishers.org/submit.html" "Mozilla/5.0 (Windows NT 10.0; Win64; x64) AppleWebKit/537.36 (KHTML, like Gecko) Chrome/147.0.0.0 Safari/537.36"
152.58.176.83 - - [24/Apr/2026:15:29:04 +0000] "GET /event/Pathology-Case-Reports-Journal.html HTTP/3" 200 5676 "https://www.google.com/" "Mozilla/5.0 (Windows NT 10.0; Win64; x64) AppleWebKit/537.36 (KHTML, like Gecko) Chrome/147.0.0.0 Safari/537.36"
152.58.176.83 - - [24/Apr/2026:15:29:05 +0000] "GET /assets/js/icons/css/fontello.css HTTP/3" 200 3674 "https://www.literaturepublishers.org/event/Pathology-Case-Reports-Journal.html" "Mozilla/5.0 (Windows NT 10.0; Win64; x64) AppleWebKit/537.36 (KHTML, like Gecko) Chrome/147.0.0.0 Safari/537.36"
152.58.176.83 - - [24/Apr/2026:15:29:05 +0000] "GET /assets/js/froogaloop2.min.js HTTP/3" 200 3662 "https://www.literaturepublishers.org/event/Pathology-Case-Reports-Journal.html" "Mozilla/5.0 (Windows NT 10.0; Win64; x64) AppleWebKit/537.36 (KHTML, like Gecko) Chrome/147.0.0.0 Safari/537.36"
152.58.176.83 - - [24/Apr/2026:15:29:07 +0000] "GET /issues.html HTTP/3" 200 5126 "https://www.literaturepublishers.org/event/Pathology-Case-Reports-Journal.html" "Mozilla/5.0 (Windows NT 10.0; Win64; x64) AppleWebKit/537.36 (KHTML, like Gecko) Chrome/147.0.0.0 Safari/537.36"
152.58.176.83 - - [24/Apr/2026:15:29:07 +0000] "GET /assets/js/froogaloop2.min.js HTTP/3" 200 3662 "https://www.literaturepublishers.org/issues.html" "Mozilla/5.0 (Windows NT 10.0; Win64; x64) AppleWebKit/537.36 (KHTML, like Gecko) Chrome/147.0.0.0 Safari/537.36"
152.58.176.83 - - [24/Apr/2026:15:29:07 +0000] "GET /assets/js/icons/css/fontello.css HTTP/3" 200 3674 "https://www.literaturepublishers.org/issues.html" "Mozilla/5.0 (Windows NT 10.0; Win64; x64) AppleWebKit/537.36 (KHTML, like Gecko) Chrome/147.0.0.0 Safari/537.36"
152.58.176.83 - - [24/Apr/2026:15:29:13 +0000] "GET /issues.html HTTP/3" 200 5126 "https://www.literaturepublishers.org/issues.html" "Mozilla/5.0 (Windows NT 10.0; Win64; x64) AppleWebKit/537.36 (KHTML, like Gecko) Chrome/147.0.0.0 Safari/537.36"
152.58.176.83 - - [24/Apr/2026:15:29:13 +0000] "GET /assets/js/froogaloop2.min.js HTTP/3" 200 3662 "https://www.literaturepublishers.org/issues.html" "Mozilla/5.0 (Windows NT 10.0; Win64; x64) AppleWebKit/537.36 (KHTML, like Gecko) Chrome/147.0.0.0 Safari/537.36"
152.58.176.83 - - [24/Apr/2026:15:29:13 +0000] "GET /assets/js/icons/css/fontello.css HTTP/3" 200 3674 "https://www.literaturepublishers.org/issues.html" "Mozilla/5.0 (Windows NT 10.0; Win64; x64) AppleWebKit/537.36 (KHTML, like Gecko) Chrome/147.0.0.0 Safari/537.36"
193.192.113.98 - - [24/Apr/2026:15:29:22 +0000] "GET /assets/images/articles/aiJQpl_5Ctk1p_G2qiKb_48w4f6_645924.png HTTP/2" 200 28642 "https://www.google.com/" "Mozilla/5.0 (Windows NT 10.0; Win64; x64) AppleWebKit/537.36 (KHTML, like Gecko) Chrome/147.0.0.0 Safari/537.36"
152.58.176.83 - - [24/Apr/2026:15:29:35 +0000] "GET / HTTP/3" 200 14104 "https://www.literaturepublishers.org/issues.html" "Mozilla/5.0 (Windows NT 10.0; Win64; x64) AppleWebKit/537.36 (KHTML, like Gecko) Chrome/147.0.0.0 Safari/537.36"
152.58.176.83 - - [24/Apr/2026:15:29:36 +0000] "GET /assets/js/froogaloop2.min.js HTTP/3" 200 3662 "https://www.literaturepublishers.org/" "Mozilla/5.0 (Windows NT 10.0; Win64; x64) AppleWebKit/537.36 (KHTML, like Gecko) Chrome/147.0.0.0 Safari/537.36"
152.58.176.83 - - [24/Apr/2026:15:29:36 +0000] "GET /assets/js/icons/css/fontello.css HTTP/3" 200 3674 "https://www.literaturepublishers.org/" "Mozilla/5.0 (Windows NT 10.0; Win64; x64) AppleWebKit/537.36 (KHTML, like Gecko) Chrome/147.0.0.0 Safari/537.36"
216.73.216.238 - - [24/Apr/2026:15:29:37 +0000] "GET /journal/Case-Reports-in-Genetics-and-Molecular-Biology-Journal.html HTTP/2" 200 5846 "-" "Mozilla/5.0 AppleWebKit/537.36 (KHTML, like Gecko; compatible; ClaudeBot/1.0; +claudebot@anthropic.com)"
47.82.6.83 - - [24/Apr/2026:15:30:25 +0000] "GET /assets/images/our-team/vgeifF_n9Ne2W_O6h8X4_3GTRx6_557707.pdf HTTP/1.1" 200 260348 "-" "Mozilla/5.0 (Linux; Android 10; K) AppleWebKit/537.36 (KHTML, like Gecko) Chrome/122.0.0.0 Mobile Safari/537.36"
146.75.234.49 - - [24/Apr/2026:15:30:29 +0000] "GET /assets/images/articles/1x08l5_AUqwIS_ML4B58_52gU3w_646361.png HTTP/2" 200 40659 "https://www.google.com/" "Mozilla/5.0 (iPhone; CPU iPhone OS 18_7 like Mac OS X) AppleWebKit/605.1.15 (KHTML, like Gecko) Version/26.3 Mobile/15E148 Safari/604.1"
193.186.4.143 - - [24/Apr/2026:15:30:38 +0000] "GET /instruction.html HTTP/2" 200 8086 "https://www.google.com/" "Mozilla/5.0 (Windows NT 10.0; Win64; x64) AppleWebKit/537.36 (KHTML, like Gecko) Chrome/147.0.0.0 Safari/537.36"
38.224.149.60 - - [24/Apr/2026:15:30:51 +0000] "GET /sitemap.html HTTP/1.1" 200 27795 "-" "Mozilla/5.0 (iPod; U; CPU iPhone OS 3_2 like Mac OS X; dz-BT) AppleWebKit/535.20.2 (KHTML, like Gecko) Version/4.0.5 Mobile/8B114 Safari/6535.20.2"
23.98.142.187 - - [24/Apr/2026:15:31:12 +0000] "GET /assets/admin/plugins/bower_components/lobipanel/ HTTP/2" 200 3548 "-" "Mozilla/5.0 AppleWebKit/537.36 (KHTML, like Gecko); compatible; ChatGPT-User/1.0; +https://openai.com/bot"
23.98.142.187 - - [24/Apr/2026:15:31:16 +0000] "GET /assets/admin/plugins/bower_components/lobipanel/ HTTP/2" 200 3548 "-" "Mozilla/5.0 AppleWebKit/537.36 (KHTML, like Gecko); compatible; ChatGPT-User/1.0; +https://openai.com/bot"
216.73.216.238 - - [24/Apr/2026:15:31:48 +0000] "GET /useful-link/indexed-journals-for-case-reports.html HTTP/2" 200 4063 "-" "Mozilla/5.0 AppleWebKit/537.36 (KHTML, like Gecko; compatible; ClaudeBot/1.0; +claudebot@anthropic.com)"
216.73.216.238 - - [24/Apr/2026:15:31:48 +0000] "GET /event/Nursing-Case-Reports-Journal.html HTTP/2" 200 4913 "-" "Mozilla/5.0 AppleWebKit/537.36 (KHTML, like Gecko; compatible; ClaudeBot/1.0; +claudebot@anthropic.com)"
216.73.216.238 - - [24/Apr/2026:15:31:48 +0000] "GET /event/Genetics-Case-Reports-Journal.html HTTP/2" 200 5462 "-" "Mozilla/5.0 AppleWebKit/537.36 (KHTML, like Gecko; compatible; ClaudeBot/1.0; +claudebot@anthropic.com)"
54.236.1.53 - - [24/Apr/2026:15:31:52 +0000] "GET /event/Journal-of-Diabetes-Case-Reports:-Obesity-Journal.html HTTP/1.1" 200 4945 "-" "Mozilla/5.0 (compatible; Pinterestbot/1.0; +http://www.pinterest.com/bot.html)"
66.249.73.200 - - [24/Apr/2026:15:32:25 +0000] "GET /assets/images/articles/rQjs9J_gxFb5P_Y24tIX_R0Z3w8_502316.pdf HTTP/1.1" 200 146886 "-" "Googlebot/2.1 (+http://www.google.com/bot.html)"
194.187.171.140 - - [24/Apr/2026:15:32:32 +0000] "GET /event/Physical-Therapy-and-Rehabilitation-Case-Reports-Journal.html HTTP/2" 200 6480 "-" "Mozilla/5.0 (compatible; Qwantbot/1.0_5200135; +https://help.qwant.com/bot/)"
216.73.216.238 - - [24/Apr/2026:15:32:56 +0000] "GET /event/Immunology-and-Microbiology-Case-Reports.html HTTP/2" 200 6727 "-" "Mozilla/5.0 AppleWebKit/537.36 (KHTML, like Gecko; compatible; ClaudeBot/1.0; +claudebot@anthropic.com)"
66.249.73.202 - - [24/Apr/2026:15:33:08 +0000] "GET /assets/images/articles/0MNt26_6AHkXE_721P5a_l20hY5_465186.pdf HTTP/1.1" 200 138388 "-" "Googlebot/2.1 (+http://www.google.com/bot.html)"
216.73.216.238 - - [24/Apr/2026:15:33:11 +0000] "GET /journal/Journal-of-Cardiology-Case-Reports:-Heart-Journal.html HTTP/2" 200 8109 "-" "Mozilla/5.0 AppleWebKit/537.36 (KHTML, like Gecko; compatible; ClaudeBot/1.0; +claudebot@anthropic.com)"
66.249.73.201 - - [24/Apr/2026:15:33:51 +0000] "GET /assets/images/articles/g1tc4L_5qs2G0_c69LT1_4qIhHd_611068.pdf HTTP/1.1" 200 162068 "-" "Googlebot/2.1 (+http://www.google.com/bot.html)"
177.60.107.126 - - [24/Apr/2026:15:36:48 +0000] "GET /archive/Referred-Shoulder-Pain-from-Gastrointestinal-Disease:-Musculoskeletal-Primary-Care-Perspective.html HTTP/2" 200 4896 "-" "Mozilla/5.0 (Linux; Android 5.0; SM-G900P Build/LRX21T) AppleWebKit/537.36 (KHTML, like Gecko) Chrome/51.0.6947.1200 Mobile Safari/537.36"
204.152.209.34 - - [24/Apr/2026:15:36:52 +0000] "GET /assets/images/articles/s6WUl4_o46O5s_5esRPp_5564f3_396973.jpg HTTP/2" 206 500 "https://www.literaturepublishers.org/archive/Referred-Shoulder-Pain-from-Gastrointestinal-Disease:-Musculoskeletal-Primary-Care-Perspective.html" "Mozilla/5.0 (Linux; Android 5.0; SM-G900P Build/LRX21T) AppleWebKit/537.36 (KHTML, like Gecko) Chrome/51.0.6947.1200 Mobile Safari/537.36"
204.152.209.34 - - [24/Apr/2026:15:36:55 +0000] "GET /assets/js/icons/css/fontello.css HTTP/2" 200 3674 "https://www.literaturepublishers.org/archive/Referred-Shoulder-Pain-from-Gastrointestinal-Disease:-Musculoskeletal-Primary-Care-Perspective.html" "Mozilla/5.0 (Linux; Android 5.0; SM-G900P Build/LRX21T) AppleWebKit/537.36 (KHTML, like Gecko) Chrome/51.0.6947.1200 Mobile Safari/537.36"
23.98.142.185 - - [24/Apr/2026:15:37:09 +0000] "GET /instruction.html HTTP/2" 200 8086 "-" "Mozilla/5.0 AppleWebKit/537.36 (KHTML, like Gecko); compatible; ChatGPT-User/1.0; +https://openai.com/bot"
23.98.142.180 - - [24/Apr/2026:15:37:23 +0000] "GET /assets/images/journals/rkv91q_4RDIQx_wM4xJT_cD6Zu0_066649.pdf HTTP/2" 200 86093 "-" "Mozilla/5.0 AppleWebKit/537.36 (KHTML, like Gecko); compatible; ChatGPT-User/1.0; +https://openai.com/bot"
216.73.216.238 - - [24/Apr/2026:15:37:29 +0000] "GET /event/Pulmonology-Case-Reports-Journal.html HTTP/2" 200 4565 "-" "Mozilla/5.0 AppleWebKit/537.36 (KHTML, like Gecko; compatible; ClaudeBot/1.0; +claudebot@anthropic.com)"
66.249.73.201 - - [24/Apr/2026:15:37:37 +0000] "GET /assets/images/articles/81edmI_V0LxmD_U846VA_irBk9s_401017.pdf HTTP/1.1" 200 254287 "-" "Googlebot/2.1 (+http://www.google.com/bot.html)"
216.73.216.238 - - [24/Apr/2026:15:37:41 +0000] "GET /journal/Case-Reports-in-Microbiology-and-Bacteriology-Journal.html HTTP/2" 200 4742 "-" "Mozilla/5.0 AppleWebKit/537.36 (KHTML, like Gecko; compatible; ClaudeBot/1.0; +claudebot@anthropic.com)"
216.73.216.238 - - [24/Apr/2026:15:37:41 +0000] "GET /useful-link/internal-medicine-journal-images-and-case-reports.html HTTP/2" 200 4304 "-" "Mozilla/5.0 AppleWebKit/537.36 (KHTML, like Gecko; compatible; ClaudeBot/1.0; +claudebot@anthropic.com)"
66.249.73.201 - - [24/Apr/2026:15:38:17 +0000] "GET /assets/images/articles/kIPxEe_xNLs90_i7XGnt_7TQ46C_231247.pdf HTTP/1.1" 200 235360 "-" "Googlebot/2.1 (+http://www.google.com/bot.html)"
174.250.11.77 - - [24/Apr/2026:15:38:34 +0000] "GET /assets/images/articles/r2D9d5_yaNO9S_lgFdz2_P6Otvb_964467.png HTTP/2" 200 33860 "https://www.google.com/" "Mozilla/5.0 (iPhone; CPU iPhone OS 18_7 like Mac OS X) AppleWebKit/605.1.15 (KHTML, like Gecko) Version/26.3 Mobile/15E148 Safari/604.1"
66.249.73.200 - - [24/Apr/2026:15:39:35 +0000] "GET /assets/images/articles/FQ6U4Z_94cBWm_40Y252_U3Vsa9_676183.pdf HTTP/1.1" 200 165995 "-" "Googlebot/2.1 (+http://www.google.com/bot.html)"
172.213.21.125 - - [24/Apr/2026:15:39:42 +0000] "GET /event/Infectious-Diseases-Case-Reports-Journal.html HTTP/2" 200 7769 "-" "Mozilla/5.0 AppleWebKit/537.36 (KHTML, like Gecko); compatible; ChatGPT-User/1.0; +https://openai.com/bot"
198.244.242.223 - - [24/Apr/2026:15:39:46 +0000] "GET /event/Medical-Case-Reports-Journal.html HTTP/2" 200 4297 "-" "Mozilla/5.0 (compatible; AhrefsBot/7.0; +http://ahrefs.com/robot/)"
157.55.39.13 - - [24/Apr/2026:15:40:08 +0000] "GET /aim.html HTTP/2" 200 5553 "-" "Mozilla/5.0 AppleWebKit/537.36 (KHTML, like Gecko; compatible; bingbot/2.0; +http://www.bing.com/bingbot.htm) Chrome/116.0.1938.76 Safari/537.36"
66.249.73.200 - - [24/Apr/2026:15:40:45 +0000] "GET /assets/images/articles/5f96sX_ueVij3_ejl83t_4Oa77h_165613.pdf HTTP/1.1" 200 182632 "-" "Googlebot/2.1 (+http://www.google.com/bot.html)"
52.230.164.186 - - [24/Apr/2026:15:43:08 +0000] "GET /useful-link/where-to-publish-hematology-case-reports-submission.html HTTP/2" 200 4130 "-" "Mozilla/5.0 AppleWebKit/537.36 (KHTML, like Gecko); compatible; ChatGPT-User/1.0; +https://openai.com/bot"
52.38.24.56 - - [24/Apr/2026:15:44:48 +0000] "GET /journal/Journal-of-Neurology-and-Neurological-Case-Reports.html HTTP/1.1" 200 7668 "-" "node"
107.172.182.93 - - [24/Apr/2026:15:44:53 +0000] "GET /assets/images/events/u3L3EB_45l2EX_33b2Lf_C3PzEI_906525.png HTTP/1.1" 200 16466 "-" "Mozilla/5.0 (compatible; crawler)"
